000
CXUS52 KRAH 280600
CLMGSO


CLIMATE REPORT
NATIONAL WEATHER SERVICE RALEIGH NC
200 AM EDT MON JUL 28 2014

...................................

...THE PIEDMONT TRIAD INTL AIRPORT CLIMATE SUMMARY FOR THE MONTH OF JUNE 2014...

CLIMATE NORMAL PERIOD 1981 TO 2010
CLIMATE RECORD PERIOD 1903 TO 2014

WEATHER         OBSERVED          NORMAL  DEPART  LAST YEAR`S
                 VALUE   DATE(S)  VALUE   FROM    VALUE
                                          NORMAL
.............................................................
TEMPERATURE (F)
RECORD
 HIGH             102   06/29/2012
                        06/27/1954
                        54/01/2206
 LOW               42   06/08/1977
                        06/12/1972
                        06/11/1972
HIGHEST            94   06/19                         92
LOWEST             55   06/02                         59
AVG. MAXIMUM     86.7              84.8     1.9     83.4
AVG. MINIMUM     66.6              65.3     1.3     66.0
MEAN             76.7              75.1     1.6     74.7
DAYS MAX >= 90      7                                  2
DAYS MAX <= 32      0                                  0
DAYS MIN <= 32      0                                  0
DAYS MIN <= 0       0                                  0

PRECIPITATION (INCHES)
RECORD
 MAXIMUM        10.50   2006
TOTALS           3.00              3.73   -0.73     8.37
DAYS >= .01        11
DAYS >= .10         7
DAYS >= .50         1
DAYS >= 1.00        1
GREATEST
 24 HR. TOTAL    1.62   06/10 TO 06/11

DEGREE_DAYS
HEATING TOTAL       0                 6      -6        0
 SINCE 7/1       3818              3618     200     3637
COOLING TOTAL     357               307      50      299
 SINCE 1/1        554               466      88      449
..............................................................

WIND (MPH)
AVERAGE WIND SPEED              6.0
HIGHEST WIND SPEED/DIRECTION    40/240    DATE  06/10
HIGHEST GUST SPEED/DIRECTION    49/250    DATE  06/10

SKY COVER
POSSIBLE SUNSHINE (PERCENT)   MM
AVERAGE SKY COVER           0.60
NUMBER OF DAYS FAIR            2
NUMBER OF DAYS PC             24
NUMBER OF DAYS CLOUDY          4

AVERAGE RH (PERCENT)     68

WEATHER CONDITIONS. NUMBER OF DAYS WITH
THUNDERSTORM              0     MIXED PRECIP               0
HEAVY RAIN                4     RAIN                       5
LIGHT RAIN               12     FREEZING RAIN              0
LT FREEZING RAIN          0     HAIL                       0
HEAVY SNOW                0     SNOW                       0
LIGHT SNOW                0     SLEET                      0
FOG                      14     FOG W/VIS <= 1/4 MILE      0
HAZE                      5

-  INDICATES NEGATIVE NUMBERS.
R  INDICATES RECORD WAS SET OR TIED.
MM INDICATES DATA IS MISSING.
T  INDICATES TRACE AMOUNT.

$$
