000
CXUS52 KRAH 011418
CLMGSO


CLIMATE REPORT
NATIONAL WEATHER SERVICE RALEIGH NC
1013 AM EDT THU OCT 1 2015

...................................

...THE PIEDMONT TRIAD INTL AIRPORT CLIMATE SUMMARY FOR THE MONTH OF SEPTEMBER 2015...

CLIMATE NORMAL PERIOD 1981 TO 2010
CLIMATE RECORD PERIOD 1903 TO 2015

WEATHER         OBSERVED          NORMAL  DEPART  LAST YEAR`S
                 VALUE   DATE(S)  VALUE   FROM    VALUE
                                          NORMAL
.............................................................
TEMPERATURE (F)
RECORD
 HIGH             100   09/06/1954
 LOW               35   09/29/1942
HIGHEST            93   09/02                         95
LOWEST             50   09/14                         54
AVG. MAXIMUM     81.4              79.7     1.7     78.8
AVG. MINIMUM     63.1              60.6     2.5     62.8
MEAN             72.3              70.2     2.1     70.8
DAYS MAX >= 90      4                                  4
DAYS MAX <= 32      0                                  0
DAYS MIN <= 32      0                                  0
DAYS MIN <= 0       0                                  0

PRECIPITATION (INCHES)
RECORD
 MAXIMUM        13.26   1947
TOTALS           5.60              4.19    1.41     2.93
DAYS >= .01        11
DAYS >= .10         7
DAYS >= .50         4
DAYS >= 1.00        1
GREATEST
 24 HR. TOTAL    2.25   09/24 TO 09/25

DEGREE_DAYS
HEATING TOTAL       7                30     -23       17
 SINCE 7/1          7                31     -24       17
COOLING TOTAL     232               185      47      199
 SINCE 1/1       1746              1447     299     1452
..............................................................

WIND (MPH)
AVERAGE WIND SPEED              6.2
HIGHEST WIND SPEED/DIRECTION    25/060    DATE  09/26
HIGHEST GUST SPEED/DIRECTION    31/050    DATE  09/30

SKY COVER
POSSIBLE SUNSHINE (PERCENT)    0
AVERAGE SKY COVER           0.70
NUMBER OF DAYS FAIR            5
NUMBER OF DAYS PC             12
NUMBER OF DAYS CLOUDY         13

AVERAGE RH (PERCENT)     70

WEATHER CONDITIONS. NUMBER OF DAYS WITH
THUNDERSTORM              2     MIXED PRECIP               0
HEAVY RAIN                4     RAIN                       5
LIGHT RAIN               15     FREEZING RAIN              0
LT FREEZING RAIN          0     HAIL                       0
HEAVY SNOW                0     SNOW                       0
LIGHT SNOW                0     SLEET                      0
FOG                      17     FOG W/VIS <= 1/4 MILE      0
HAZE                      3

-  INDICATES NEGATIVE NUMBERS.
R  INDICATES RECORD WAS SET OR TIED.
MM INDICATES DATA IS MISSING.
T  INDICATES TRACE AMOUNT.

&&

THE MINIMUM TEMPERATURE AT THE PIEDMONT TRIAD INTERNATIONAL AIRPORT
ON SEPTEMBER 29TH WAS 71 DEGREES. THIS BROKE THE PREVIOUS RECORD
HIGH MINIMUM TEMPERATURE OF 70 DEGREES SET IN 1939.

A RECORD RAINFALL OF 2.11 INCHES OCCURRED AT PIEDMONT TRIAD
INTERNATIONAL AIRPORT ON SEPTEMBER 25TH. THIS BREAKS THE OLD RECORD
OF 1.48 INCHES...SET IN 1989.

$$
