000
CXUS52 KRAH 011719
CLMGSO


CLIMATE REPORT
NATIONAL WEATHER SERVICE RALEIGH NC
1157 AM EST SUN DEC 1 2013

...................................

...THE PIEDMONT TRIAD INTL AIRPORT CLIMATE SUMMARY FOR THE MONTH OF NOVEMBER 2013...

CLIMATE NORMAL PERIOD 1981 TO 2010
CLIMATE RECORD PERIOD 1903 TO 2013

WEATHER         OBSERVED          NORMAL  DEPART  LAST YEAR`S
                 VALUE   DATE(S)  VALUE   FROM    VALUE
                                          NORMAL
.............................................................
TEMPERATURE (F)
RECORD
 HIGH              85   11/02/1974
 LOW               10   11/25/1970
                        11/30/1929
HIGHEST            72   11/18                         72
                        11/10
LOWEST             20   11/28                         21
                        11/25
AVG. MAXIMUM     56.7              60.8    -4.1     57.4
AVG. MINIMUM     35.4              39.6    -4.2     35.1
MEAN             46.1              50.2    -4.1     46.3
DAYS MAX >= 90      0                                  0
DAYS MAX <= 32      0                                  0
DAYS MIN <= 32     14                                  8
DAYS MIN <= 0       0                                  0

PRECIPITATION (INCHES)
RECORD
 MAXIMUM         8.26   1985
TOTALS           3.61              3.11    0.50     0.24
DAYS >= .01        10
DAYS >= .10         5
DAYS >= .50         2
DAYS >= 1.00        1
GREATEST
 24 HR. TOTAL    2.84   11/26 TO 11/27

DEGREE_DAYS
HEATING TOTAL     558               447     111      552
 SINCE 7/1        734               680      54      779
COOLING TOTAL       0                 3      -3        0
 SINCE 1/1       1381              1483    -102     1623
..............................................................

WIND (MPH)
AVERAGE WIND SPEED              6.4
HIGHEST WIND SPEED/DIRECTION    28/310    DATE  11/27
HIGHEST GUST SPEED/DIRECTION    37/240    DATE  11/02

SKY COVER
POSSIBLE SUNSHINE (PERCENT)   MM
AVERAGE SKY COVER           0.50
NUMBER OF DAYS FAIR           10
NUMBER OF DAYS PC             13
NUMBER OF DAYS CLOUDY          7

AVERAGE RH (PERCENT)     59

WEATHER CONDITIONS. NUMBER OF DAYS WITH
THUNDERSTORM              0     MIXED PRECIP               0
HEAVY RAIN                3     RAIN                       3
LIGHT RAIN               12     FREEZING RAIN              0
LT FREEZING RAIN          1     HAIL                       0
HEAVY SNOW                0     SNOW                       2
LIGHT SNOW                2     SLEET                      0
FOG                      13     FOG W/VIS <= 1/4 MILE      2
HAZE                      1

-  INDICATES NEGATIVE NUMBERS.
R  INDICATES RECORD WAS SET OR TIED.
MM INDICATES DATA IS MISSING.
T  INDICATES TRACE AMOUNT.

NO CLIMATE RECORDS WERE TIED OR BROKEN.FOR THE TRIAD INTERNATIONAL AIRPORT FOR THE
MONTH OF NOVEMBER.

$$
