000
CXUS52 KRAH 011337
CLMGSO


CLIMATE REPORT
NATIONAL WEATHER SERVICE RALEIGH NC
933 AM EDT TUE AUG 1 2017

...................................

...THE PIEDMONT TRIAD INTL AIRPORT CLIMATE SUMMARY FOR THE MONTH OF JULY 2017...

CLIMATE NORMAL PERIOD 1981 TO 2010
CLIMATE RECORD PERIOD 1903 TO 2017

WEATHER         OBSERVED          NORMAL  DEPART  LAST YEAR`S
                 VALUE   DATE(S)  VALUE   FROM    VALUE
                                          NORMAL
.............................................................
TEMPERATURE (F)
RECORD
 HIGH             102   07/08/1977
                        07/14/1954
 LOW               48   07/05/1933
HIGHEST            97   07/22                         98
                        07/21
LOWEST             59   07/31                         67
AVG. MAXIMUM     90.0              87.9     2.1     91.5
AVG. MINIMUM     70.0              69.1     0.9     71.5
MEAN             80.0              78.5     1.5     81.5
DAYS MAX >= 90     16                                 23
DAYS MAX <= 32      0                                  0
DAYS MIN <= 32      0                                  0
DAYS MIN <= 0       0                                  0

PRECIPITATION (INCHES)
RECORD
 MAXIMUM        12.72   1984
TOTALS           1.04              4.48   -3.44     5.08
DAYS >= .01         6
DAYS >= .10         2
DAYS >= .50         1
DAYS >= 1.00        0
GREATEST
 24 HR. TOTAL    0.66   07/23 TO 07/23

DEGREE_DAYS
HEATING TOTAL       0                 0       0        0
 SINCE 7/1          0                 0       0        0
COOLING TOTAL     471               419      52      522
 SINCE 1/1        997               885     112     1089
..............................................................

WIND (MPH)
AVERAGE WIND SPEED              6.5
HIGHEST WIND SPEED/DIRECTION    35/310    DATE  07/23
HIGHEST GUST SPEED/DIRECTION    45/310    DATE  07/23

SKY COVER
POSSIBLE SUNSHINE (PERCENT)   MM
AVERAGE SKY COVER           0.60
NUMBER OF DAYS FAIR            2
NUMBER OF DAYS PC             21
NUMBER OF DAYS CLOUDY          8

AVERAGE RH (PERCENT)     74

WEATHER CONDITIONS. NUMBER OF DAYS WITH
THUNDERSTORM             12     MIXED PRECIP               0
HEAVY RAIN                2     RAIN                       2
LIGHT RAIN               12     FREEZING RAIN              0
LT FREEZING RAIN          0     HAIL                       0
HEAVY SNOW                0     SNOW                       0
LIGHT SNOW                0     SLEET                      0
FOG                      10     FOG W/VIS <= 1/4 MILE      1
HAZE                      0

-  INDICATES NEGATIVE NUMBERS.
R  INDICATES RECORD WAS SET OR TIED.
MM INDICATES DATA IS MISSING.
T  INDICATES TRACE AMOUNT.

&&

A RECORD HIGH MINIMUM TEMPERATURE OF 75 DEGREES WAS SET AT PIEDMONT
TRIAD INTL AIRPORT NC ON JULY 13. THIS TIED THE OLD RECORD, LAST SET
IN 1981.

THE TOTAL MONTHLY RAINFALL OF 1.04 INCHES MAKES THIS JULY THE SECOND
DRIEST ON RECORD AT PIEDMONT TRIAD INTL AIRPORT NC. THE RECORD
LOW JULY RAINFALL IS 0.98 INCHES, SET IN 1953.

$$
