000
CXUS52 KRAH 011336
CLMGSO


CLIMATE REPORT
NATIONAL WEATHER SERVICE RALEIGH NC
929 AM EDT SAT JUL 1 2017

...................................

...THE PIEDMONT TRIAD INTL AIRPORT CLIMATE SUMMARY FOR THE MONTH OF JUNE 2017...

CLIMATE NORMAL PERIOD 1981 TO 2010
CLIMATE RECORD PERIOD 1903 TO 2017

WEATHER         OBSERVED          NORMAL  DEPART  LAST YEAR`S
                 VALUE   DATE(S)  VALUE   FROM    VALUE
                                          NORMAL
.............................................................
TEMPERATURE (F)
RECORD
 HIGH             102   06/29/2012
                        06/27/1954
                        54/01/2206
 LOW               42   06/08/1977
                        06/12/1972
                        06/11/1972
HIGHEST            89   06/14                         94
                        06/13
LOWEST             55   06/08                         53
AVG. MAXIMUM     84.0              84.8    -0.8     87.8
AVG. MINIMUM     64.8              65.3    -0.5     66.1
MEAN             74.4              75.1    -0.7     76.9
DAYS MAX >= 90      0                                  9
DAYS MAX <= 32      0                                  0
DAYS MIN <= 32      0                                  0
DAYS MIN <= 0       0                                  0

PRECIPITATION (INCHES)
RECORD
 MAXIMUM        10.50   2006
TOTALS           9.94              3.73    6.21     1.78
DAYS >= .01        10
DAYS >= .10        10
DAYS >= .50         7
DAYS >= 1.00        4
GREATEST
 24 HR. TOTAL    3.12   06/16 TO 06/17

DEGREE_DAYS
HEATING TOTAL       1                 6      -5        0
 SINCE 7/1       2774              3618    -844     2906
COOLING TOTAL     292               307     -15      367
 SINCE 1/1        526               466      60      567
..............................................................

WIND (MPH)
AVERAGE WIND SPEED              7.1
HIGHEST WIND SPEED/DIRECTION    32/330    DATE  06/13
HIGHEST GUST SPEED/DIRECTION    44/320    DATE  06/13

SKY COVER
POSSIBLE SUNSHINE (PERCENT)   MM
AVERAGE SKY COVER           0.70
NUMBER OF DAYS FAIR            3
NUMBER OF DAYS PC             14
NUMBER OF DAYS CLOUDY         13

AVERAGE RH (PERCENT)     73

WEATHER CONDITIONS. NUMBER OF DAYS WITH
THUNDERSTORM              9     MIXED PRECIP               0
HEAVY RAIN                9     RAIN                       6
LIGHT RAIN               13     FREEZING RAIN              0
LT FREEZING RAIN          0     HAIL                       0
HEAVY SNOW                0     SNOW                       0
LIGHT SNOW                0     SLEET                      0
FOG                      13     FOG W/VIS <= 1/4 MILE      0
HAZE                      0

-  INDICATES NEGATIVE NUMBERS.
R  INDICATES RECORD WAS SET OR TIED.
MM INDICATES DATA IS MISSING.
T  INDICATES TRACE AMOUNT.

&&

A RECORD RAINFALL OF 1.33 INCHES WAS SET AT PIEDMONT TRIAD INTL
AIRPORT NC ON JUNE 13. THIS BROKE THE OLD RECORD OF 1.07 INCHES SET
IN 1982.

A RECORD RAINFALL OF 2.16 INCHES WAS SET AT PIEDMONT TRIAD INTL
AIRPORT NC ON JUNE 16. THIS BROKE THE OLD RECORD OF 1.50 INCHES SET
IN 1979.

A RECORD RAINFALL OF 2.54 INCHES WAS SET AT PIEDMONT TRIAD INTL
AIRPORT NC ON JUNE 19. THIS BROKE THE OLD RECORD OF 1.21 INCHES SET
IN 1921.

THE TOTAL MONTHLY RAINFALL OF 9.94 INCHES MAKES THIS JUNE THE THIRD
WETTEST ON RECORD AT PIEDMONT TRIAD INTL AIRPORT NC. THE RECORD JUNE
RAINFALL IS 10.50 INCHES, SET IN 2006.

$$
