000
CXUS52 KRAH 011326
CLMGSO


CLIMATE REPORT
NATIONAL WEATHER SERVICE RALEIGH NC
924 AM EDT SUN JUN 1 2014

...................................

...THE PIEDMONT TRIAD INTL AIRPORT CLIMATE SUMMARY FOR THE MONTH OF MAY 2014...

CLIMATE NORMAL PERIOD 1981 TO 2010
CLIMATE RECORD PERIOD 1903 TO 2014

WEATHER         OBSERVED          NORMAL  DEPART  LAST YEAR`S
                 VALUE   DATE(S)  VALUE   FROM    VALUE
                                          NORMAL
.............................................................
TEMPERATURE (F)
RECORD
 HIGH              98   05/29/1941
 LOW               32   05/08/1989
                        05/02/1963
HIGHEST            90   05/13                         87
LOWEST             43   05/17                         40
AVG. MAXIMUM     80.8              77.5     3.3     74.9
AVG. MINIMUM     58.1              56.1     2.0     55.8
MEAN             69.5              66.8     2.7     65.4
DAYS MAX >= 90      1                                  0
DAYS MAX <= 32      0                                  0
DAYS MIN <= 32      0                                  0
DAYS MIN <= 0       0                                  0

PRECIPITATION (INCHES)
RECORD
 MAXIMUM        10.88   1965
TOTALS           2.61              3.38   -0.77     3.08
DAYS >= .01         8
DAYS >= .10         6
DAYS >= .50         1
DAYS >= 1.00        1
GREATEST
 24 HR. TOTAL    1.60   05/15 TO 05/15

DEGREE_DAYS
HEATING TOTAL      31                66     -35       97
 SINCE 7/1       3818              3612     206     3637
COOLING TOTAL     177               121      56      113
 SINCE 1/1        197               159      38      150
..............................................................

WIND (MPH)
AVERAGE WIND SPEED              7.0
HIGHEST WIND SPEED/DIRECTION    31/260    DATE  05/09
HIGHEST GUST SPEED/DIRECTION    41/260    DATE  05/09

SKY COVER
POSSIBLE SUNSHINE (PERCENT)   MM
AVERAGE SKY COVER           0.50
NUMBER OF DAYS FAIR            6
NUMBER OF DAYS PC             20
NUMBER OF DAYS CLOUDY          5

AVERAGE RH (PERCENT)     63

WEATHER CONDITIONS. NUMBER OF DAYS WITH
THUNDERSTORM              4     MIXED PRECIP               0
HEAVY RAIN                4     RAIN                       5
LIGHT RAIN                8     FREEZING RAIN              0
LT FREEZING RAIN          0     HAIL                       0
HEAVY SNOW                0     SNOW                       0
LIGHT SNOW                0     SLEET                      0
FOG                      13     FOG W/VIS <= 1/4 MILE      0
HAZE                      9

-  INDICATES NEGATIVE NUMBERS.
R  INDICATES RECORD WAS SET OR TIED.
MM INDICATES DATA IS MISSING.
T  INDICATES TRACE AMOUNT.

&&

RECORDS

MAY 14TH: RECORD HIGH MINIMUM TEMPERTURE OF 68....BREAKING THE OLD
RECORD OF 66 SET IN 1991.

$$
