000
CXUS52 KRAH 011143
CLMGSO


CLIMATE REPORT
NATIONAL WEATHER SERVICE RALEIGH NC
742 AM EDT THU SEP 1 2016

...................................

...THE PIEDMONT TRIAD INTL AIRPORT CLIMATE SUMMARY FOR THE MONTH OF AUGUST 2016...

CLIMATE NORMAL PERIOD 1981 TO 2010
CLIMATE RECORD PERIOD 1903 TO 2016

WEATHER         OBSERVED          NORMAL  DEPART  LAST YEAR`S
                 VALUE   DATE(S)  VALUE   FROM    VALUE
                                          NORMAL
.............................................................
TEMPERATURE (F)
RECORD
 HIGH             103   08/18/1988
 LOW               45   08/30/1986
HIGHEST            94   08/27                         96
                        08/26
                        08/17
LOWEST             65   08/22                         62
AVG. MAXIMUM     88.6              86.3     2.3     86.7
AVG. MINIMUM     71.6              68.0     3.6     68.1
MEAN             80.1              77.1     3.0     77.4
DAYS MAX >= 90     16                                  8
DAYS MAX <= 32      0                                  0
DAYS MIN <= 32      0                                  0
DAYS MIN <= 0       0                                  0

PRECIPITATION (INCHES)
RECORD
 MAXIMUM        12.53   1939
TOTALS           4.97              3.88    1.09     6.85
DAYS >= .01        12
DAYS >= .10         9
DAYS >= .50         4
DAYS >= 1.00        2
GREATEST
 24 HR. TOTAL    1.13   08/05 TO 08/05
                        08/04 TO 08/05
                        08/05 TO 08/05

DEGREE_DAYS
HEATING TOTAL       0                 1      -1        0
 SINCE 7/1          0                 1      -1        0
COOLING TOTAL     478               377     101      393
 SINCE 1/1       1567              1262     305     1514
..............................................................

WIND (MPH)
AVERAGE WIND SPEED              5.9
HIGHEST WIND SPEED/DIRECTION    52/240    DATE  08/12
HIGHEST GUST SPEED/DIRECTION    52/240    DATE  08/12

SKY COVER
POSSIBLE SUNSHINE (PERCENT)   MM
AVERAGE SKY COVER           0.60
NUMBER OF DAYS FAIR            4
NUMBER OF DAYS PC             17
NUMBER OF DAYS CLOUDY         10

AVERAGE RH (PERCENT)     74

WEATHER CONDITIONS. NUMBER OF DAYS WITH
THUNDERSTORM              8     MIXED PRECIP               0
HEAVY RAIN                8     RAIN                       8
LIGHT RAIN               15     FREEZING RAIN              0
LT FREEZING RAIN          0     HAIL                       0
HEAVY SNOW                0     SNOW                       0
LIGHT SNOW                0     SLEET                      0
FOG                      14     FOG W/VIS <= 1/4 MILE      2
HAZE                      3

-  INDICATES NEGATIVE NUMBERS.
R  INDICATES RECORD WAS SET OR TIED.
MM INDICATES DATA IS MISSING.
T  INDICATES TRACE AMOUNT.

$$
