000
CXUS52 KRAH 060208 CCB
CLSGSO

CLIMATE REPORT
NATIONAL WEATHER SERVICE RALEIGH NC
845 PM EST SUN MAR 5 2017

...................................

...THE PIEDMONT TRIAD INTL AIRPORT CLIMATE SUMMARY FOR THE SEASON, FROM
12/1/2016 TO 2/28/2017...

CLIMATE NORMAL PERIOD 1981 TO 2010
CLIMATE RECORD PERIOD 1903 TO 2017

WEATHER         OBSERVED          NORMAL  DEPART
                 VALUE   DATE(S)  VALUE   FROM
                                          NORMAL
................................................
TEMPERATURE (F)
RECORD
 HIGH              81   02/12/2017
                        02/26/1977
                        02/25/1930
 LOW               -8   01/21/1985
HIGHEST            81R  02/12        MM      MM
LOWEST              6   01/09        MM      MM
AVG. MAXIMUM     56.0              50.4     5.6
AVG. MINIMUM     35.7              31.2     4.5
MEAN             45.9              40.8     5.1
DAYS MAX >= 90      0               0.0     0.0
DAYS MAX <= 32      4               2.9     1.1
DAYS MIN <= 32     31              50.0   -19.0
DAYS MIN <= 0       0               0.1    -0.1

PRECIPITATION (INCHES)
RECORD
 MAXIMUM        17.84   1915
 MINIMUM         3.81   1986
TOTALS           7.31              9.00   -1.69
DAYS >= .01        28              27.6     0.4
DAYS >= 1.00        1               2.0    -1.0
GREATEST
 24 HR. TOTAL    1.38   01/22 TO 01/23

SNOWFALL (INCHES)
RECORDS
 TOTAL           26.0   1966
TOTALS            8.0               6.6     1.4
DAYS >= TRACE       3               3.5    -0.5
DAYS >= 1.0         2               2.0     0.0
GREATEST
 SNOW DEPTH         6   01/08

DEGREE_DAYS
HEATING TOTAL    1720              2174    -454
 SINCE 7/1       2177              2855    -678
.................................................

WIND (MPH)
AVERAGE WIND SPEED              7.7
HIGHEST WIND SPEED/DIRECTION    36/290    DATE  01/26
HIGHEST GUST SPEED/DIRECTION    45/300    DATE  12/30

SKY COVER
POSSIBLE SUNSHINE (PERCENT)   MM
AVERAGE SKY COVER           0.60
NUMBER OF DAYS FAIR           16
NUMBER OF DAYS PC             36
NUMBER OF DAYS CLOUDY         37

AVERAGE RH (PERCENT)     64

WEATHER CONDITIONS. NUMBER OF DAYS WITH
THUNDERSTORM              2     MIXED PRECIP               0
HEAVY RAIN                6     RAIN                      13
LIGHT RAIN               34     FREEZING RAIN              0
LT FREEZING RAIN          2     HAIL                       0
HEAVY SNOW                0     SNOW                       2
LIGHT SNOW                2     SLEET                      1
FOG                      37     FOG W/VIS <= 1/4 MILE      6
HAZE                      3

-  INDICATES NEGATIVE NUMBERS.
R  INDICATES RECORD WAS SET OR TIED.
MM INDICATES DATA IS MISSING.
T  INDICATES TRACE AMOUNT.

&&

THE MEAN AVERAGE TEMPERATURE OF 45.9 F MADE DJF 2016-2017 TIED FOR THE 2ND WARMEST ON
RECORD.


$$
