000
CXUS52 KRAH 042133
CLSGSO

CLIMATE REPORT
NATIONAL WEATHER SERVICE RALEIGH NC
505 PM EDT THU SEP 4 2014

...................................

...THE PIEDMONT TRIAD INTL AIRPORT CLIMATE SUMMARY FOR THE SEASON, FROM
6/1/2014 TO 8/31/2014...

CLIMATE NORMAL PERIOD 1981 TO 2010
CLIMATE RECORD PERIOD 1903 TO 2014

WEATHER         OBSERVED          NORMAL  DEPART
                 VALUE   DATE(S)  VALUE   FROM
                                          NORMAL
................................................
TEMPERATURE (F)
RECORD
 HIGH             104   06/12/1914
                        07/27/1914
                        06/12/1911
 LOW               42   06/08/1977
                        06/12/1972
                        06/11/1972
HIGHEST            96   07/14
LOWEST             55   06/02
AVG. MAXIMUM     85.5              86.4    -0.9
AVG. MINIMUM     66.8              67.5    -0.7
MEAN             76.2              76.9    -0.7
DAYS MAX >= 90     22              26.0    -4.0
DAYS MAX <= 32      0               0.0     0.0
DAYS MIN <= 32      0               0.0     0.0
DAYS MIN <= 0       0               0.0     0.0

PRECIPITATION (INCHES)
RECORD
 MAXIMUM        24.00   1906
 MINIMUM         3.51   1990
TOTALS           8.39             12.09   -3.70
DAYS >= .01        30              30.4    -0.4
DAYS >= 1.00        3               3.3    -0.3
GREATEST
 24 HR. TOTAL    1.77   07/31 TO 08/01

DEGREE_DAYS
COOLING TOTAL    1056              1103     -47
 SINCE 1/1       1253              1262      -9
.................................................

WIND (MPH)
AVERAGE WIND SPEED              5.8
HIGHEST WIND SPEED/DIRECTION    40/240    DATE  06/10
HIGHEST GUST SPEED/DIRECTION    49/250    DATE  06/10

SKY COVER
POSSIBLE SUNSHINE (PERCENT)   MM
AVERAGE SKY COVER           0.60
NUMBER OF DAYS FAIR            9
NUMBER OF DAYS PC             57
NUMBER OF DAYS CLOUDY         26

AVERAGE RH (PERCENT)     71

WEATHER CONDITIONS. NUMBER OF DAYS WITH
THUNDERSTORM             15     MIXED PRECIP               0
HEAVY RAIN               11     RAIN                      11
LIGHT RAIN               35     FREEZING RAIN              0
LT FREEZING RAIN          0     HAIL                       0
HEAVY SNOW                0     SNOW                       0
LIGHT SNOW                0     SLEET                      0
FOG                      44     FOG W/VIS <= 1/4 MILE      4
HAZE                     14

-  INDICATES NEGATIVE NUMBERS.
R  INDICATES RECORD WAS SET OR TIED.
MM INDICATES DATA IS MISSING.
T  INDICATES TRACE AMOUNT.

$$
