000
CXUS52 KRAH 012356
CLSGSO

CLIMATE REPORT
NATIONAL WEATHER SERVICE RALEIGH NC
638 PM EST SAT MAR 1 2014

...................................

...THE PIEDMONT TRIAD INTL AIRPORT CLIMATE SUMMARY FOR THE SEASON, FROM
12/1/2013 TO 2/28/2014...

CLIMATE NORMAL PERIOD 1981 TO 2010
CLIMATE RECORD PERIOD 1903 TO 2014

WEATHER         OBSERVED          NORMAL  DEPART
                 VALUE   DATE(S)  VALUE   FROM
                                          NORMAL
................................................
TEMPERATURE (F)
RECORD
 HIGH              81   02/26/1977
                        02/25/1930
 LOW               -8   01/21/1985
HIGHEST            76   12/06
LOWEST              5   01/07
AVG. MAXIMUM     50.4              50.4     0.0
AVG. MINIMUM     29.6              31.2    -1.6
MEAN             40.0              40.8    -0.8
DAYS MAX >= 90      0               0.0     0.0
DAYS MAX <= 32      6               2.9     3.1
DAYS MIN <= 32     58              50.0     8.0
DAYS MIN <= 0       0               0.1    -0.1

PRECIPITATION (INCHES)
RECORD
 MAXIMUM        17.84   1915
 MINIMUM         3.81   1986
TOTALS          11.41              9.00    2.41
DAYS >= .01        31              27.6     3.4
DAYS >= 1.00        2               2.0     0.0
GREATEST
 24 HR. TOTAL    1.68   01/10 TO 01/11

SNOWFALL (INCHES)
RECORDS
 TOTAL           26.0   1966
TOTALS           10.6               6.6     4.0
DAYS >= TRACE       7               3.5     3.5
DAYS >= 1.0         3               2.0     1.0


DEGREE_DAYS
HEATING TOTAL    2243              2174      69
 SINCE 7/1       2977              2855     122
.................................................

WIND (MPH)
AVERAGE WIND SPEED              7.0
HIGHEST WIND SPEED/DIRECTION    37/260    DATE  02/21
HIGHEST GUST SPEED/DIRECTION    54/260    DATE  02/21

SKY COVER
POSSIBLE SUNSHINE (PERCENT)   MM
AVERAGE SKY COVER           0.60
NUMBER OF DAYS FAIR           24
NUMBER OF DAYS PC             40
NUMBER OF DAYS CLOUDY         26

AVERAGE RH (PERCENT)     60

WEATHER CONDITIONS. NUMBER OF DAYS WITH
THUNDERSTORM              3     MIXED PRECIP               0
HEAVY RAIN                9     RAIN                      12
LIGHT RAIN               32     FREEZING RAIN              3
LT FREEZING RAIN          3     HAIL                       0
HEAVY SNOW                1     SNOW                       2
LIGHT SNOW                7     SLEET                      2
FOG                      37     FOG W/VIS <= 1/4 MILE     10
HAZE                      9

-  INDICATES NEGATIVE NUMBERS.
R  INDICATES RECORD WAS SET OR TIED.
MM INDICATES DATA IS MISSING.
T  INDICATES TRACE AMOUNT.

$$
