000
CXUS54 KAMA 010810
CF6GUY
PRELIMINARY LOCAL CLIMATOLOGICAL DATA (WS FORM: F-6)
STATION: GUYMON
MONTH: NOVEMBER
YEAR: 2020
LATITUDE: 36 41 N
LONGITUDE: 101 30 W
TEMPERATURE IN F: :PCPN: SNOW: WIND :SUNSHINE: SKY :PK WND
================================================================================
1 2 3 4 5 6A 6B 7 8 9 10 11 12 13 14 15 16 17 18
12Z AVG MX 2MIN
DY MAX MIN AVG DEP HDD CDD WTR SNW DPTH SPD SPD DIR MIN PSBL S-S WX SPD DR
================================================================================
1 69 31 50 -2 15 0 0.00 M M 9.0 26 200 M M 0 31 210
2 78 36 57 6 8 0 0.00 M M 7.5 16 210 M M 0 20 230
3 81 38 60 9 5 0 0.00 M M 8.5 21 200 M M 0 26 190
4 82 39 61 10 4 0 0.00 M M 6.2 17 10 M M 0 8 20 340
5 79 44 62 12 3 0 0.00 M M 8.8 18 330 M M 0 24 330
6 83 40 62 12 3 0 0.00 M M 11.1 23 200 M M 0 30 200
7 76 47 62 12 3 0 0.00 M M 17.0 28 180 M M 0 36 180
8 78 53 66 17 0 1 0.00 M M 20.8 31 200 M M 0 39 160
9 77 35 56 7 9 0 T M M 15.0 28 10 M M 4 33 10
10 59 25 42 -6 23 0 0.00 M M 8.3 20 340 M M 3 22 350
11 51 24 38 -10 27 0 0.00 M M 5.3 14 10 M M 2 12 17 10
12 56 25 41 -6 24 0 0.00 M M 10.1 22 10 M M 0 29 10
13 52 22 37 -10 28 0 0.00 M M 11.3 26 200 M M 0 34 200
14 74 32 53 7 12 0 0.00 M M 17.6 38 320 M M 2 8 51 310
15 58 24 41 -5 24 0 0.00 M M 9.0 23 190 M M 0 29 200
16 69 27 48 2 17 0 0.00 M M 6.6 16 70 M M 0 20 70
17 72 28 50 5 15 0 0.00 M M 11.6 25 190 M M 0 32 180
18 82 49 66 21 0 1 0.00 M M 20.5 33 220 M M 0 42 220
19 85 49 67 23 0 2 0.00 M M 14.6 28 250 M M 0 37 230
20 62 42 52 8 13 0 0.00 M M 12.7 23 10 M M 1 28 360
21 51 42 47 4 18 0 T M M 6.5 15 140 M M 9 1 19 140
22 54 41 48 5 17 0 T M M 10.4 18 350 M M 6 1 22 350
23 58 45 52 10 13 0 0.00 M M 19.6 33 200 M M 10 40 200
24 59 34 47 5 18 0 0.11 M M 15.4 31 340 M M 8 1 37 330
25 57 28 43 2 22 0 0.00 M M 7.9 18 180 M M 0 24 190
26 57 24 41 0 24 0 0.00 M M 8.9 20 350 M M 0 24 360
27 52 27 40 0 25 0 0.00 M M 7.4 15 40 M M 0 22 50
28 42 27 35 -5 30 0 0.29 M M 6.1 23 200 M M 7 1 29 200
29 48 25 37 -3 28 0 0.00 M M 12.8 31 10 M M 4 1 39 10
30 56 17 37 -2 28 0 0.00 M M 12.9 28 220 M M 0 35 210
================================================================================
SM 1957 1020 456 4 0.40 M 339.4 M 56
================================================================================
AV 65.2 34.0 11.3 FASTST M M 2 MAX(MPH)
MISC ----> 38 320 51 310
================================================================================
NOTES:
# LAST OF SEVERAL OCCURRENCES
COLUMN 17 PEAK WIND IN M.P.H.
PRELIMINARY LOCAL CLIMATOLOGICAL DATA (WS FORM: F-6) , PAGE 2
STATION: GUYMON
MONTH: NOVEMBER
YEAR: 2020
LATITUDE: 36 41 N
LONGITUDE: 101 30 W
[TEMPERATURE DATA] [PRECIPITATION DATA] SYMBOLS USED IN COLUMN 16
AVERAGE MONTHLY: 49.6 TOTAL FOR MONTH: 0.40 1 = FOG OR MIST
DPTR FM NORMAL: 4.0 DPTR FM NORMAL: -0.13 2 = FOG REDUCING VISIBILITY
HIGHEST: 85 ON 19 GRTST 24HR 0.29 ON 28-28 TO 1/4 MILE OR LESS
LOWEST: 17 ON 30 3 = THUNDER
SNOW, ICE PELLETS, HAIL 4 = ICE PELLETS
TOTAL MONTH: M 5 = HAIL
GRTST 24HR M ON M 6 = FREEZING RAIN OR DRIZZLE
GRTST DEPTH: M ON M 7 = DUSTSTORM OR SANDSTORM:
VSBY 1/2 MILE OR LESS
8 = SMOKE OR HAZE
[NO. OF DAYS WITH] [WEATHER - DAYS WITH] 9 = BLOWING SNOW
X = TORNADO
MAX 32 OR BELOW: 0 0.01 INCH OR MORE: 2
MAX 90 OR ABOVE: 0 0.10 INCH OR MORE: 2
MIN 32 OR BELOW: 15 0.50 INCH OR MORE: 0
MIN 0 OR BELOW: 0 1.00 INCH OR MORE: 0
[HDD (BASE 65) ]
TOTAL THIS MO. 456 CLEAR (SCALE 0-3) 23
DPTR FM NORMAL -126 PTCLDY (SCALE 4-7) 5
TOTAL FM JUL 1 861 CLOUDY (SCALE 8-10) 2
DPTR FM NORMAL -30
[CDD (BASE 65) ]
TOTAL THIS MO. 4
DPTR FM NORMAL 3 [PRESSURE DATA]
TOTAL FM JAN 1 1775 HIGHEST SLP M ON M
DPTR FM NORMAL 293 LOWEST SLP 29.47 ON 14
[REMARKS]
#FINAL-11-20#