000
CXUS54 KJAN 011019
CLMGWO
CLIMATE REPORT
NATIONAL WEATHER SERVICE JACKSON MS
519 AM CDT THU JUN 01 2023
...................................
...THE GREENWOOD CLIMATE SUMMARY FOR THE MONTH OF MAY 2023...
CLIMATE NORMAL PERIOD: 1991 TO 2020
CLIMATE RECORD PERIOD: 1948 TO 2023
WEATHER OBSERVED NORMAL DEPART LAST YEAR`S
VALUE DATE(S) VALUE FROM VALUE DATE(S)
NORMAL
................................................................
TEMPERATURE (F)
RECORD
HIGH 100 05/31/1951
LOW 35 05/04/2013
HIGHEST 94 05/15 MM MM 95 05/12
LOWEST 45 05/02 MM MM 54 05/08
05/03
AVG. MAXIMUM 84.7 82.9 1.8 86.9
AVG. MINIMUM 62.9 61.7 1.2 66.4
MEAN 73.8 72.3 1.5 76.7
DAYS MAX >= 90 5 4.6 0.4 10
DAYS MAX <= 32 0 0.0 0.0 0
DAYS MIN <= 32 0 0.0 0.0 0
DAYS MIN <= 0 0 0.0 0.0 0
PRECIPITATION (INCHES)
RECORD
MAXIMUM 14.18 1991
MINIMUM 0.55 1977
TOTALS 2.63 4.44 -1.81 3.68
DAILY AVG. 0.08 0.14 -0.06 0.12
DAYS >= .01 9 9.8 -0.8 9
DAYS >= .10 9 6.5 2.5 5
DAYS >= .50 2 3.0 -1.0 3
DAYS >= 1.00 0 1.7 -1.7 1
GREATEST
24 HR. TOTAL 0.85 05/16 TO 05/17 1.57
SNOWFALL (INCHES)
TOTALS 0.0
DEGREE DAYS
HEATING TOTAL 10 16 -6 0
SINCE 7/1 1821 2570 -749 MM
COOLING TOTAL 290 243 47 368
SINCE 1/1 481 357 124 MM
................................................................
WIND (MPH)
AVERAGE WIND SPEED 4.8
HIGHEST WIND SPEED/DIRECTION 37/210 DATE 05/11
HIGHEST GUST SPEED/DIRECTION 51/210 DATE 05/11
SKY COVER
POSSIBLE SUNSHINE (PERCENT) MM
AVERAGE SKY COVER 0.24
NUMBER OF DAYS FAIR 21
NUMBER OF DAYS PC 9
NUMBER OF DAYS CLOUDY 1
AVERAGE RH (PERCENT) 68
WEATHER CONDITIONS. NUMBER OF DAYS WITH
THUNDERSTORM 10 MIXED PRECIP 0
HEAVY RAIN 6 RAIN 9
LIGHT RAIN 9 FREEZING RAIN 0
LT FREEZING RAIN 0 HAIL 0
HEAVY SNOW 0 SNOW 0
LIGHT SNOW 0 SLEET 0
FOG 16 FOG W/VIS <= 1/4 MILE 1
HAZE 5
- INDICATES NEGATIVE NUMBERS.
R INDICATES RECORD WAS SET OR TIED.
MM INDICATES DATA IS MISSING.
T INDICATES TRACE AMOUNT.
$$