000
CXUS55 KBOU 011000
CF6GXY
PRELIMINARY LOCAL CLIMATOLOGICAL DATA (WS FORM: F-6)
STATION: GREELEY CO
MONTH: FEBRUARY
YEAR: 2022
LATITUDE: 40 25 N
LONGITUDE: 104 38 W
TEMPERATURE IN F: :PCPN: SNOW: WIND :SUNSHINE: SKY :PK WND
================================================================================
1 2 3 4 5 6A 6B 7 8 9 10 11 12 13 14 15 16 17 18
12Z AVG MX 2MIN
DY MAX MIN AVG DEP HDD CDD WTR SNW DPTH SPD SPD DIR MIN PSBL S-S WX SPD DR
================================================================================
1 32 15 24 M 41 0 M M M 10.3 22 80 M M 8 25 80
2 15 -7 4 M 61 0 M M M 9.5 16 100 M M 10 M M
3 17 -19 -1 M 66 0 M M M 1.4 7 310 M M 4 M M
4 28 -15 7 M 58 0 M M M 3.7 9 310 M M 0 M M
5 42 -2 20 M 45 0 M M M 9.4 24 330 M M 1 30 340
6 48 5 27 M 38 0 M M M 6.5 22 340 M M 1 M M
7 40 1 21 M 44 0 M M M 1.9 10 300 M M 0 M M
8 47 12 30 M 35 0 M M M 10.4 22 340 M M 0 31 30
9 47 20 34 M 31 0 M M M 6.1 15 20 M M 3 M M
10 52 27 40 M 25 0 M M M 4.2 10 240 M M 1 M M
11 42 22 32 M 33 0 M M M 16.7 31 360 M M 5 40 360
12 40 15 28 M 37 0 M M M 4.2 9 230 M M 2 M M
13 57 15 36 M 29 0 M M M 3.0 9 50 M M 0 M M
14 50 19 35 M 30 0 M M M 2.9 8 320 M M 0 M M
15 58 24 41 M 24 0 M M M 3.6 18 30 M M 0 25 30
16 35 15 25 M 40 0 M M M 8.2 17 50 M M 7 18 70
17 35 4 20 M 45 0 M M M 4.7 10 200 M M 3 M M
18 50 8 29 M 36 0 M M M 3.7 8 260 M M 1 M M
19 55 18 37 M 28 0 M M M 3.0 8 270 M M 0 M M
20 59 23 41 M 24 0 M M M 3.7 10 100 M M 0 M M
21 39 4 22 M 43 0 M M M 13.4 25 30 M M 4 32 40
22 9 -1 4 M 61 0 M M M 10.3 15 360 M M 8 17 50
23 12 -4 4 M 61 0 M M M 14.1 21 140 M M 9 21 110
24 24 1 13 M 52 0 M M M 5.0 14 110 M M 4 M M
25 32 -4 14 M 51 0 M M M 3.0 7 310 M M 0 M M
26 40 -2 19 M 46 0 M M M 1.1 6 160 M M 0 M M
27 51 6 29 M 36 0 M M M 1.8 12 350 M M 0 M M
28 65 25 45 M 20 0 M M M 3.1 8 290 M M 0 M M
================================================================================
SM 1121 225 1140 0 M M 168.7 M 71
================================================================================
AV 40.0 8.0 6.0 FASTST M M 3 MAX(MPH)
MISC ----> 31 360 40 360
================================================================================
NOTES:
# LAST OF SEVERAL OCCURRENCES
COLUMN 17 PEAK WIND IN M.P.H.
PRELIMINARY LOCAL CLIMATOLOGICAL DATA (WS FORM: F-6) , PAGE 2
STATION: GREELEY CO
MONTH: FEBRUARY
YEAR: 2022
LATITUDE: 40 25 N
LONGITUDE: 104 38 W
[TEMPERATURE DATA] [PRECIPITATION DATA] SYMBOLS USED IN COLUMN 16
AVERAGE MONTHLY: 24.0 TOTAL FOR MONTH: M 1 = FOG OR MIST
DPTR FM NORMAL: 0.0 DPTR FM NORMAL: M 2 = FOG REDUCING VISIBILITY
HIGHEST: 65 ON 28 GRTST 24HR 0.03 ON 16-16 TO 1/4 MILE OR LESS
LOWEST: -19 ON 3 3 = THUNDER
SNOW, ICE PELLETS, HAIL 4 = ICE PELLETS
TOTAL MONTH: M 5 = HAIL
GRTST 24HR M ON M 6 = FREEZING RAIN OR DRIZZLE
GRTST DEPTH: M ON M 7 = DUSTSTORM OR SANDSTORM:
VSBY 1/2 MILE OR LESS
8 = SMOKE OR HAZE
[NO. OF DAYS WITH] [WEATHER - DAYS WITH] 9 = BLOWING SNOW
X = TORNADO
MAX 32 OR BELOW: 8 0.01 INCH OR MORE: 0
MAX 90 OR ABOVE: 0 0.10 INCH OR MORE: 0
MIN 32 OR BELOW: 28 0.50 INCH OR MORE: 0
MIN 0 OR BELOW: 8 1.00 INCH OR MORE: 0
[HDD (BASE 65) ]
TOTAL THIS MO. 1140 CLEAR (SCALE 0-3) 19
DPTR FM NORMAL M PTCLDY (SCALE 4-7) 6
TOTAL FM JUL 1 4640 CLOUDY (SCALE 8-10) 3
DPTR FM NORMAL M
[CDD (BASE 65) ]
TOTAL THIS MO. 0
DPTR FM NORMAL M [PRESSURE DATA]
TOTAL FM JAN 1 0 HIGHEST SLP 30.84 ON 4
DPTR FM NORMAL M LOWEST SLP 29.57 ON 21
[REMARKS]
#FINAL-02-22#