000
CXUS54 KEWX 132134
CF6GYB
PRELIMINARY LOCAL CLIMATOLOGICAL DATA (WS FORM: F-6)
STATION: GIDDINGS-LEE COUNTY AIRPORT
MONTH: DECEMBER
YEAR: 2020
LATITUDE: 30 10 N
LONGITUDE: 96 59 W
TEMPERATURE IN F: :PCPN: SNOW: WIND :SUNSHINE: SKY :PK WND
================================================================================
1 2 3 4 5 6A 6B 7 8 9 10 11 12 13 14 15 16 17 18
12Z AVG MX 2MIN
DY MAX MIN AVG DEP HDD CDD WTR SNW DPTH SPD SPD DIR MIN PSBL S-S WX SPD DR
================================================================================
1 66 28 47 M 18 0 0.00 M M 4.6 13 190 M M 2 8 20 160
2 65 48 57 M 8 0 0.00 M M 4.4 12 330 M M 5 1 20 340
3 59 42 51 M 14 0 0.00 M M 8.9 16 340 M M 2 24 320
4 59 38 49 M 16 0 0.00 M M 4.7 10 330 M M 0 17 340
5 56 37 47 M 18 0 0.01 M M 1.1 5 280 M M 6 M M
6 68 41 55 M 10 0 0.00 M M 6.1 13 330 M M 0 1 20 330
7 70 43 57 M 8 0 0.00 M M 5.0 9 360 M M 0 16 350
8 79 42 61 M 4 0 0.00 0.0 0 2.7 8 270 M M 0 M M
9 83 38 61 M 4 0 0.00 0.0 0 1.1 6 260 M M 0 M M
10 80 41 61 M 4 0 0.00 M M 6.3 13 200 M M 0 21 180
11 71 52 62 M 3 0 0.03 M M 2.2 8 180 M M 6 12 M M
12 64 42 53 M 12 0 0.01 M M 5.9 10 20 M M 3 12 20 350
13 60 44 52 M 13 0 0.03 M M 9.5 25 340 M M 8 1 36 340
14 53 39 46 M 19 0 0.00 M M 7.2 18 350 M M 5 36 350
15 58 42 50 M 15 0 0.00 M M 3.3 7 330 M M 7 1 M M
16 54 33 44 M 21 0 0.00 M M 5.8 12 320 M M 0 1 20 350
17 63 29 46 M 19 0 0.00 M M 1.8 7 190 M M 0 8 M M
18 69 35 52 M 13 0 0.00 M M 5.6 14 180 M M 5 1 23 180
19 64 46 55 M 10 0 0.45 M M 4.2 10 330 M M 6 1 M M
20 70 39 55 M 10 0 0.00 M M 2.1 7 260 M M 0 1 M M
21 76 38 57 M 8 0 0.00 M M 2.5 12 210 M M 0 M M
22 73 43 58 M 7 0 0.00 M M 5.5 14 160 M M 5 12 20 170
23 77 54 66 M 0 1 0.00 M M 9.3 22 350 M M 5 33 360
24 58 38 48 M 17 0 0.00 M M 10.2 20 350 M M 1 35 360
25 70 35 53 M 12 0 0.00 M M 2.8 7 280 M M 0 M M
26 73 38 56 M 9 0 0.00 M M 6.4 15 230 M M 0 20 210
27 78 51 65 M 0 0 0.00 M M 6.9 16 200 M M 1 1 24 200
28 77 53 65 M 0 0 0.00 M M 6.0 14 140 M M 7 1 20 140
29 77 60 69 M 0 4 0.01 M M 10.1 17 160 M M 8 26 160
30 70 47 59 M 6 0 0.17 M M 10.3 20 10 M M 10 29 20
31 47 39 43 M 22 0 1.25 M M 10.8 18 10 M M 10 23 10
================================================================================
SM 2087 1295 320 5 1.96 0.0 173.3 M 102
================================================================================
AV 67.3 41.8 5.6 FASTST M M 3 MAX(MPH)
MISC ----> 25 340 # 36 340
================================================================================
NOTES:
# LAST OF SEVERAL OCCURRENCES
COLUMN 17 PEAK WIND IN M.P.H.
PRELIMINARY LOCAL CLIMATOLOGICAL DATA (WS FORM: F-6) , PAGE 2
STATION: GIDDINGS-LEE COUNTY AIRPORT
MONTH: DECEMBER
YEAR: 2020
LATITUDE: 30 10 N
LONGITUDE: 96 59 W
[TEMPERATURE DATA] [PRECIPITATION DATA] SYMBOLS USED IN COLUMN 16
AVERAGE MONTHLY: 54.5 TOTAL FOR MONTH: 1.96 1 = FOG OR MIST
DPTR FM NORMAL: 0.0 DPTR FM NORMAL: M 2 = FOG REDUCING VISIBILITY
HIGHEST: 83 ON 9 GRTST 24HR 1.25 ON 31-31 TO 1/4 MILE OR LESS
LOWEST: 28 ON 1 3 = THUNDER
SNOW, ICE PELLETS, HAIL 4 = ICE PELLETS
TOTAL MONTH: 0.0 INCH 5 = HAIL
GRTST 24HR 0.0 6 = FREEZING RAIN OR DRIZZLE
GRTST DEPTH: 0 7 = DUSTSTORM OR SANDSTORM:
VSBY 1/2 MILE OR LESS
8 = SMOKE OR HAZE
[NO. OF DAYS WITH] [WEATHER - DAYS WITH] 9 = BLOWING SNOW
X = TORNADO
MAX 32 OR BELOW: 0 0.01 INCH OR MORE: 8
MAX 90 OR ABOVE: 0 0.10 INCH OR MORE: 3
MIN 32 OR BELOW: 2 0.50 INCH OR MORE: 1
MIN 0 OR BELOW: 0 1.00 INCH OR MORE: 1
[HDD (BASE 65) ]
TOTAL THIS MO. 320 CLEAR (SCALE 0-3) 17
DPTR FM NORMAL M PTCLDY (SCALE 4-7) 11
TOTAL FM JUL 1 451 CLOUDY (SCALE 8-10) 3
DPTR FM NORMAL M
[CDD (BASE 65) ]
TOTAL THIS MO. 5
DPTR FM NORMAL M [PRESSURE DATA]
TOTAL FM JAN 1 3420 HIGHEST SLP M ON M
DPTR FM NORMAL M LOWEST SLP M ON M
[REMARKS]
#FINAL-12-20#