000
CXUS54 KJAN 011833
CF6HBG
PRELIMINARY LOCAL CLIMATOLOGICAL DATA (WS FORM: F-6)
STATION: HATTIESBURG
MONTH: SEPTEMBER
YEAR: 2021
LATITUDE: 31 16 N
LONGITUDE: 89 15 W
TEMPERATURE IN F: :PCPN: SNOW: WIND :SUNSHINE: SKY :PK WND
================================================================================
1 2 3 4 5 6A 6B 7 8 9 10 11 12 13 14 15 16 17 18
12Z AVG MX 2MIN
DY MAX MIN AVG DEP HDD CDD WTR SNW DPTH SPD SPD DIR MIN PSBL S-S WX SPD DR
================================================================================
1 95 72 84 4 0 19 0.14 0.0 0 5.0 23 10 M M 1 13 37 20
2 91 72 82 2 0 17 0.00 0.0 0 3.4 12 340 M M 1 16 350
3 90 71 81 1 0 16 0.00 0.0 0 1.8 9 10 M M 1 18 14 360
4 92 72 82 2 0 17 0.00 0.0 0 2.1 9 360 M M 2 13 320
5 92 71 82 2 0 17 T 0.0 0 2.9 13 310 M M 3 12 18 320
6 84 73 79 -1 0 14 0.08 0.0 0 2.0 18 230 M M 6 138 27 230
7 91 73 82 2 0 17 0.00 0.0 0 2.3 15 180 M M 6 138 20 170
8 89 72 81 2 0 16 0.61 0.0 0 1.5 24 270 M M 3 123 31 270
9 86 62 74 -5 0 9 0.00 0.0 0 5.3 15 350 M M 1 22 20
10 85 60 73 -6 0 8 0.00 0.0 0 2.7 13 60 M M 0 19 70
11 87 59 73 -6 0 8 0.00 0.0 0 1.7 10 70 M M 0 20 70
12 89 66 78 0 0 13 0.50 0.0 0 2.9 28 170 M M 1 1 38 180
13 87 71 79 1 0 14 0.54 0.0 0 2.4 18 130 M M 5 128 24 140
14 78 73 76 -2 0 11 0.24 0.0 0 3.7 10 80 M M 9 1 14 80
15 76 72 74 -4 0 9 3.02 0.0 0 7.0 16 100 M M 10 18 23 110
16 86 73 80 2 0 15 0.01 0.0 0 5.0 12 140 M M 8 13 15 170
17 86 74 80 3 0 15 0.01 0.0 0 5.8 14 130 M M 5 1 17 130
18 87 73 80 3 0 15 0.14 0.0 0 3.2 14 180 M M 6 138 19 180
19 87 73 80 3 0 15 T 0.0 0 2.6 14 150 M M 7 12 18 150
20 89 73 81 4 0 16 0.22 0.0 0 2.4 15 180 M M 7 1 19 180
21 92 73 83 7 0 18 0.93 0.0 0 3.5 18 150 M M 5 13 28 210
22 79 59 69 -7 0 4 0.00 0.0 0 7.8 20 320 M M 4 29 310
23 78 54 66 -10 0 1 0.00 0.0 0 3.8 15 310 M M 0 22 50
24 79 52 66 -9 0 1 0.00 0.0 0 2.1 12 20 M M 0 16 20
25 81 52 67 -8 0 2 0.00 0.0 0 2.4 12 30 M M 0 17 20
26 84 54 69 -6 0 4 0.00 0.0 0 1.4 8 180 M M 0 12 170
27 87 57 72 -2 0 7 0.00 0.0 0 1.5 8 100 M M 3 13 170
28 84 70 77 3 0 12 0.07 0.0 0 3.4 16 130 M M 7 123 24 140
29 87 70 79 5 0 14 0.41 0.0 0 4.1 25 160 M M 8 1 36 150
30 79 70 75 1 0 10 0.38 0.0 0 2.3 14 130 M M 9 13 18 110
================================================================================
SM 2577 2016 0 354 7.30 0.0 98.0 M 118
================================================================================
AV 85.9 67.2 3.3 FASTST M M 4 MAX(MPH)
MISC ----> 28 170 38 180
================================================================================
NOTES:
# LAST OF SEVERAL OCCURRENCES
COLUMN 17 PEAK WIND IN M.P.H.
PRELIMINARY LOCAL CLIMATOLOGICAL DATA (WS FORM: F-6) , PAGE 2
STATION: HATTIESBURG
MONTH: SEPTEMBER
YEAR: 2021
LATITUDE: 31 16 N
LONGITUDE: 89 15 W
[TEMPERATURE DATA] [PRECIPITATION DATA] SYMBOLS USED IN COLUMN 16
AVERAGE MONTHLY: 76.6 TOTAL FOR MONTH: 7.30 1 = FOG OR MIST
DPTR FM NORMAL: -0.8 DPTR FM NORMAL: 3.15 2 = FOG REDUCING VISIBILITY
HIGHEST: 95 ON 1 GRTST 24HR 3.16 ON 14-15 TO 1/4 MILE OR LESS
LOWEST: 52 ON 25,24 3 = THUNDER
SNOW, ICE PELLETS, HAIL 4 = ICE PELLETS
TOTAL MONTH: 0.0 INCH 5 = HAIL
GRTST 24HR 0.0 6 = FREEZING RAIN OR DRIZZLE
GRTST DEPTH: 0 7 = DUSTSTORM OR SANDSTORM:
VSBY 1/2 MILE OR LESS
8 = SMOKE OR HAZE
[NO. OF DAYS WITH] [WEATHER - DAYS WITH] 9 = BLOWING SNOW
X = TORNADO
MAX 32 OR BELOW: 0 0.01 INCH OR MORE: 15
MAX 90 OR ABOVE: 7 0.10 INCH OR MORE: 11
MIN 32 OR BELOW: 0 0.50 INCH OR MORE: 5
MIN 0 OR BELOW: 0 1.00 INCH OR MORE: 1
[HDD (BASE 65) ]
TOTAL THIS MO. 0 CLEAR (SCALE 0-3) 15
DPTR FM NORMAL -2 PTCLDY (SCALE 4-7) 12
TOTAL FM JUL 1 0 CLOUDY (SCALE 8-10) 3
DPTR FM NORMAL 0
[CDD (BASE 65) ]
TOTAL THIS MO. 354
DPTR FM NORMAL -21 [PRESSURE DATA]
TOTAL FM JAN 1 2258 HIGHEST SLP 30.21 ON 12
DPTR FM NORMAL -40 LOWEST SLP 29.77 ON 1
[REMARKS]
#FINAL-09-21#