000
CXUS54 KEWX 011110
CF6HDO
PRELIMINARY LOCAL CLIMATOLOGICAL DATA (WS FORM: F-6)
STATION: HONDO
MONTH: JANUARY
YEAR: 2024
LATITUDE: 29 21 N
LONGITUDE: 99 10 W
TEMPERATURE IN F: :PCPN: SNOW: WIND :SUNSHINE: SKY :PK WND
================================================================================
1 2 3 4 5 6A 6B 7 8 9 10 11 12 13 14 15 16 17 18
12Z AVG MX 2MIN
DY MAX MIN AVG DEP HDD CDD WTR SNW DPTH SPD SPD DIR MIN PSBL S-S WX SPD DR
================================================================================
1 67 45 56 5 9 0 0.00 M M 9.8 16 30 M M 1 12 21 30
2 51 47 49 -2 16 0 0.12 M M 8.9 17 50 M M 10 22 40
3 54 39 47 -4 18 0 0.00 M M 6.5 15 20 M M 7 18 20
4 55 36 46 -5 19 0 0.13 M M 7.0 13 130 M M 9 1 16 120
5 67 39 53 2 12 0 0.04 M M 8.5 21 290 M M 3 12 26 290
6 70 33 52 1 13 0 0.00 M M 7.8 23 290 M M 0 30 280
7 70 34 52 1 13 0 T M M 10.6 22 140 M M 3 1 31 140
8 71 49 60 9 5 0 0.05 M M 17.3 35 300 M M 6 1 44 300
9 61 30 46 -5 19 0 0.00 M M 12.2 33 320 M M 0 43 320
10 70 27 49 -2 16 0 0.00 M M 7.4 17 220 M M 0 25 220
11 78 33 56 5 9 0 0.00 M M 7.3 15 190 M M 0 24 320
12 65 31 48 -3 17 0 0.00 M M 15.2 36 330 M M 1 8 49 320
13 67 26 47 -5 18 0 0.00 M M 5.9 16 180 M M 0 20 210
14 46 27 37 -15 28 0 T M M 12.3 18 40 M M 8 16 23 40
15 33 23 28 -24 37 0 T M M 12.3 26 30 M M 9 16 34 30
16 40 18 29 -23 36 0 0.00 M M 8.2 21 10 M M 0 27 20
17 48 14 31 -21 34 0 0.00 M M 5.1 14 180 M M 0 20 170
18 73 24 49 -3 16 0 M M M 5.8 10 240 M M 0 M M
19 54 31 43 -9 22 0 0.00 M M 14.0 28 30 M M 0 37 40
20 42 26 34 -18 31 0 0.00 M M 8.4 16 60 M M 5 21 110
21 41 36 39 -13 26 0 0.08 M M 7.6 20 110 M M 10 18 26 110
22 66 41 54 2 11 0 0.10 M M 5.1 12 100 M M 7 18 17 110
23 66 56 61 8 4 0 0.27 M M 4.6 13 180 M M 10 1238 16 170
24 64 55 60 7 5 0 0.68 M M 6.5 24 90 M M 10 138 29 90
25 75 47 61 8 4 0 0.00 M M 7.1 12 150 M M 0 14 210
26 70 48 59 6 6 0 0.00 M M 5.2 10 360 M M 5 128 13 180
27 69 44 57 4 8 0 0.00 M M 11.1 24 350 M M 1 18 30 350
28 70 37 54 1 11 0 0.00 M M 5.9 13 30 M M 0 16 50
29 71 35 53 -1 12 0 0.00 M M 5.5 13 210 M M 0 17 220
30 72 39 56 2 9 0 0.00 M M 4.6 9 250 M M 0 13 100
31 70 37 54 0 11 0 0.00 M M 6.2 13 120 M M 0 15 120
================================================================================
SM 1916 1107 495 0 1.47 M 259.9 M 105
================================================================================
AV 61.8 35.7 8.4 FASTST M M 3 MAX(MPH)
MISC ----> 36 330 49 320
================================================================================
NOTES:
# LAST OF SEVERAL OCCURRENCES
COLUMN 17 PEAK WIND IN M.P.H.
PRELIMINARY LOCAL CLIMATOLOGICAL DATA (WS FORM: F-6) , PAGE 2
STATION: HONDO
MONTH: JANUARY
YEAR: 2024
LATITUDE: 29 21 N
LONGITUDE: 99 10 W
[TEMPERATURE DATA] [PRECIPITATION DATA] SYMBOLS USED IN COLUMN 16
AVERAGE MONTHLY: 48.8 TOTAL FOR MONTH: 1.47 1 = FOG OR MIST
DPTR FM NORMAL: -3.2 DPTR FM NORMAL: 0.26 2 = FOG REDUCING VISIBILITY
HIGHEST: 78 ON 11 GRTST 24HR 2.05 ON 21-22 TO 1/4 MILE OR LESS
LOWEST: 14 ON 17 3 = THUNDER
SNOW, ICE PELLETS, HAIL 4 = ICE PELLETS
TOTAL MONTH: M 5 = HAIL
GRTST 24HR M ON M 6 = FREEZING RAIN OR DRIZZLE
GRTST DEPTH: M ON M 7 = DUSTSTORM OR SANDSTORM:
VSBY 1/2 MILE OR LESS
8 = SMOKE OR HAZE
[NO. OF DAYS WITH] [WEATHER - DAYS WITH] 9 = BLOWING SNOW
X = TORNADO
MAX 32 OR BELOW: 0 0.01 INCH OR MORE: 8
MAX 90 OR ABOVE: 0 0.10 INCH OR MORE: 5
MIN 32 OR BELOW: 11 0.50 INCH OR MORE: 1
MIN 0 OR BELOW: 0 1.00 INCH OR MORE: 0
[HDD (BASE 65) ]
TOTAL THIS MO. 495 CLEAR (SCALE 0-3) 18
DPTR FM NORMAL 85 PTCLDY (SCALE 4-7) 7
TOTAL FM JUL 1 953 CLOUDY (SCALE 8-10) 6
DPTR FM NORMAL -64
[CDD (BASE 65) ]
TOTAL THIS MO. 0
DPTR FM NORMAL -7 [PRESSURE DATA]
TOTAL FM JAN 1 0 HIGHEST SLP 30.52 ON 20
DPTR FM NORMAL -7 LOWEST SLP 29.47 ON 11
[REMARKS]
#FINAL-01-24#