000
CXUS53 KBIS 010930
CF6HEI
PRELIMINARY LOCAL CLIMATOLOGICAL DATA (WS FORM: F-6)
STATION: HETTINGER ND
MONTH: FEBRUARY
YEAR: 2022
LATITUDE: 46 0 N
LONGITUDE: 102 39 W
TEMPERATURE IN F: :PCPN: SNOW: WIND :SUNSHINE: SKY :PK WND
================================================================================
1 2 3 4 5 6A 6B 7 8 9 10 11 12 13 14 15 16 17 18
12Z AVG MX 2MIN
DY MAX MIN AVG DEP HDD CDD WTR SNW DPTH SPD SPD DIR MIN PSBL S-S WX SPD DR
================================================================================
1 13 -3 5 -12 60 0 T M M 18.4 41 300 M M 1 56 290
2 7 -6 1 -16 64 0 T M M 7.4 13 350 M M 8 8 M M
3 27 -4 12 -5 53 0 0.00 M M 12.7 21 330 M M 4 26 340
4 24 0 12 -5 53 0 0.00 M M 10.1 22 320 M M 6 26 320
5 50 22 36 19 29 0 T M M 18.4 35 320 M M 3 47 310
6 47 28 38 20 27 0 0.00 M M 14.6 32 320 M M 7 43 320
7 58 29 44 26 21 0 0.00 M M 14.5 30 270 M M 0 38 270
8 50 32 41 23 24 0 0.00 M M 20.7 40 310 M M 1 58 310
9 41 20 31 13 34 0 T M M 10.5 23 310 M M 4 30 320
10 58 26 42 24 23 0 M M M 20.6 44 310 M M 8 64 310
11 39 13 26 8 39 0 M M M 15.8 33 300 M M 8 1 44 310
12 40 2 21 2 44 0 M M M 11.0 28 320 M M 6 37 300
13 53 4 29 10 36 0 0.00 M M 14.8 33 300 M M 2 1 48 310
14 31 13 22 3 43 0 0.00 M M 12.3 23 130 M M 3 1 30 130
15 39 11 25 6 40 0 0.00 M M 10.8 24 320 M M 6 30 320
16 25 2 14 -6 51 0 0.00 M M 9.6 21 330 M M 2 28 330
17 43 2 23 3 42 0 0.00 M M 13.0 29 280 M M 4 36 280
18 37 8 23 3 42 0 M M M 18.5 35 330 M M 7 1 47 330
19 58 11 35 15 30 0 0.00 M M 13.5 29 270 M M 3 37 260
20 50 0 25 4 40 0 M M M 17.8 33 300 M M 8 18 48 300
21 1 -12 -5 -26 70 0 M M M 17.7 28 40 M M 9 8 35 40
22 -4 -22 -13 -34 78 0 0.00 M M 12.3 21 330 M M 7 24 350
23 -1 -33 -17 -39 82 0 M M M 3.8 8 150 M M 0 18 10 140
24 5 -21 -8 -30 73 0 0.00 M M 6.9 15 130 M M 0 1 17 130
25 22 -21 1 -21 64 0 0.00 M M 6.3 20 280 M M 0 18 24 280
26 30 -1 15 -8 50 0 0.00 M M 12.1 26 280 M M 0 32 280
27 41 9 25 2 40 0 0.00 M M 10.6 22 270 M M 0 28 270
28 49 30 40 16 25 0 0.00 M M 9.5 20 270 M M 2 27 270
================================================================================
SM 933 139 1277 0 T M 364.2 M 109
================================================================================
AV 33.3 5.0 13.0 FASTST M M 4 MAX(MPH)
MISC ----> 44 310 64 310
================================================================================
NOTES:
# LAST OF SEVERAL OCCURRENCES
COLUMN 17 PEAK WIND IN M.P.H.
PRELIMINARY LOCAL CLIMATOLOGICAL DATA (WS FORM: F-6) , PAGE 2
STATION: HETTINGER ND
MONTH: FEBRUARY
YEAR: 2022
LATITUDE: 46 0 N
LONGITUDE: 102 39 W
[TEMPERATURE DATA] [PRECIPITATION DATA] SYMBOLS USED IN COLUMN 16
AVERAGE MONTHLY: 19.1 TOTAL FOR MONTH: T 1 = FOG OR MIST
DPTR FM NORMAL: -0.4 DPTR FM NORMAL: -0.29 2 = FOG REDUCING VISIBILITY
HIGHEST: 58 ON 19,10 GRTST 24HR 0.01 ON 20-20 TO 1/4 MILE OR LESS
LOWEST: -33 ON 23 3 = THUNDER
SNOW, ICE PELLETS, HAIL 4 = ICE PELLETS
TOTAL MONTH: M 5 = HAIL
GRTST 24HR M ON M 6 = FREEZING RAIN OR DRIZZLE
GRTST DEPTH: M ON M 7 = DUSTSTORM OR SANDSTORM:
VSBY 1/2 MILE OR LESS
8 = SMOKE OR HAZE
[NO. OF DAYS WITH] [WEATHER - DAYS WITH] 9 = BLOWING SNOW
X = TORNADO
MAX 32 OR BELOW: 12 0.01 INCH OR MORE: 0
MAX 90 OR ABOVE: 0 0.10 INCH OR MORE: 0
MIN 32 OR BELOW: 28 0.50 INCH OR MORE: 0
MIN 0 OR BELOW: 11 1.00 INCH OR MORE: 0
[HDD (BASE 65) ]
TOTAL THIS MO. 1277 CLEAR (SCALE 0-3) 14
DPTR FM NORMAL 5 PTCLDY (SCALE 4-7) 13
TOTAL FM JUL 1 5475 CLOUDY (SCALE 8-10) 1
DPTR FM NORMAL -793
[CDD (BASE 65) ]
TOTAL THIS MO. 0
DPTR FM NORMAL 0 [PRESSURE DATA]
TOTAL FM JAN 1 0 HIGHEST SLP 30.86 ON 23
DPTR FM NORMAL 0 LOWEST SLP 29.45 ON 19
[REMARKS]
#FINAL-02-22#