000
CXUS56 KLOX 011155
CF6HHR
PRELIMINARY LOCAL CLIMATOLOGICAL DATA (WS FORM: F-6)
STATION: HAWTHORNE AIRPORT CA
MONTH: MAY
YEAR: 2023
LATITUDE: 33 55 N
LONGITUDE: 118 20 W
TEMPERATURE IN F: :PCPN: SNOW: WIND :SUNSHINE: SKY :PK WND
================================================================================
1 2 3 4 5 6A 6B 7 8 9 10 11 12 13 14 15 16 17 18
12Z AVG MX 2MIN
DY MAX MIN AVG DEP HDD CDD WTR SNW DPTH SPD SPD DIR MIN PSBL S-S WX SPD DR
================================================================================
1 66 58 62 -2 3 0 0.02 M M 7.7 16 250 M M 7 18 21 260
2 66 56 61 -3 4 0 0.00 M M 7.5 20 260 M M 4 29 250
3 67 53 60 -4 5 0 0.02 M M 5.1 18 250 M M 2 27 260
4 67 56 62 -2 3 0 0.17 M M 7.4 16 250 M M 7 3 22 250
5 69 59 64 0 1 0 T M M 5.9 16 260 M M 5 23 260
6 69 55 62 -2 3 0 0.00 M M 6.3 16 250 M M 0 24 260
7 70 57 64 0 1 0 0.00 M M 5.4 16 250 M M 0 8 23 250
8 70 61 66 2 0 1 0.00 M M 6.7 16 250 M M 3 8 24 290
9 68 59 64 0 1 0 0.00 M M 7.9 22 260 M M 7 31 260
10 69 58 64 0 1 0 0.00 M M 6.0 16 260 M M 3 8 23 250
11 70 59 65 1 0 0 0.00 M M 6.0 16 260 M M 3 22 250
12 72 58 65 1 0 0 0.00 M M 5.6 15 250 M M 3 22 250
13 72 61 67 3 0 2 0.00 M M 5.2 15 250 M M 6 8 20 250
14 75 62 69 5 0 4 0.00 M M 6.0 14 250 M M 7 8 22 250
15 70 63 67 3 0 2 0.00 M M 5.6 13 250 M M 9 8 19 240
16 71 60 66 1 0 1 0.00 M M 6.2 16 260 M M 7 18 22 260
17 70 60 65 0 0 0 0.00 M M 5.5 14 260 M M 8 8 22 260
18 73 62 68 3 0 3 0.00 M M 4.7 14 250 M M 7 8 18 250
19 69 62 66 1 0 1 0.00 M M 5.1 10 260 M M 10 8 17 240
20 71 63 67 2 0 2 0.00 M M 6.9 14 250 M M 10 8 21 250
21 71 62 67 2 0 2 0.00 M M 5.1 15 250 M M 8 8 21 260
22 68 63 66 1 0 1 0.00 M M 5.2 13 260 M M 10 18 17 240
23 66 62 64 -1 1 0 0.00 M M 4.9 10 260 M M 10 18 14 250
24 69 60 65 0 0 0 0.00 M M 4.6 12 250 M M 10 8 17 260
25 68 63 66 1 0 1 T M M 6.9 15 260 M M 10 8 21 250
26 71 62 67 2 0 2 0.00 M M 7.5 18 250 M M 8 24 250
27 71 63 67 2 0 2 0.00 M M 7.3 16 250 M M 7 22 260
28 68 63 66 1 0 1 0.00 M M 4.4 13 260 M M 10 17 260
29 72 64 68 3 0 3 0.00 M M 6.0 15 260 M M 10 20 260
30 69 63 66 1 0 1 0.00 M M 8.6 16 250 M M 9 22 250
31 69 63 66 0 0 1 0.00 M M 6.4 15 250 M M 10 21 250
================================================================================
SM 2156 1870 23 30 0.21 M 189.6 M 210
================================================================================
AV 69.5 60.3 6.1 FASTST M M 7 MAX(MPH)
MISC ----> 22 260 31 260
================================================================================
NOTES:
# LAST OF SEVERAL OCCURRENCES
COLUMN 17 PEAK WIND IN M.P.H.
PRELIMINARY LOCAL CLIMATOLOGICAL DATA (WS FORM: F-6) , PAGE 2
STATION: HAWTHORNE AIRPORT CA
MONTH: MAY
YEAR: 2023
LATITUDE: 33 55 N
LONGITUDE: 118 20 W
[TEMPERATURE DATA] [PRECIPITATION DATA] SYMBOLS USED IN COLUMN 16
AVERAGE MONTHLY: 64.9 TOTAL FOR MONTH: 0.21 1 = FOG OR MIST
DPTR FM NORMAL: 0.3 DPTR FM NORMAL: -0.08 2 = FOG REDUCING VISIBILITY
HIGHEST: 75 ON 14 GRTST 24HR 0.19 ON 3- 4 TO 1/4 MILE OR LESS
LOWEST: 53 ON 3 3 = THUNDER
SNOW, ICE PELLETS, HAIL 4 = ICE PELLETS
TOTAL MONTH: M 5 = HAIL
GRTST 24HR M ON M 6 = FREEZING RAIN OR DRIZZLE
GRTST DEPTH: M ON M 7 = DUSTSTORM OR SANDSTORM:
VSBY 1/2 MILE OR LESS
8 = SMOKE OR HAZE
[NO. OF DAYS WITH] [WEATHER - DAYS WITH] 9 = BLOWING SNOW
X = TORNADO
MAX 32 OR BELOW: 0 0.01 INCH OR MORE: 3
MAX 90 OR ABOVE: 0 0.10 INCH OR MORE: 1
MIN 32 OR BELOW: 0 0.50 INCH OR MORE: 0
MIN 0 OR BELOW: 0 1.00 INCH OR MORE: 0
[HDD (BASE 65) ]
TOTAL THIS MO. 23 CLEAR (SCALE 0-3) 7
DPTR FM NORMAL -25 PTCLDY (SCALE 4-7) 11
TOTAL FM JUL 1 1033 CLOUDY (SCALE 8-10) 13
DPTR FM NORMAL -53
[CDD (BASE 65) ]
TOTAL THIS MO. 30
DPTR FM NORMAL -4 [PRESSURE DATA]
TOTAL FM JAN 1 58 HIGHEST SLP 30.11 ON 7
DPTR FM NORMAL -33 LOWEST SLP 29.81 ON 13
[REMARKS]
#FINAL-05-23#