000
CXUS56 KPQR 011201
CF6HIO
PRELIMINARY LOCAL CLIMATOLOGICAL DATA (WS FORM: F-6)
STATION: HILLSBORO OR
MONTH: MAY
YEAR: 2023
LATITUDE: 45 32 N
LONGITUDE: 122 57 W
TEMPERATURE IN F: :PCPN: SNOW: WIND :SUNSHINE: SKY :PK WND
================================================================================
1 2 3 4 5 6A 6B 7 8 9 10 11 12 13 14 15 16 17 18
12Z AVG MX 2MIN
DY MAX MIN AVG DEP HDD CDD WTR SNW DPTH SPD SPD DIR MIN PSBL S-S WX SPD DR
================================================================================
1 60 47 54 1 11 0 T M M 3.5 14 320 M M 10 16 350
2 66 50 58 4 7 0 T M M 4.1 31 330 M M 5 35 350
3 74 43 59 5 6 0 T M M 4.9 17 170 M M 3 18 21 170
4 55 47 51 -3 14 0 0.59 M M 3.4 14 180 M M 8 13 17 180
5 60 48 54 0 11 0 0.03 M M 5.2 14 260 M M 10 17 260
6 64 47 56 1 9 0 0.00 M M 3.6 15 260 M M 8 20 260
7 64 47 56 1 9 0 T M M 5.0 14 310 M M 8 17 300
8 68 41 55 0 10 0 0.27 M M 3.7 16 50 M M 6 13 19 60
9 66 41 54 -2 11 0 0.00 M M 2.8 9 300 M M 5 12 13 300
10 76 41 59 3 6 0 0.00 M M 4.2 17 320 M M 2 20 330
11 78 46 62 6 3 0 0.00 M M 2.2 8 290 M M 1 10 290
12 87 48 68 12 0 3 0.00 M M 3.2 10 340 M M 0 14 30
13 92 51 72 16 0 7 0.00 M M 5.9 22 100 M M 0 30 90
14 90 55 73 16 0 8 0.00 M M 9.4 24 70 M M 0 34 90
15 88 55 72 15 0 7 0.00 M M 5.1 16 50 M M 1 21 290
16 84 58 71 14 0 6 0.00 M M 3.7 12 50 M M 0 15 50
17 90 55 73 16 0 8 0.00 M M 3.3 9 290 M M 0 13 50
18 84 56 70 13 0 5 0.00 M M 3.7 10 290 M M 1 13 50
19 85 52 69 11 0 4 0.00 M M 5.5 15 320 M M 0 19 320
20 81 54 68 10 0 3 0.00 M M 6.6 20 330 M M 2 24 320
21 66 49 58 0 7 0 0.00 M M 8.4 22 330 M M 6 26 330
22 66 45 56 -2 9 0 0.00 M M 5.3 18 300 M M 8 23 300
23 66 42 54 -4 11 0 T M M 4.6 13 310 M M 6 17 310
24 75 44 60 2 5 0 0.00 M M 5.7 16 340 M M 3 20 340
25 82 46 64 6 1 0 0.00 M M 5.9 14 30 M M 0 19 40
26 86 52 69 11 0 4 0.00 M M 5.8 20 320 M M 1 24 330
27 74 50 62 3 3 0 0.00 M M 6.5 18 340 M M 3 25 340
28 72 42 57 -2 8 0 0.00 M M 4.3 14 330 M M 1 17 320
29 79 44 62 3 3 0 0.00 M M 6.9 20 330 M M 0 23 310
30 67 43 55 -4 10 0 0.00 M M 8.2 20 310 M M 3 26 310
31 64 39 52 -7 13 0 0.00 M M 6.6 17 310 M M 5 24 310
================================================================================
SM 2309 1478 167 55 0.89 M 157.2 M 106
================================================================================
AV 74.5 47.7 5.1 FASTST M M 3 MAX(MPH)
MISC ----> 31 330 35 350
================================================================================
NOTES:
# LAST OF SEVERAL OCCURRENCES
COLUMN 17 PEAK WIND IN M.P.H.
PRELIMINARY LOCAL CLIMATOLOGICAL DATA (WS FORM: F-6) , PAGE 2
STATION: HILLSBORO OR
MONTH: MAY
YEAR: 2023
LATITUDE: 45 32 N
LONGITUDE: 122 57 W
[TEMPERATURE DATA] [PRECIPITATION DATA] SYMBOLS USED IN COLUMN 16
AVERAGE MONTHLY: 61.1 TOTAL FOR MONTH: 0.89 1 = FOG OR MIST
DPTR FM NORMAL: 4.4 DPTR FM NORMAL: -1.13 2 = FOG REDUCING VISIBILITY
HIGHEST: 92 ON 13 GRTST 24HR 0.59 ON 4- 4 TO 1/4 MILE OR LESS
LOWEST: 39 ON 31 3 = THUNDER
SNOW, ICE PELLETS, HAIL 4 = ICE PELLETS
TOTAL MONTH: M 5 = HAIL
GRTST 24HR M ON M 6 = FREEZING RAIN OR DRIZZLE
GRTST DEPTH: M ON M 7 = DUSTSTORM OR SANDSTORM:
VSBY 1/2 MILE OR LESS
8 = SMOKE OR HAZE
[NO. OF DAYS WITH] [WEATHER - DAYS WITH] 9 = BLOWING SNOW
X = TORNADO
MAX 32 OR BELOW: 0 0.01 INCH OR MORE: 3
MAX 90 OR ABOVE: 3 0.10 INCH OR MORE: 2
MIN 32 OR BELOW: 0 0.50 INCH OR MORE: 1
MIN 0 OR BELOW: 0 1.00 INCH OR MORE: 0
[HDD (BASE 65) ]
TOTAL THIS MO. 167 CLEAR (SCALE 0-3) 18
DPTR FM NORMAL -99 PTCLDY (SCALE 4-7) 10
TOTAL FM JUL 1 4628 CLOUDY (SCALE 8-10) 3
DPTR FM NORMAL -58
[CDD (BASE 65) ]
TOTAL THIS MO. 55
DPTR FM NORMAL 46 [PRESSURE DATA]
TOTAL FM JAN 1 59 HIGHEST SLP 30.26 ON 22
DPTR FM NORMAL 49 LOWEST SLP 29.60 ON 2
[REMARKS]
#FINAL-05-23#