000
CXUS53 KGID 011325
CF6HJH
PRELIMINARY LOCAL CLIMATOLOGICAL DATA (WS FORM: F-6)
STATION: HEBRON NE
MONTH: JULY
YEAR: 2021
LATITUDE: 40 9 N
LONGITUDE: 97 35 W
TEMPERATURE IN F: :PCPN: SNOW: WIND :SUNSHINE: SKY :PK WND
================================================================================
1 2 3 4 5 6A 6B 7 8 9 10 11 12 13 14 15 16 17 18
12Z AVG MX 2MIN
DY MAX MIN AVG DEP HDD CDD WTR SNW DPTH SPD SPD DIR MIN PSBL S-S WX SPD DR
================================================================================
1 86 63 75 M 0 10 0.00 M M 4.3 13 50 M M 2 17 60
2 88 58 73 M 0 8 0.00 M M 2.5 10 140 M M 4 18 M M
3 90 57 74 M 0 9 0.00 M M 5.4 14 200 M M 1 1 21 200
4 91 64 78 M 0 13 0.00 M M 7.9 13 200 M M 1 18 200
5 92 69 81 M 0 16 0.00 M M 7.3 12 190 M M 2 16 200
6 91 67 79 M 0 14 T M M 6.0 10 210 M M 2 17 190
7 83 60 72 M 0 7 0.00 M M 6.8 13 360 M M 7 1 17 340
8 89 55 72 M 0 7 0.00 M M 6.7 15 160 M M 1 1 21 180
9 97 67 82 M 0 17 0.32 M M 9.4 24 320 M M 1 3 43 320
10 85 67 76 M 0 11 0.28 M M 6.8 14 320 M M 6 3 23 0
11 81 63 72 M 0 7 0.00 M M 9.5 18 20 M M 6 1 24 20
12 84 56 70 M 0 5 0.00 M M 1.2 6 330 M M 1 1 M M
13 91 58 75 M 0 10 0.00 M M 2.8 7 140 M M 0 M M
14 89 72 81 M 0 16 0.11 M M 4.8 13 210 M M 4 38 23 200
15 80 68 74 M 0 9 0.11 M M 5.4 10 80 M M 8 17 60
16 86 67 77 M 0 12 0.00 M M 3.3 9 90 M M 6 12 M M
17 86 66 76 M 0 11 0.15 M M 3.5 23 140 M M 3 1 33 140
18 84 63 74 M 0 9 0.00 M M 4.2 10 120 M M 4 1 17 120
19 85 59 72 M 0 7 0.00 M M 3.0 9 60 M M 2 1 M M
20 86 60 73 M 0 8 0.00 M M 2.3 9 140 M M 2 1 M M
21 86 62 74 M 0 9 0.00 M M 6.5 12 190 M M 2 17 230
22 91 65 78 M 0 13 0.00 M M 8.4 13 180 M M 0 21 190
23 95 68 82 M 0 17 0.00 M M 8.1 13 210 M M 0 20 200
24 96 73 85 M 0 20 0.00 M M 5.3 13 250 M M 1 3 18 250
25 82 68 75 M 0 10 1.17 M M 2.9 12 190 M M 3 13 22 210
26 89 67 78 M 0 13 0.00 M M 5.3 12 150 M M 2 1 17 140
27 93 69 81 M 0 16 0.00 M M 4.2 9 210 M M 0 M M
28 95 71 83 M 0 18 0.00 M M 6.1 12 210 M M 0 17 210
29 97 72 85 M 0 20 0.00 M M 5.1 13 210 M M 1 18 210
30 96 76 86 M 0 21 0.00 M M 2.9 6 190 M M 4 1 M M
31 81 68 75 M 0 10 0.00 M M 6.0 15 30 M M 5 18 29 30
================================================================================
SM 2745 2018 0 373 2.14 M 163.9 M 81
================================================================================
AV 88.5 65.1 5.3 FASTST M M 3 MAX(MPH)
MISC ----> 24 320 M M
================================================================================
NOTES:
# LAST OF SEVERAL OCCURRENCES
COLUMN 17 PEAK WIND IN M.P.H.
PRELIMINARY LOCAL CLIMATOLOGICAL DATA (WS FORM: F-6) , PAGE 2
STATION: HEBRON NE
MONTH: JULY
YEAR: 2021
LATITUDE: 40 9 N
LONGITUDE: 97 35 W
[TEMPERATURE DATA] [PRECIPITATION DATA] SYMBOLS USED IN COLUMN 16
AVERAGE MONTHLY: 76.8 TOTAL FOR MONTH: 2.14 1 = FOG OR MIST
DPTR FM NORMAL: 0.0 DPTR FM NORMAL: M 2 = FOG REDUCING VISIBILITY
HIGHEST: 97 ON 29, 9 GRTST 24HR 1.17 ON 25-25 TO 1/4 MILE OR LESS
LOWEST: 55 ON 8 3 = THUNDER
SNOW, ICE PELLETS, HAIL 4 = ICE PELLETS
TOTAL MONTH: M 5 = HAIL
GRTST 24HR M ON M 6 = FREEZING RAIN OR DRIZZLE
GRTST DEPTH: M ON M 7 = DUSTSTORM OR SANDSTORM:
VSBY 1/2 MILE OR LESS
8 = SMOKE OR HAZE
[NO. OF DAYS WITH] [WEATHER - DAYS WITH] 9 = BLOWING SNOW
X = TORNADO
MAX 32 OR BELOW: 0 0.01 INCH OR MORE: 6
MAX 90 OR ABOVE: 13 0.10 INCH OR MORE: 6
MIN 32 OR BELOW: 0 0.50 INCH OR MORE: 1
MIN 0 OR BELOW: 0 1.00 INCH OR MORE: 1
[HDD (BASE 65) ]
TOTAL THIS MO. 0 CLEAR (SCALE 0-3) 20
DPTR FM NORMAL M PTCLDY (SCALE 4-7) 11
TOTAL FM JUL 1 0 CLOUDY (SCALE 8-10) 0
DPTR FM NORMAL M
[CDD (BASE 65) ]
TOTAL THIS MO. 373
DPTR FM NORMAL M [PRESSURE DATA]
TOTAL FM JAN 1 812 HIGHEST SLP M ON M
DPTR FM NORMAL 801 LOWEST SLP M ON M
[REMARKS]
#FINAL-07-21#