000
CXUS54 KJAN 011510
CF6HKS
PRELIMINARY LOCAL CLIMATOLOGICAL DATA (WS FORM: F-6)
STATION: JACKSON HAWKINS
MONTH: NOVEMBER
YEAR: 2023
LATITUDE: 32 20 N
LONGITUDE: 90 14 W
TEMPERATURE IN F: :PCPN: SNOW: WIND :SUNSHINE: SKY :PK WND
================================================================================
1 2 3 4 5 6A 6B 7 8 9 10 11 12 13 14 15 16 17 18
12Z AVG MX 2MIN
DY MAX MIN AVG DEP HDD CDD WTR SNW DPTH SPD SPD DIR MIN PSBL S-S WX SPD DR
================================================================================
1 56 34 45 -16 20 0 0.00 0.0 0 6.3 15 40 M M 0 24 50
2 65 28 47 -13 18 0 0.00 0.0 0 2.1 14 160 M M 0 8 19 150
3 74 33 54 -6 11 0 0.00 0.0 0 2.0 9 90 M M 0 15 100
4 79 42 61 2 4 0 0.00 0.0 0 1.2 8 100 M M 0 14 110
5 80 45 63 4 2 0 0.00 0.0 0 1.2 12 280 M M 0 15 310
6 83 48 66 7 0 1 0.00 0.0 0 3.6 13 210 M M 0 18 150
7 84 52 68 10 0 3 0.00 0.0 0 5.3 15 180 M M 1 25 240
8 86 56 71 13 0 6 0.00 0.0 0 7.8 17 170 M M 1 12 25 180
9 81 60 71 13 0 6 0.00 0.0 0 3.5 13 310 M M 3 1 15 290
10 62 55 59 2 6 0 0.58 0.0 0 6.2 10 50 M M 9 1 17 30
11 60 53 57 0 8 0 0.23 0.0 0 5.0 9 80 M M 10 1 17 80
12 67 57 62 5 3 0 0.00 0.0 0 3.1 9 20 M M 9 1 14 50
13 64 56 60 4 5 0 0.00 0.0 0 3.6 13 50 M M 1 18 70
14 65 55 60 4 5 0 0.49 0.0 0 5.3 14 120 M M 7 1 21 120
15 61 53 57 1 8 0 0.30 0.0 0 6.4 15 80 M M 10 1 22 80
16 70 58 64 9 1 0 T 0.0 0 5.8 14 100 M M 10 1 18 110
17 72 62 67 12 0 2 T 0.0 0 3.5 12 280 M M 10 1 16 310
18 71 45 58 3 7 0 0.00 0.0 0 5.8 15 310 M M 5 23 320
19 70 39 55 0 10 0 0.00 0.0 0 0.7 8 130 M M 0 8 11 100
20 81 47 64 10 1 0 0.46 0.0 0 8.7 18 120 M M 6 13 29 170
21 60 48 54 0 11 0 T 0.0 0 9.0 18 300 M M 10 12 26 300
22 56 40 48 -6 17 0 0.00 0.0 0 4.8 13 300 M M 5 1 18 300
23 53 36 45 -9 20 0 T 0.0 0 1.3 7 210 M M 1 1 10 190
24 61 43 52 -1 13 0 0.01 0.0 0 2.1 9 320 M M 7 1 13 290
25 65 36 51 -2 14 0 0.00 0.0 0 1.9 7 140 M M 0 18 11 80
26 61 40 51 -2 14 0 0.06 0.0 0 7.6 17 300 M M 6 1 25 350
27 51 32 42 -11 23 0 0.00 0.0 0 4.6 14 300 M M 0 17 310
28 59 34 47 -5 18 0 0.00 0.0 M 2.2 10 320 M M 0 15 30
29 63 30 47 -5 18 0 0.00 0.0 M 2.6 9 240 M M 0 16 220
30 62 37 50 -2 15 0 0.15 0.0 M 10.0 22 140 M M 4 1 28 150
================================================================================
SM 2022 1354 272 18 2.28 0.0 133.2 M 115
================================================================================
AV 67.4 45.1 4.4 FASTST M M 4 MAX(MPH)
MISC ----> 22 140 29 170
================================================================================
NOTES:
# LAST OF SEVERAL OCCURRENCES
COLUMN 17 PEAK WIND IN M.P.H.
PRELIMINARY LOCAL CLIMATOLOGICAL DATA (WS FORM: F-6) , PAGE 2
STATION: JACKSON HAWKINS
MONTH: NOVEMBER
YEAR: 2023
LATITUDE: 32 20 N
LONGITUDE: 90 14 W
[TEMPERATURE DATA] [PRECIPITATION DATA] SYMBOLS USED IN COLUMN 16
AVERAGE MONTHLY: 56.3 TOTAL FOR MONTH: 2.28 1 = FOG OR MIST
DPTR FM NORMAL: 0.4 DPTR FM NORMAL: -1.92 2 = FOG REDUCING VISIBILITY
HIGHEST: 86 ON 8 GRTST 24HR 0.65 ON 10-11 TO 1/4 MILE OR LESS
LOWEST: 28 ON 2 3 = THUNDER
SNOW, ICE PELLETS, HAIL 4 = ICE PELLETS
TOTAL MONTH: 0.0 INCH 5 = HAIL
GRTST 24HR 0.0 6 = FREEZING RAIN OR DRIZZLE
GRTST DEPTH: 0 7 = DUSTSTORM OR SANDSTORM:
VSBY 1/2 MILE OR LESS
8 = SMOKE OR HAZE
[NO. OF DAYS WITH] [WEATHER - DAYS WITH] 9 = BLOWING SNOW
X = TORNADO
MAX 32 OR BELOW: 0 0.01 INCH OR MORE: 8
MAX 90 OR ABOVE: 0 0.10 INCH OR MORE: 6
MIN 32 OR BELOW: 3 0.50 INCH OR MORE: 1
MIN 0 OR BELOW: 0 1.00 INCH OR MORE: 0
[HDD (BASE 65) ]
TOTAL THIS MO. 272 CLEAR (SCALE 0-3) 16
DPTR FM NORMAL -21 PTCLDY (SCALE 4-7) 7
TOTAL FM JUL 1 335 CLOUDY (SCALE 8-10) 7
DPTR FM NORMAL -36
[CDD (BASE 65) ]
TOTAL THIS MO. 18
DPTR FM NORMAL -1 [PRESSURE DATA]
TOTAL FM JAN 1 2857 HIGHEST SLP 30.46 ON 1
DPTR FM NORMAL 344 LOWEST SLP 29.65 ON 20
[REMARKS]
#FINAL-11-23#