000
CXUS52 KGSP 010817
CF6HKY
PRELIMINARY LOCAL CLIMATOLOGICAL DATA (WS FORM: F-6)
STATION: HICKORY NC
MONTH: AUGUST
YEAR: 2022
LATITUDE: 35 45 N
LONGITUDE: 81 23 W
TEMPERATURE IN F: :PCPN: SNOW: WIND :SUNSHINE: SKY :PK WND
================================================================================
1 2 3 4 5 6A 6B 7 8 9 10 11 12 13 14 15 16 17 18
12Z AVG MX 2MIN
DY MAX MIN AVG DEP HDD CDD WTR SNW DPTH SPD SPD DIR MIN PSBL S-S WX SPD DR
================================================================================
1 87 71 79 1 0 14 T M M 4.7 15 240 M M 2 19 250
2 91 69 80 3 0 15 0.00 M M 2.4 10 240 M M 0 3 14 220
3 90 70 80 3 0 15 0.00 M M 3.5 14 280 M M 1 19 290
4 87 69 78 1 0 13 0.00 M M 1.4 12 190 M M 1 16 190
5 87 69 78 1 0 13 0.01 M M 3.5 12 200 M M 1 13 15 190
6 89 69 79 2 0 14 3.45 M M 3.6 29 280 M M 6 1238 40 290
7 88 69 79 2 0 14 0.00 M M 1.6 8 200 M M 6 12 11 210
8 89 71 80 3 0 15 T M M 3.0 15 270 M M 2 13 20 280
9 89 70 80 3 0 15 0.79 M M 3.0 18 180 M M 2 1238 25 180
10 87 70 79 2 0 14 0.76 M M 2.6 15 260 M M 2 1238 20 350
11 86 70 78 1 0 13 0.03 M M 4.2 12 210 M M 5 1 15 280
12 85 67 76 -1 0 11 0.00 M M 5.0 21 60 M M 4 28 50
13 82 64 73 -4 0 8 0.00 M M 2.9 10 60 M M 3 1 14 70
14 82 65 74 -3 0 9 0.03 M M 3.7 14 50 M M 6 13 18 50
15 81 65 73 -4 0 8 0.58 M M 4.1 21 250 M M 8 123 26 250
16 72 64 68 -8 0 3 0.17 M M 4.6 12 60 M M 10 1 14 50
17 80 66 73 -3 0 8 0.01 M M 3.7 15 30 M M 8 21 20
18 82 64 73 -3 0 8 0.15 M M 2.0 9 220 M M 7 1 13 210
19 81 66 74 -2 0 9 0.02 M M 2.1 9 50 M M 7 12 13 80
20 85 67 76 0 0 11 0.00 M M 1.6 8 190 M M 6 11 180
21 81 69 75 -1 0 10 0.93 M M 3.5 21 190 M M 6 13 27 200
22 84 69 77 1 0 12 0.00 M M 3.0 10 360 M M 4 123 13 360
23 85 66 76 0 0 11 0.00 M M 1.7 8 220 M M 2 11 120
24 86 67 77 1 0 12 0.00 M M 2.2 10 260 M M 4 13 280
25 84 69 77 1 0 12 0.00 M M 1.7 10 190 M M 3 1 14 200
26 86 65 76 1 0 11 T M M 1.9 16 50 M M 5 123 21 70
27 89 67 78 3 0 13 0.00 M M 2.8 9 30 M M 2 12 16 50
28 90 68 79 4 0 14 0.00 M M 1.6 9 30 M M 3 1 14 70
29 89 69 79 4 0 14 0.00 M M 2.0 9 190 M M 2 1 14 200
30 88 69 79 4 0 14 0.93 M M 3.7 20 320 M M 4 123 27 360
31 86 64 75 0 0 10 0.00 M M 2.6 9 240 M M 1 12 14 280
================================================================================
SM 2648 2097 0 363 7.86 M 89.9 M 123
================================================================================
AV 85.4 67.6 2.9 FASTST M M 4 MAX(MPH)
MISC ----> 29 280 40 290
================================================================================
NOTES:
# LAST OF SEVERAL OCCURRENCES
COLUMN 17 PEAK WIND IN M.P.H.
PRELIMINARY LOCAL CLIMATOLOGICAL DATA (WS FORM: F-6) , PAGE 2
STATION: HICKORY NC
MONTH: AUGUST
YEAR: 2022
LATITUDE: 35 45 N
LONGITUDE: 81 23 W
[TEMPERATURE DATA] [PRECIPITATION DATA] SYMBOLS USED IN COLUMN 16
AVERAGE MONTHLY: 76.5 TOTAL FOR MONTH: 7.86 1 = FOG OR MIST
DPTR FM NORMAL: 0.1 DPTR FM NORMAL: 3.28 2 = FOG REDUCING VISIBILITY
HIGHEST: 91 ON 2 GRTST 24HR 3.45 ON 6- 6 TO 1/4 MILE OR LESS
LOWEST: 64 ON 31,18 3 = THUNDER
SNOW, ICE PELLETS, HAIL 4 = ICE PELLETS
TOTAL MONTH: M 5 = HAIL
GRTST 24HR M ON M 6 = FREEZING RAIN OR DRIZZLE
GRTST DEPTH: M ON M 7 = DUSTSTORM OR SANDSTORM:
VSBY 1/2 MILE OR LESS
8 = SMOKE OR HAZE
[NO. OF DAYS WITH] [WEATHER - DAYS WITH] 9 = BLOWING SNOW
X = TORNADO
MAX 32 OR BELOW: 0 0.01 INCH OR MORE: 13
MAX 90 OR ABOVE: 3 0.10 INCH OR MORE: 8
MIN 32 OR BELOW: 0 0.50 INCH OR MORE: 6
MIN 0 OR BELOW: 0 1.00 INCH OR MORE: 1
[HDD (BASE 65) ]
TOTAL THIS MO. 0 CLEAR (SCALE 0-3) 14
DPTR FM NORMAL 0 PTCLDY (SCALE 4-7) 14
TOTAL FM JUL 1 0 CLOUDY (SCALE 8-10) 3
DPTR FM NORMAL 0
[CDD (BASE 65) ]
TOTAL THIS MO. 363
DPTR FM NORMAL 11 [PRESSURE DATA]
TOTAL FM JAN 1 1369 HIGHEST SLP 30.25 ON 6
DPTR FM NORMAL 189 LOWEST SLP 29.81 ON 15
[REMARKS]
#FINAL-08-22#