000
CXUS54 KMAF 011210
CF6HOB
PRELIMINARY LOCAL CLIMATOLOGICAL DATA (WS FORM: F-6)
STATION: LEA AIRPORT, HOBBS
MONTH: NOVEMBER
YEAR: 2022
LATITUDE: 32 40 N
LONGITUDE: 103-12 E
TEMPERATURE IN F: :PCPN: SNOW: WIND :SUNSHINE: SKY :PK WND
================================================================================
1 2 3 4 5 6A 6B 7 8 9 10 11 12 13 14 15 16 17 18
12Z AVG MX 2MIN
DY MAX MIN AVG DEP HDD CDD WTR SNW DPTH SPD SPD DIR MIN PSBL S-S WX SPD DR
================================================================================
1 72 45 59 M 6 0 0.00 M M 9.1 14 150 M M 3 12 20 180
2 77 54 66 M 0 1 0.00 M M 13.9 20 170 M M 4 1 26 170
3 81 57 69 M 0 4 0.00 M M 14.7 20 170 M M 5 32 190
4 63 39 51 M 14 0 0.00 M M 13.5 28 260 M M 3 1 37 260
5 70 32 51 M 14 0 0.00 M M 11.5 20 230 M M 0 24 220
6 81 50 66 M 0 1 0.00 M M 9.4 16 250 M M 0 21 290
7 70 45 58 M 7 0 0.00 M M 10.7 16 150 M M 4 17 80
8 75 59 67 M 0 2 0.00 M M 14.5 23 140 M M 7 1 31 140
9 79 59 69 M 0 4 0.00 M M 17.9 22 160 M M 5 32 150
10 72 50 61 M 4 0 0.00 M M 8.8 18 180 M M 2 12 25 180
11 50 30 40 M 25 0 0.00 M M 13.2 22 20 M M 1 30 20
12 52 23 38 M 27 0 0.00 M M 6.7 13 160 M M 0 17 160
13 54 27 41 M 24 0 0.00 M M 11.2 18 130 M M 0 22 140
14 45 25 35 M 30 0 0.00 M M 12.2 23 310 M M 2 32 310
15 48 21 35 M 30 0 0.00 M M 6.8 10 80 M M 2 16 80
16 45 32 39 M 26 0 0.00 M M 5.6 13 80 M M 8 20 80
17 54 21 38 M 27 0 0.00 M M 7.7 17 190 M M 1 23 190
18 39 25 32 M 33 0 0.00 M M 14.5 21 20 M M 5 25 20
19 41 30 36 M 29 0 0.00 M M 6.6 12 360 M M 9 16 20
20 46 23 35 M 30 0 0.00 M M 6.5 10 200 M M 5 1 16 170
21 57 27 42 M 23 0 0.00 M M 6.0 10 240 M M 4 12 16 200
22 61 27 44 M 21 0 0.00 M M 7.9 21 190 M M 2 12 22 190
23 68 36 52 M 13 0 0.01 M M 7.7 16 240 M M 5 12 23 220
24 52 36 44 M 21 0 0.03 M M 18.4 32 340 M M 5 12 37 360
25 37 32 35 M 30 0 0.12 M M 15.6 23 360 M M 10 1 31 360
26 45 32 39 M 26 0 0.04 M M 12.3 21 260 M M 4 1 24 230
27 55 34 45 M 20 0 0.00 M M 9.6 18 350 M M 0 M M
28 63 30 47 M 18 0 0.00 M M 11.0 23 230 M M 0 32 230
29 66 30 48 M 17 0 0.00 M M 14.3 30 250 M M 0 41 250
30 43 23 33 M 32 0 0.00 M M 8.6 15 110 M M 1 20 20
================================================================================
SM 1761 1054 547 12 0.20 M 326.2 M 97
================================================================================
AV 58.7 35.1 10.9 FASTST M M 3 MAX(MPH)
MISC ----> 32 340 41 250
================================================================================
NOTES:
# LAST OF SEVERAL OCCURRENCES
COLUMN 17 PEAK WIND IN M.P.H.
PRELIMINARY LOCAL CLIMATOLOGICAL DATA (WS FORM: F-6) , PAGE 2
STATION: LEA AIRPORT, HOBBS
MONTH: NOVEMBER
YEAR: 2022
LATITUDE: 32 40 N
LONGITUDE: 103-12 E
[TEMPERATURE DATA] [PRECIPITATION DATA] SYMBOLS USED IN COLUMN 16
AVERAGE MONTHLY: 46.9 TOTAL FOR MONTH: 0.20 1 = FOG OR MIST
DPTR FM NORMAL: 0.0 DPTR FM NORMAL: M 2 = FOG REDUCING VISIBILITY
HIGHEST: 81 ON 6, 3 GRTST 24HR 0.12 ON 25-25 TO 1/4 MILE OR LESS
LOWEST: 21 ON 17,15 3 = THUNDER
SNOW, ICE PELLETS, HAIL 4 = ICE PELLETS
TOTAL MONTH: M 5 = HAIL
GRTST 24HR M ON M 6 = FREEZING RAIN OR DRIZZLE
GRTST DEPTH: M ON M 7 = DUSTSTORM OR SANDSTORM:
VSBY 1/2 MILE OR LESS
8 = SMOKE OR HAZE
[NO. OF DAYS WITH] [WEATHER - DAYS WITH] 9 = BLOWING SNOW
X = TORNADO
MAX 32 OR BELOW: 0 0.01 INCH OR MORE: 4
MAX 90 OR ABOVE: 0 0.10 INCH OR MORE: 1
MIN 32 OR BELOW: 18 0.50 INCH OR MORE: 0
MIN 0 OR BELOW: 0 1.00 INCH OR MORE: 0
[HDD (BASE 65) ]
TOTAL THIS MO. 547 CLEAR (SCALE 0-3) 16
DPTR FM NORMAL M PTCLDY (SCALE 4-7) 11
TOTAL FM JUL 1 691 CLOUDY (SCALE 8-10) 3
DPTR FM NORMAL M
[CDD (BASE 65) ]
TOTAL THIS MO. 12
DPTR FM NORMAL M [PRESSURE DATA]
TOTAL FM JAN 1 2231 HIGHEST SLP M ON M
DPTR FM NORMAL M LOWEST SLP M ON M
[REMARKS]
#FINAL-11-22#