000
CXUS53 KFSD 012012
CF6HON
PRELIMINARY LOCAL CLIMATOLOGICAL DATA (WS FORM: F-6)
STATION: HURON
MONTH: JANUARY
YEAR: 2022
LATITUDE: 44 22 N
LONGITUDE: 98 13 W
TEMPERATURE IN F: :PCPN: SNOW: WIND :SUNSHINE: SKY :PK WND
================================================================================
1 2 3 4 5 6A 6B 7 8 9 10 11 12 13 14 15 16 17 18
12Z AVG MX 2MIN
DY MAX MIN AVG DEP HDD CDD WTR SNW DPTH SPD SPD DIR MIN PSBL S-S WX SPD DR
================================================================================
1 -1 -12 -6 -23 71 0 0.00 0.0 1 9.0 17 350 M M 2 22 340
2 17 -16 1 -15 64 0 0.00 0.0 1 8.3 15 170 M M 0 20 170
3 33 6 20 4 45 0 0.00 0.0 1 4.3 9 140 M M 0 13 120
4 21 4 13 -3 52 0 T T 1 19.2 41 320 M M 4 9 53 320
5 6 -5 1 -15 64 0 0.00 0.0 1 23.4 36 310 M M 9 9 51 310
6 -3 -14 -8 -24 73 0 0.00 0.0 1 10.9 24 340 M M 1 30 340
7 22 -8 7 -9 58 0 0.00 0.0 1 18.2 32 170 M M 4 48 150
8 34 3 19 3 46 0 T T 1 17.2 32 330 M M 1 43 330
9 19 -5 7 -9 58 0 0.00 0.0 1 7.4 16 320 M M 2 20 320
10 20 -1 10 -6 55 0 0.00 0.0 1 7.7 20 160 M M 3 29 150
11 51 11 31 15 34 0 0.00 0.0 T 12.6 35 310 M M 0 46 310
12 48 25 37 21 28 0 0.00 0.0 0 9.4 17 320 M M 3 22 320
13 36 23 30 14 35 0 T T 0 9.4 17 350 M M 5 1 23 350
14 27 1 14 -2 51 0 0.15 1.0 T 14.2 24 20 M M 9 126 35 30
15 20 -8 6 -10 59 0 0.00 0.0 1 9.8 20 160 M M 0 1 28 160
16 43 18 31 15 34 0 0.00 0.0 1 10.8 26 330 M M 5 35 350
17 45 21 33 17 32 0 0.00 0.0 T 6.3 13 170 M M 3 18 170
18 51 6 29 13 36 0 0.00 0.0 0 19.4 38 330 M M 2 49 330
19 9 -8 1 -15 64 0 0.00 0.0 0 15.3 29 330 M M 0 40 340
20 14 -10 2 -14 63 0 0.00 0.0 0 8.0 20 160 M M 0 29 160
21 35 7 21 5 44 0 0.04 0.3 0 13.9 23 190 M M 4 1 35 170
22 42 3 23 7 42 0 T T T 11.7 40 320 M M 6 1 50 330
23 34 0 17 1 48 0 0.01 0.1 T 8.6 21 360 M M 8 19 27 170
24 38 -9 15 -1 50 0 0.01 0.1 T 12.3 26 10 M M 5 19 40 20
25 10 -9 1 -15 64 0 0.00 0.0 T 8.0 16 360 M M 0 20 340
26 41 -2 20 4 45 0 0.00 0.0 T 13.8 26 320 M M 3 36 310
27 32 -1 16 0 49 0 T T 0 12.1 26 40 M M 6 32 40
28 40 2 21 5 44 0 0.00 0.0 0 7.5 13 180 M M 3 17 190
29 48 10 29 13 36 0 0.00 0.0 0 10.4 25 340 M M 0 33 320
30 32 7 20 3 45 0 0.00 0.0 0 8.0 16 170 M M 1 23 160
31 50 15 33 16 32 0 0.00 0.0 0 10.1 25 290 M M 0 35 280
================================================================================
SM 914 54 1521 0 0.21 1.5 357.2 M 89
================================================================================
AV 29.5 1.7 11.5 FASTST M M 3 MAX(MPH)
MISC ----> 41 320 53 320
================================================================================
NOTES:
# LAST OF SEVERAL OCCURRENCES
-COLUMN 17 PEAK WIND IN M.P.H.
-PRECIPITATION AMOUNTS IN COLUMNS 7,8 AND 9 ARE THE OFFICIAL
PRECIPITATION AMOUNTS FOR HURON, SD.
-SNOW DEPTH IN COLUMN 9 IS RECORDED AT 6 AM CST (12Z).
PRELIMINARY LOCAL CLIMATOLOGICAL DATA (WS FORM: F-6) , PAGE 2
STATION: HURON
MONTH: JANUARY
YEAR: 2022
LATITUDE: 44 22 N
LONGITUDE: 98 13 W
[TEMPERATURE DATA] [PRECIPITATION DATA] SYMBOLS USED IN COLUMN 16
AVERAGE MONTHLY: 15.6 TOTAL FOR MONTH: 0.21 1 = FOG OR MIST
DPTR FM NORMAL: -0.4 DPTR FM NORMAL: -0.37 2 = FOG REDUCING VISIBILITY
HIGHEST: 51 ON 18,11 GRTST 24HR 0.15 ON 14-14 TO 1/4 MILE OR LESS
LOWEST: -16 ON 2 3 = THUNDER
SNOW, ICE PELLETS, HAIL 4 = ICE PELLETS
TOTAL MONTH: 2.0 INCHES 5 = HAIL
GRTST 24HR 1.0 ON 14-14 6 = FREEZING RAIN OR DRIZZLE
GRTST DEPTH: 1 ON 16,15 7 = DUSTSTORM OR SANDSTORM:
VSBY 1/2 MILE OR LESS
8 = SMOKE OR HAZE
[NO. OF DAYS WITH] [WEATHER - DAYS WITH] 9 = BLOWING SNOW
X = TORNADO
MAX 32 OR BELOW: 15 0.01 INCH OR MORE: 4
MAX 90 OR ABOVE: 0 0.10 INCH OR MORE: 1
MIN 32 OR BELOW: 31 0.50 INCH OR MORE: 0
MIN 0 OR BELOW: 15 1.00 INCH OR MORE: 0
[HDD (BASE 65) ]
TOTAL THIS MO. 1521 CLEAR (SCALE 0-3) 19
DPTR FM NORMAL 2 PTCLDY (SCALE 4-7) 10
TOTAL FM JUL 1 4033 CLOUDY (SCALE 8-10) 2
DPTR FM NORMAL -528
[CDD (BASE 65) ]
TOTAL THIS MO. 0
DPTR FM NORMAL 0 [PRESSURE DATA]
TOTAL FM JAN 1 0 HIGHEST SLP 30.81 ON 20
DPTR FM NORMAL 0 LOWEST SLP 29.40 ON 31
[REMARKS]
#FINAL-01-22#