000
CXUS53 KFSD 011917
CF6HON
PRELIMINARY LOCAL CLIMATOLOGICAL DATA (WS FORM: F-6)
STATION: HURON
MONTH: FEBRUARY
YEAR: 2024
LATITUDE: 44 22 N
LONGITUDE: 98 13 W
TEMPERATURE IN F: :PCPN: SNOW: WIND :SUNSHINE: SKY :PK WND
================================================================================
1 2 3 4 5 6A 6B 7 8 9 10 11 12 13 14 15 16 17 18
12Z AVG MX 2MIN
DY MAX MIN AVG DEP HDD CDD WTR SNW DPTH SPD SPD DIR MIN PSBL S-S WX SPD DR
================================================================================
1 51 24 38 21 27 0 0.00 0.0 2 4.3 9 110 M M 1 12 13 100
2 41 31 36 19 29 0 0.00 0.0 2 9.1 18 150 M M 7 1 28 160
3 40 34 37 20 28 0 0.00 0.0 1 9.0 15 120 M M 10 1 22 140
4 40 34 37 20 28 0 0.00 0.0 1 3.9 9 110 M M 10 12 11 120
5 41 32 37 19 28 0 0.00 0.0 1 10.2 18 170 M M 7 1 28 170
6 53 34 44 26 21 0 0.00 0.0 T 9.0 15 150 M M 5 12 23 170
7 54 38 46 28 19 0 0.00 0.0 T 13.4 23 160 M M 3 32 160
8 46 32 39 21 26 0 0.05 T 0 15.5 26 290 M M 10 1 34 290
9 36 30 33 15 32 0 0.00 0.0 0 15.0 25 310 M M 10 34 290
10 35 25 30 11 35 0 0.00 0.0 0 7.3 13 300 M M 10 21 320
11 48 21 35 16 30 0 0.00 0.0 0 8.8 20 260 M M 1 27 240
12 45 21 33 14 32 0 0.00 0.0 0 6.2 16 310 M M 0 21 320
13 45 24 35 15 30 0 T 0.0 0 7.5 15 160 M M 8 21 160
14 30 14 22 2 43 0 0.51 7.7 0 9.2 17 360 M M 8 12 23 10
15 23 -3 10 -10 55 0 0.00 0.0 8 3.6 12 320 M M 4 13 320
16 19 4 12 -9 53 0 T T 8 12.2 22 320 M M 5 29 340
17 29 4 17 -4 48 0 0.00 0.0 6 14.3 23 270 M M 0 32 250
18 32 11 22 1 43 0 0.00 0.0 6 6.6 16 300 M M 0 21 280
19 37 21 29 7 36 0 0.00 0.0 5 8.4 18 140 M M 1 27 140
20 43 13 28 6 37 0 0.00 0.0 4 2.2 8 270 M M 0 1 9 60
21 50 22 36 14 29 0 0.00 0.0 2 3.1 8 300 M M 0 1 11 180
22 48 27 38 15 27 0 0.00 0.0 T 9.4 18 320 M M 2 1 23 320
23 42 22 32 9 33 0 0.00 0.0 T 10.2 18 310 M M 3 28 310
24 59 23 41 17 24 0 0.00 0.0 T 10.4 20 270 M M 0 26 260
25 49 33 41 17 24 0 0.00 0.0 0 7.9 15 270 M M 6 20 270
26 69 34 52 27 13 0 0.00 0.0 0 8.0 22 150 M M 0 35 170
27 44 7 26 1 39 0 T T 0 25.5 39 340 M M 7 52 340
28 28 1 15 -11 50 0 0.00 0.0 T 8.4 17 340 M M 0 25 340
29 61 22 42 16 23 0 0.00 0.0 0 11.5 21 170 M M 0 28 170
================================================================================
SM 1238 635 942 0 0.56 7.7 270.1 M 118
================================================================================
AV 42.7 21.9 9.3 FASTST M M 4 MAX(MPH)
MISC ----> 39 340 52 340
================================================================================
NOTES:
# LAST OF SEVERAL OCCURRENCES
-COLUMN 17 PEAK WIND IN M.P.H.
-PRECIPITATION AMOUNTS IN COLUMNS 7,8 AND 9 ARE THE OFFICIAL
PRECIPITATION AMOUNTS FOR HURON, SD.
-SNOW DEPTH IN COLUMN 9 IS RECORDED AT 6 AM CST (12Z).
PRELIMINARY LOCAL CLIMATOLOGICAL DATA (WS FORM: F-6) , PAGE 2
STATION: HURON
MONTH: FEBRUARY
YEAR: 2024
LATITUDE: 44 22 N
LONGITUDE: 98 13 W
[TEMPERATURE DATA] [PRECIPITATION DATA] SYMBOLS USED IN COLUMN 16
AVERAGE MONTHLY: 32.3 TOTAL FOR MONTH: 0.56 1 = FOG OR MIST
DPTR FM NORMAL: 11.8 DPTR FM NORMAL: -0.19 2 = FOG REDUCING VISIBILITY
HIGHEST: 69 ON 26 GRTST 24HR 0.51 ON 14-14 TO 1/4 MILE OR LESS
LOWEST: -3 ON 15 3 = THUNDER
SNOW, ICE PELLETS, HAIL 4 = ICE PELLETS
TOTAL MONTH: 7.7 INCHES 5 = HAIL
GRTST 24HR 7.7 ON 14-14 6 = FREEZING RAIN OR DRIZZLE
GRTST DEPTH: 8 ON 16,15 7 = DUSTSTORM OR SANDSTORM:
VSBY 1/2 MILE OR LESS
8 = SMOKE OR HAZE
[NO. OF DAYS WITH] [WEATHER - DAYS WITH] 9 = BLOWING SNOW
X = TORNADO
MAX 32 OR BELOW: 6 0.01 INCH OR MORE: 2
MAX 90 OR ABOVE: 0 0.10 INCH OR MORE: 1
MIN 32 OR BELOW: 23 0.50 INCH OR MORE: 1
MIN 0 OR BELOW: 1 1.00 INCH OR MORE: 0
[HDD (BASE 65) ]
TOTAL THIS MO. 942 CLEAR (SCALE 0-3) 14
DPTR FM NORMAL -304 PTCLDY (SCALE 4-7) 10
TOTAL FM JUL 1 4903 CLOUDY (SCALE 8-10) 5
DPTR FM NORMAL -985
[CDD (BASE 65) ]
TOTAL THIS MO. 0
DPTR FM NORMAL 0 [PRESSURE DATA]
TOTAL FM JAN 1 0 HIGHEST SLP 30.52 ON 16
DPTR FM NORMAL 0 LOWEST SLP 29.20 ON 27
[REMARKS]
RECORD HIGH DAILY MINIMUM TEMPERATURE WAS ESTABLISHED ON THE 3RD WITH
34 DEGREES. THE PREVIOUS RECORD WAS 33 DEGREES IN 1984.
RECORD HIGH DAILY MINIMUM TEMPERATURE WAS ESTABLISHED ON THE 4TH WITH
34 DEGREES. THE PREVIOUS RECORD WAS 32 DEGREES IN 1927.
RECORD HIGH DAILY MINIMUM TEMPERATURE WAS ESTABLISHED ON THE 5TH WITH
32 DEGREES. THE PREVIOUS RECORD WAS 30 DEGREES IN 1963.
RECORD HIGH DAILY MINIMUM TEMPERATURE WAS ESTABLISHED ON THE 6TH WITH
34 DEGREES. THE PREVIOUS RECORD WAS 32 DEGREES IN 1928.
RECORD HIGH DAILY MINIMUM TEMPERATURE WAS ESTABLISHED ON THE 7TH WITH
38 DEGREES. THE PREVIOUS RECORD WAS 32 DEGREES IN 1999.
RECORD DAILY SNOWFALL WAS ESTABLISHED ON THE 14TH WITH 7.7 INCHES.
THE PREVIOUS RECORD WAS 4.8 INCHES IN 1969.
RECORD HIGH DAILY MAXIMUM TEMPERATURE WAS ESTABLISHED ON THE 26TH WITH
69 DEGREES. THE PREVIOUS RECORD WAS 68 DEGREES IN 1896.
MONTHLY MEAN MAXIMUM TEMPERATURE OF 42.7 DEGREES WAS THE 6TH WARMEST
ON RECORD.
MONTHLY MEAN MINIMUM TEMPERATURE OF 21.9 DEGREES WAS THE 7TH WARMEST
ON RECORD.
MONTHLY MEAN TEMPERATURE OF 32.3 DEGREES WAS A TIE FOR 4TH WARMEST
WITH 1930.
THE WINTER (DEC-FEB) MEAN TEMPERATURE OF 26.5 DEGREES WAS THE 5TH WARMEST
ON RECORD.
#FINAL-02-24#