000
CXUS54 KHGX 072354
CF6HOU
PRELIMINARY LOCAL CLIMATOLOGICAL DATA (WS FORM: F-6)
STATION: HOUSTON/HOBBY AIRPORT
MONTH: JULY
YEAR: 2021
LATITUDE: 29 38 N
LONGITUDE: 95 17 W
TEMPERATURE IN F: :PCPN: SNOW: WIND :SUNSHINE: SKY :PK WND
================================================================================
1 2 3 4 5 6A 6B 7 8 9 10 11 12 13 14 15 16 17 18
12Z AVG MX 2MIN
DY MAX MIN AVG DEP HDD CDD WTR SNW DPTH SPD SPD DIR MIN PSBL S-S WX SPD DR
================================================================================
1 92 78 85 1 0 20 T 0.0 0 4.6 14 150 M M 6 19 140
2 95 78 87 3 0 22 0.13 0.0 0 4.1 15 110 M M 7 3 17 100
3 89 78 84 0 0 19 0.50 0.0 0 4.0 18 50 M M 8 138 22 40
4 92 78 85 1 0 20 0.23 0.0 0 4.5 18 220 M M 8 138 24 220
5 89 78 84 0 0 19 0.57 0.0 0 4.3 24 130 M M 8 138 29 130
6 88 76 82 -2 0 17 1.55 0.0 0 7.1 15 130 M M 8 13 19 130
7 87 75 81 -3 0 16 0.08 0.0 0 7.1 15 180 M M 9 1 22 150
8 89 75 82 -2 0 17 0.26 0.0 0 10.1 24 120 M M 10 1 27 130
9 83 73 78 -6 0 13 1.13 0.0 0 7.2 20 230 M M 10 1 24 230
10 93 79 86 2 0 21 T 0.0 0 9.1 22 190 M M 7 1 26 180
11 94 79 87 3 0 22 T 0.0 0 7.8 17 190 M M 7 18 22 200
12 94 79 87 3 0 22 0.07 0.0 0 6.5 29 340 M M 8 3 37 340
13 92 77 85 0 0 20 0.17 0.0 0 5.1 31 160 M M 6 3 40 160
14 89 76 83 -2 0 18 0.12 0.0 0 5.4 26 110 M M 6 3 30 90
15 91 77 84 -1 0 19 0.06 0.0 0 7.6 20 130 M M 7 38 24 170
16 93 80 87 2 0 22 0.00 0.0 0 8.9 16 190 M M 6 19 200
17 96 78 87 2 0 22 0.00 0.0 0 6.1 15 170 M M 3 19 180
18 94 80 87 2 0 22 T 0.0 0 5.7 16 120 M M 5 3 20 110
19 95 77 86 1 0 21 0.89 0.0 0 6.5 17 210 M M 6 13 22 190
20 92 78 85 0 0 20 0.44 0.0 0 6.1 16 20 M M 7 138 19 20
21 89 76 83 -2 0 18 T 0.0 0 4.1 17 180 M M 6 38 22 180
22 93 78 86 1 0 21 0.00 0.0 0 6.1 16 190 M M 6 19 180
23 96 80 88 3 0 23 0.00 0.0 0 8.1 17 190 M M 3 22 180
24 97 79 88 3 0 23 0.00 0.0 0 7.5 15 140 M M 2 18 180
25 96 78 87 2 0 22 0.00 0.0 0 5.9 14 180 M M 4 16 190
26 98 79 89 4 0 24 0.00 0.0 0 6.1 16 150 M M 3 19 150
27 96 79 88 3 0 23 T 0.0 0 7.4 32 60 M M 8 38 50
28 97 77 87 2 0 22 0.00 0.0 0 5.6 14 110 M M 3 17 110
29 97 81 89 4 0 24 0.00 0.0 0 6.0 17 160 M M 6 21 160
30 97 77 87 2 0 22 1.03 0.0 0 4.8 29 10 M M 6 13 32 360
31 96 80 88 2 0 23 T 0.0 0 6.0 20 170 M M 6 3 26 180
================================================================================
SM 2879 2413 0 637 7.23 0.0 195.4 M 195
================================================================================
AV 92.9 77.8 6.3 FASTST M M 6 MAX(MPH)
MISC ----> 32 60 40 160
================================================================================
NOTES:
# LAST OF SEVERAL OCCURRENCES
COLUMN 17 PEAK WIND IN M.P.H.
PRELIMINARY LOCAL CLIMATOLOGICAL DATA (WS FORM: F-6) , PAGE 2
STATION: HOUSTON/HOBBY AIRPORT
MONTH: JULY
YEAR: 2021
LATITUDE: 29 38 N
LONGITUDE: 95 17 W
[TEMPERATURE DATA] [PRECIPITATION DATA] SYMBOLS USED IN COLUMN 16
AVERAGE MONTHLY: 85.4 TOTAL FOR MONTH: 7.23 1 = FOG OR MIST
DPTR FM NORMAL: 0.6 DPTR FM NORMAL: 2.64 2 = FOG REDUCING VISIBILITY
HIGHEST: 98 ON 26 GRTST 24HR 2.12 ON 5- 6 TO 1/4 MILE OR LESS
LOWEST: 73 ON 9 3 = THUNDER
SNOW, ICE PELLETS, HAIL 4 = ICE PELLETS
TOTAL MONTH: 0.0 INCH 5 = HAIL
GRTST 24HR 0.0 6 = FREEZING RAIN OR DRIZZLE
GRTST DEPTH: 0 7 = DUSTSTORM OR SANDSTORM:
VSBY 1/2 MILE OR LESS
8 = SMOKE OR HAZE
[NO. OF DAYS WITH] [WEATHER - DAYS WITH] 9 = BLOWING SNOW
X = TORNADO
MAX 32 OR BELOW: 0 0.01 INCH OR MORE: 15
MAX 90 OR ABOVE: 23 0.10 INCH OR MORE: 12
MIN 32 OR BELOW: 0 0.50 INCH OR MORE: 6
MIN 0 OR BELOW: 0 1.00 INCH OR MORE: 3
[HDD (BASE 65) ]
TOTAL THIS MO. 0 CLEAR (SCALE 0-3) 3
DPTR FM NORMAL 0 PTCLDY (SCALE 4-7) 24
TOTAL FM JUL 1 0 CLOUDY (SCALE 8-10) 4
DPTR FM NORMAL 0
[CDD (BASE 65) ]
TOTAL THIS MO. 637
DPTR FM NORMAL 25 [PRESSURE DATA]
TOTAL FM JAN 1 2043 HIGHEST SLP 30.20 ON 14
DPTR FM NORMAL 171 LOWEST SLP 29.88 ON 5
[REMARKS]
#FINAL-07-21#