000
CXUS56 KSEW 011035
CLMHQM
CLIMATE REPORT
NATIONAL WEATHER SERVICE SEATTLE
335 AM PDT MON MAY 01 2023
...................................
...THE HOQUIAM WA AIRPORT CLIMATE SUMMARY FOR THE MONTH OF APRIL 2023...
CLIMATE NORMAL PERIOD 1991 TO 2020
CLIMATE RECORD PERIOD 1953 TO 2023
WEATHER OBSERVED NORMAL DEPART LAST YEAR`S
VALUE DATE(S) VALUE FROM VALUE DATE(S)
NORMAL
................................................................
TEMPERATURE (F)
RECORD
HIGH 86 04/28/2023
LOW 27 04/17/1964
HIGHEST 86R 04/28 MM MM 73 04/07
LOWEST 32 04/03 MM MM 33 04/16
AVG. MAXIMUM 54.1 55.6 -1.5 53.9
AVG. MINIMUM 42.8 41.9 0.9 40.3
MEAN 48.4 48.7 -0.3 47.1
DAYS MAX >= 90 0 0.0 0.0 0
DAYS MAX <= 32 0 0.0 0.0 0
DAYS MIN <= 32 1 1.1 -0.1 0
DAYS MIN <= 0 0 0.0 0.0 0
PRECIPITATION (INCHES)
RECORD
MAXIMUM 10.27 1996
MINIMUM 0.78 1956
TOTALS 3.07 5.35 -2.28 7.18
DAILY AVG. 0.13 0.18 -0.05 0.24
DAYS >= .01 14 18.9 -4.9 26
DAYS >= .10 9 12.5 -3.5 15
DAYS >= .50 2 3.3 -1.3 4
DAYS >= 1.00 0 0.7 -0.7 2
GREATEST
24 HR. TOTAL 0.72 04/06 TO 04/07
DEGREE DAYS
HEATING TOTAL 491 488 3 529
SINCE 7/1 3874 4513 -639 MM
COOLING TOTAL 3 0 3 0
SINCE 1/1 3 0 3 MM
................................................................
WIND (MPH)
AVERAGE WIND SPEED 9.4
HIGHEST WIND SPEED/DIRECTION 35/190 DATE 04/09
HIGHEST GUST SPEED/DIRECTION 59/180 DATE 04/09
59/170 04/17
SKY COVER
POSSIBLE SUNSHINE (PERCENT) MM
AVERAGE SKY COVER 0.70
NUMBER OF DAYS FAIR 4
NUMBER OF DAYS PC 11
NUMBER OF DAYS CLOUDY 15
AVERAGE RH (PERCENT) 79
WEATHER CONDITIONS. NUMBER OF DAYS WITH
THUNDERSTORM 0 MIXED PRECIP 0
HEAVY RAIN 0 RAIN 9
LIGHT RAIN 24 FREEZING RAIN 0
LT FREEZING RAIN 0 HAIL 0
HEAVY SNOW 0 SNOW 0
LIGHT SNOW 0 SLEET 0
FOG 20 FOG W/VIS <= 1/4 MILE 0
HAZE 5
- INDICATES NEGATIVE NUMBERS.
R INDICATES RECORD WAS SET OR TIED.
MM INDICATES DATA IS MISSING.
T INDICATES TRACE AMOUNT.
$$