659
CDUS44 KLZK 150633
CLIHRO


CLIMATE REPORT
NATIONAL WEATHER SERVICE LITTLE ROCK AR
1232 AM CST FRI DEC 15 2017


...................................

...THE HARRISON CLIMATE SUMMARY FOR DECEMBER 14 2017...

CLIMATE NORMAL PERIOD 1981 TO 2010
CLIMATE RECORD PERIOD 1891 TO 2017


WEATHER ITEM   OBSERVED TIME   RECORD YEAR NORMAL DEPARTURE LAST
                VALUE   (LST)  VALUE       VALUE  FROM      YEAR
                                                  NORMAL
..................................................................
TEMPERATURE (F)
 YESTERDAY
  MAXIMUM         44    109 AM  74    1929  48     -4       39
  MINIMUM         32   1148 PM   0    1914  28      4       25
  AVERAGE         38                        38      0       32

PRECIPITATION (IN)
  YESTERDAY        0.00          1.76 1987   0.10  -0.10     0.00
  MONTH TO DATE    T                         1.59  -1.59     0.62
  SINCE DEC 1      T                         1.59  -1.59     0.62
  SINCE JAN 1     39.01                     42.53  -3.52    34.71

SNOWFALL (IN)
  YESTERDAY        0.0           7.0  1916   0.0    0.0      0.0
  MONTH TO DATE    0.0                       0.0    0.0      0.0
  SINCE DEC 1      0.0                       0.0    0.0      0.0
  SINCE JUL 1      0.0                       0.5   -0.5      0.0
  SNOW DEPTH       0

DEGREE DAYS
 HEATING
  YESTERDAY       27                        27      0       33
  MONTH TO DATE  292                       352    -60      396
  SINCE DEC 1    292                       352    -60      396
  SINCE JUL 1    888                      1116   -228      846

 COOLING
  YESTERDAY        0                         0      0        0
  MONTH TO DATE    0                         0      0        0
  SINCE DEC 1      0                         0      0        0
  SINCE JAN 1   1406                      1416    -10     1647
..................................................................


WIND (MPH)
  HIGHEST WIND SPEED    14   HIGHEST WIND DIRECTION    NW (310)
  HIGHEST GUST SPEED    21   HIGHEST GUST DIRECTION     W (290)
  AVERAGE WIND SPEED     6.5


SKY COVER
  POSSIBLE SUNSHINE  MM
  AVERAGE SKY COVER 0.5


WEATHER CONDITIONS
 THE FOLLOWING WEATHER WAS RECORDED YESTERDAY.
  NO SIGNIFICANT WEATHER WAS OBSERVED.


RELATIVE HUMIDITY (PERCENT)
 HIGHEST    72          1100 PM
 LOWEST     46           100 PM
 AVERAGE    59

..........................................................


THE HARRISON CLIMATE NORMALS FOR TODAY
                         NORMAL    RECORD    YEAR
 MAXIMUM TEMPERATURE (F)   47        78      1948
                                             1924
 MINIMUM TEMPERATURE (F)   28        -3      1914
                                             1901


SUNRISE AND SUNSET
DECEMBER 15 2017......SUNRISE   717 AM CST   SUNSET   459 PM CST
DECEMBER 16 2017......SUNRISE   717 AM CST   SUNSET   459 PM CST


-  INDICATES NEGATIVE NUMBERS.
R  INDICATES RECORD WAS SET OR TIED.
MM INDICATES DATA IS MISSING.
T  INDICATES TRACE AMOUNT.




$$
