000
CXUS52 KMHX 010958
CF6HSE
PRELIMINARY LOCAL CLIMATOLOGICAL DATA (WS FORM: F-6)
STATION: CAPE HATTERAS NC
MONTH: APRIL
YEAR: 2023
LATITUDE: 35 13 N
LONGITUDE: 75 37 W
TEMPERATURE IN F: :PCPN: SNOW: WIND :SUNSHINE: SKY :PK WND
================================================================================
1 2 3 4 5 6A 6B 7 8 9 10 11 12 13 14 15 16 17 18
12Z AVG MX 2MIN
DY MAX MIN AVG DEP HDD CDD WTR SNW DPTH SPD SPD DIR MIN PSBL S-S WX SPD DR
================================================================================
1 72 66 69 11 0 4 T 0.0 0 19.4 29 230 M M 6 18 42 220
2 67 49 58 0 7 0 0.00 0.0 0 8.0 21 310 M M 0 18 35 300
3 70 45 58 0 7 0 T 0.0 0 9.2 17 160 M M 2 22 160
4 71 64 68 10 0 3 0.21 0.0 0 8.3 21 160 M M 5 1 28 160
5 76 57 67 8 0 2 0.00 0.0 0 4.3 9 210 M M 1 12 14 210
6 76 67 72 13 0 7 0.00 0.0 0 8.6 15 190 M M 0 1 20 190
7 68 51 60 1 5 0 0.02 0.0 0 12.1 23 30 M M 8 1 39 40
8 52 45 49 -11 16 0 1.47 0.0 0 16.2 23 40 M M 10 1 43 40
9 56 48 52 -8 13 0 0.30 0.0 0 16.3 23 30 M M 6 39 20
10 58 49 54 -6 11 0 0.00 0.0 0 11.9 17 30 M M 0 33 40
11 63 44 54 -6 11 0 0.00 0.0 0 4.7 9 30 M M 0 18 16 20
12 68 55 62 1 3 0 0.00 0.0 0 9.5 15 240 M M 0 8 21 240
13 72 58 65 4 0 0 0.00 0.0 0 7.7 14 230 M M 0 19 220
14 70 56 63 2 2 0 0.37 0.0 0 6.6 16 170 M M 3 13 23 240
15 74 63 69 7 0 4 0.44 0.0 0 6.4 14 240 M M 4 1 20 230
16 74 66 70 8 0 5 0.05 0.0 0 10.1 20 240 M M 3 18 29 230
17 71 61 66 4 0 1 0.00 0.0 0 9.5 18 240 M M 1 1 26 240
18 73 61 67 5 0 2 0.00 0.0 0 10.0 15 240 M M 0 23 220
19 73 57 65 2 0 0 0.00 0.0 0 5.6 14 240 M M 0 1 20 240
20 77 60 69 6 0 4 0.00 0.0 0 6.8 13 210 M M 0 17 220
21 77 60 69 6 0 4 0.00 0.0 0 6.3 14 180 M M 0 8 18 180
22 74 61 68 4 0 3 0.44 0.0 0 13.2 24 170 M M 2 13 31 180
23 70 56 63 -1 2 0 0.01 0.0 0 5.5 13 240 M M 2 20 230
24 67 53 60 -4 5 0 0.00 0.0 0 7.5 14 30 M M 4 25 40
25 66 52 59 -5 6 0 0.00 0.0 0 7.6 14 60 M M 1 22 20
26 71 59 65 0 0 0 T 0.0 0 8.0 17 100 M M 6 24 100
27 72 62 67 2 0 2 T 0.0 0 11.4 23 130 M M 10 1 29 130
28 71 64 68 3 0 3 1.89 0.0 0 10.2 25 130 M M 9 18 34 130
29 74 65 70 4 0 5 0.01 0.0 0 7.7 13 130 M M 3 18 20 260
30 74 63 69 3 0 4 2.82 0.0 0 13.5 31 190 M M 6 138 46 240
================================================================================
SM 2097 1717 88 53 8.03 0.0 282.1 M 92
================================================================================
AV 69.9 57.2 9.4 FASTST M M 3 MAX(MPH)
MISC ----> 31 190 46 240
================================================================================
NOTES:
# LAST OF SEVERAL OCCURRENCES
COLUMN 17 PEAK WIND IN M.P.H.
PRELIMINARY LOCAL CLIMATOLOGICAL DATA (WS FORM: F-6) , PAGE 2
STATION: CAPE HATTERAS NC
MONTH: APRIL
YEAR: 2023
LATITUDE: 35 13 N
LONGITUDE: 75 37 W
[TEMPERATURE DATA] [PRECIPITATION DATA] SYMBOLS USED IN COLUMN 16
AVERAGE MONTHLY: 63.6 TOTAL FOR MONTH: 8.03 1 = FOG OR MIST
DPTR FM NORMAL: 1.8 DPTR FM NORMAL: 4.11 2 = FOG REDUCING VISIBILITY
HIGHEST: 77 ON 21,20 GRTST 24HR 2.82 ON 30-30 TO 1/4 MILE OR LESS
LOWEST: 44 ON 11 3 = THUNDER
SNOW, ICE PELLETS, HAIL 4 = ICE PELLETS
TOTAL MONTH: 0.0 INCH 5 = HAIL
GRTST 24HR 0.0 6 = FREEZING RAIN OR DRIZZLE
GRTST DEPTH: 0 7 = DUSTSTORM OR SANDSTORM:
VSBY 1/2 MILE OR LESS
8 = SMOKE OR HAZE
[NO. OF DAYS WITH] [WEATHER - DAYS WITH] 9 = BLOWING SNOW
X = TORNADO
MAX 32 OR BELOW: 0 0.01 INCH OR MORE: 12
MAX 90 OR ABOVE: 0 0.10 INCH OR MORE: 8
MIN 32 OR BELOW: 0 0.50 INCH OR MORE: 3
MIN 0 OR BELOW: 0 1.00 INCH OR MORE: 3
[HDD (BASE 65) ]
TOTAL THIS MO. 88 CLEAR (SCALE 0-3) 19
DPTR FM NORMAL -55 PTCLDY (SCALE 4-7) 8
TOTAL FM JUL 1 1893 CLOUDY (SCALE 8-10) 3
DPTR FM NORMAL -248
[CDD (BASE 65) ]
TOTAL THIS MO. 53
DPTR FM NORMAL 8 [PRESSURE DATA]
TOTAL FM JAN 1 63 HIGHEST SLP 30.43 ON 10
DPTR FM NORMAL 9 LOWEST SLP 29.22 ON 30
[REMARKS]
#FINAL-04-23#