000
CXUS52 KMHX 041331
CF6HSE
PRELIMINARY LOCAL CLIMATOLOGICAL DATA (WS FORM: F-6)
STATION: CAPE HATTERAS NC
MONTH: MAY
YEAR: 2021
LATITUDE: 35 13 N
LONGITUDE: 75 37 W
TEMPERATURE IN F: :PCPN: SNOW: WIND :SUNSHINE: SKY :PK WND
================================================================================
1 2 3 4 5 6A 6B 7 8 9 10 11 12 13 14 15 16 17 18
12Z AVG MX 2MIN
DY MAX MIN AVG DEP HDD CDD WTR SNW DPTH SPD SPD DIR MIN PSBL S-S WX SPD DR
================================================================================
1 66 57 62 -4 3 0 0.00 0.0 0 8.4 15 330 M M 0 29 10
2 77 62 70 4 0 5 0.00 0.0 0 10.2 15 220 M M 0 20 220
3 81 68 75 9 0 10 0.07 0.0 0 8.8 23 230 M M 3 138 32 220
4 79 69 74 7 0 9 0.00 0.0 0 12.9 18 230 M M 1 18 27 220
5 78 70 74 7 0 9 0.23 0.0 0 14.0 20 240 M M 1 18 28 230
6 70 58 64 -3 1 0 0.04 0.0 0 9.6 17 20 M M 8 32 10
7 69 54 62 -6 3 0 0.38 0.0 0 7.0 18 300 M M 5 13 27 320
8 74 54 64 -4 1 0 0.00 0.0 0 8.6 17 250 M M 2 18 26 250
9 80 55 68 0 0 3 0.00 0.0 0 11.8 21 210 M M 2 30 210
10 78 61 70 2 0 5 0.15 0.0 0 13.9 23 240 M M 4 138 35 240
11 69 60 65 -3 0 0 0.01 0.0 0 8.4 15 60 M M 9 24 60
12 64 49 57 -12 8 0 0.54 0.0 0 9.6 18 40 M M 7 1 29 50
13 67 54 61 -8 4 0 0.00 0.0 0 8.6 16 30 M M 9 23 30
14 69 57 63 -6 2 0 0.00 0.0 0 7.6 14 30 M M 1 24 20
15 71 57 64 -5 1 0 0.00 0.0 0 7.9 14 30 M M 0 22 360
16 73 61 67 -3 0 2 0.00 0.0 0 6.4 13 30 M M 0 19 30
17 74 59 67 -3 0 2 0.00 0.0 0 6.9 14 50 M M 1 21 20
18 77 62 70 0 0 5 0.00 0.0 0 6.2 13 120 M M 1 18 70
19 81 56 69 -1 0 4 0.00 0.0 0 3.4 8 130 M M 0 11 50
20 79 61 70 -1 0 5 0.00 0.0 0 7.5 12 70 M M 0 21 60
21 73 62 68 -3 0 3 0.00 0.0 0 9.1 16 30 M M 3 24 30
22 78 61 70 -1 0 5 0.00 0.0 0 5.4 9 270 M M 2 15 260
23 87 72 80 9 0 15 0.00 0.0 0 6.8 10 240 M M 0 8 17 260
24 84 71 78 6 0 13 0.00 0.0 0 7.0 17 80 M M 2 18 26 70
25 84 71 78 6 0 13 0.01 0.0 0 6.5 12 140 M M 6 1 15 140
26 82 73 78 6 0 13 0.00 0.0 0 9.6 16 240 M M 3 21 240
27 87 72 80 8 0 15 0.02 0.0 0 8.1 20 250 M M 2 138 30 260
28 83 74 79 6 0 14 0.00 0.0 0 11.1 18 210 M M 1 1 26 210
29 83 71 77 4 0 12 0.00 0.0 0 12.5 17 210 M M 2 18 24 210
30 75 60 68 -5 0 3 1.66 0.0 0 7.1 10 20 M M 10 12 21 20
31 69 59 64 -10 1 0 0.02 0.0 0 7.3 13 50 M M 5 1 19 40
================================================================================
SM 2361 1930 24 165 3.13 0.0 268.2 M 90
================================================================================
AV 76.2 62.3 8.7 FASTST M M 3 MAX(MPH)
MISC ----> # 23 230 35 240
================================================================================
NOTES:
# LAST OF SEVERAL OCCURRENCES
COLUMN 17 PEAK WIND IN M.P.H.
PRELIMINARY LOCAL CLIMATOLOGICAL DATA (WS FORM: F-6) , PAGE 2
STATION: CAPE HATTERAS NC
MONTH: MAY
YEAR: 2021
LATITUDE: 35 13 N
LONGITUDE: 75 37 W
[TEMPERATURE DATA] [PRECIPITATION DATA] SYMBOLS USED IN COLUMN 16
AVERAGE MONTHLY: 69.2 TOTAL FOR MONTH: 3.13 1 = FOG OR MIST
DPTR FM NORMAL: -0.5 DPTR FM NORMAL: -1.24 2 = FOG REDUCING VISIBILITY
HIGHEST: 87 ON 27,23 GRTST 24HR 1.66 ON 29-30 TO 1/4 MILE OR LESS
LOWEST: 49 ON 12 3 = THUNDER
SNOW, ICE PELLETS, HAIL 4 = ICE PELLETS
TOTAL MONTH: 0.0 INCH 5 = HAIL
GRTST 24HR 0.0 6 = FREEZING RAIN OR DRIZZLE
GRTST DEPTH: 0 7 = DUSTSTORM OR SANDSTORM:
VSBY 1/2 MILE OR LESS
8 = SMOKE OR HAZE
[NO. OF DAYS WITH] [WEATHER - DAYS WITH] 9 = BLOWING SNOW
X = TORNADO
MAX 32 OR BELOW: 0 0.01 INCH OR MORE: 11
MAX 90 OR ABOVE: 0 0.10 INCH OR MORE: 5
MIN 32 OR BELOW: 0 0.50 INCH OR MORE: 2
MIN 0 OR BELOW: 0 1.00 INCH OR MORE: 1
[HDD (BASE 65) ]
TOTAL THIS MO. 24 CLEAR (SCALE 0-3) 21
DPTR FM NORMAL -2 PTCLDY (SCALE 4-7) 7
TOTAL FM JUL 1 2101 CLOUDY (SCALE 8-10) 3
DPTR FM NORMAL -65
[CDD (BASE 65) ]
TOTAL THIS MO. 165
DPTR FM NORMAL -7 [PRESSURE DATA]
TOTAL FM JAN 1 204 HIGHEST SLP 30.47 ON 21
DPTR FM NORMAL -22 LOWEST SLP 29.76 ON 7
[REMARKS]
#FINAL-05-21#