000
CDUS42 KMHX 240539
CLIHSE


CLIMATE REPORT
NATIONAL WEATHER SERVICE NEWPORT/MOREHEAD CITY NC
139 AM EDT FRI OCT 24 2014


...................................

...THE CAPE HATTERAS NC CLIMATE SUMMARY FOR OCTOBER 23 2014...

CLIMATE NORMAL PERIOD 1981 TO 2010
CLIMATE RECORD PERIOD 1874 TO 2014


WEATHER ITEM   OBSERVED TIME   RECORD YEAR NORMAL DEPARTURE LAST
                VALUE   (LST)  VALUE       VALUE  FROM      YEAR
                                                  NORMAL
..................................................................
TEMPERATURE (F)
 YESTERDAY
  MAXIMUM         65    231 PM  83    2007  70     -5       70
  MINIMUM         53    636 AM  38    1976  57     -4       58
                                      1974
  AVERAGE         59                        64     -5       64

PRECIPITATION (IN)
  YESTERDAY        0.00          2.05 1990   0.18  -0.18     0.51
  MONTH TO DATE    3.09                      4.03  -0.94     9.43
  SINCE SEP 1     13.93                     10.28   3.65    14.26
  SINCE JAN 1     54.98                     47.47   7.51    45.46

SNOWFALL (IN)
  YESTERDAY        0.0
  MONTH TO DATE    0.0
  SINCE NOV 1      5.7
  SINCE JUL 1      0.0
  SNOW DEPTH      MM

DEGREE DAYS
 HEATING
  YESTERDAY        6                         3      3        1
  MONTH TO DATE   33                        40     -7        3
  SINCE SEP 1     33                        43    -10        7
  SINCE JUL 1     33                        43    -10        7

 COOLING
  YESTERDAY        0                         2     -2        0
  MONTH TO DATE   91                        85      6      131
  SINCE SEP 1    378                       371      7      423
  SINCE JAN 1   1754                      1677     77     1967
..................................................................


WIND (MPH)
  HIGHEST WIND SPEED    18   HIGHEST WIND DIRECTION    NW (310)
  HIGHEST GUST SPEED    33   HIGHEST GUST DIRECTION    NW (310)
  AVERAGE WIND SPEED    11.3


SKY COVER
  POSSIBLE SUNSHINE  MM
  AVERAGE SKY COVER 0.3


WEATHER CONDITIONS
 THE FOLLOWING WEATHER WAS RECORDED YESTERDAY.
  NO SIGNIFICANT WEATHER WAS OBSERVED.


RELATIVE HUMIDITY (PERCENT)
 HIGHEST    83           400 AM
 LOWEST     56           200 PM
 AVERAGE    70

..........................................................


THE CAPE HATTERAS NC CLIMATE NORMALS FOR TODAY
                         NORMAL    RECORD    YEAR
 MAXIMUM TEMPERATURE (F)   70        82      2007
 MINIMUM TEMPERATURE (F)   57        36      1964


SUNRISE AND SUNSET
OCTOBER 24 2014.......SUNRISE   716 AM EDT   SUNSET   616 PM EDT
OCTOBER 25 2014.......SUNRISE   717 AM EDT   SUNSET   615 PM EDT


-  INDICATES NEGATIVE NUMBERS.
R  INDICATES RECORD WAS SET OR TIED.
MM INDICATES DATA IS MISSING.
T  INDICATES TRACE AMOUNT.




$$
