000
CDUS42 KMHX 300525
CLIHSE


CLIMATE REPORT
NATIONAL WEATHER SERVICE NEWPORT/MOREHEAD CITY NC
125 AM EDT TUE MAY 30 2017


...................................

...THE CAPE HATTERAS NC CLIMATE SUMMARY FOR MAY 29 2017...

CLIMATE NORMAL PERIOD 1981 TO 2010
CLIMATE RECORD PERIOD 1874 TO 2017


WEATHER ITEM   OBSERVED TIME   RECORD YEAR NORMAL DEPARTURE LAST
                VALUE   (LST)  VALUE       VALUE  FROM      YEAR
                                                  NORMAL
..................................................................
TEMPERATURE (F)
 YESTERDAY
  MAXIMUM         85    133 PM  91    1991  77      8       86
  MINIMUM         73   1031 PM  49    1961  64      9       73
  AVERAGE         79                        71      8       80

PRECIPITATION (IN)
  YESTERDAY        0.00          1.45 1921   0.11  -0.11     0.69
  MONTH TO DATE    5.77                      3.35   2.42     5.16
  SINCE MAR 1     19.08                     11.76   7.32    13.44
  SINCE JAN 1     25.39                     21.02   4.37    26.55

SNOWFALL (IN)
  YESTERDAY        0.0
  MONTH TO DATE    0.0
  SINCE NOV 1      T
  SINCE JUL 1      T
  SNOW DEPTH       0

DEGREE DAYS
 HEATING
  YESTERDAY        0                         0      0        0
  MONTH TO DATE    3                        49    -46       21
  SINCE MAR 1    406                       659   -253      387
  SINCE JUL 1   1728                      2583   -855     1700

 COOLING
  YESTERDAY       14                         6      8       15
  MONTH TO DATE  206                       103    103      136
  SINCE MAR 1    384                       131    253      190
  SINCE JAN 1    392                       131    261      191
..................................................................


WIND (MPH)
  HIGHEST WIND SPEED    13   HIGHEST WIND DIRECTION     W (280)
  HIGHEST GUST SPEED    20   HIGHEST GUST DIRECTION     W (280)
  AVERAGE WIND SPEED     7.8


SKY COVER
  POSSIBLE SUNSHINE  MM
  AVERAGE SKY COVER 0.1


WEATHER CONDITIONS
 THE FOLLOWING WEATHER WAS RECORDED YESTERDAY.
  FOG


RELATIVE HUMIDITY (PERCENT)
 HIGHEST    94           100 AM
 LOWEST     61          1200 PM
 AVERAGE    78

..........................................................


THE CAPE HATTERAS NC CLIMATE NORMALS FOR TODAY
                         NORMAL    RECORD    YEAR
 MAXIMUM TEMPERATURE (F)   77        89      1991
 MINIMUM TEMPERATURE (F)   65        49      1968
                                             1895


SUNRISE AND SUNSET
MAY 30 2017...........SUNRISE   550 AM EDT   SUNSET   811 PM EDT
MAY 31 2017...........SUNRISE   549 AM EDT   SUNSET   811 PM EDT


-  INDICATES NEGATIVE NUMBERS.
R  INDICATES RECORD WAS SET OR TIED.
MM INDICATES DATA IS MISSING.
T  INDICATES TRACE AMOUNT.




$$
