000
CDUS42 KMHX 020533
CLIHSE


CLIMATE REPORT
NATIONAL WEATHER SERVICE NEWPORT/MOREHEAD CITY NC
132 AM EDT SAT JUL 2 2016


...................................

...THE CAPE HATTERAS NC CLIMATE SUMMARY FOR JULY 1 2016...

CLIMATE NORMAL PERIOD 1981 TO 2010
CLIMATE RECORD PERIOD 1874 TO 2016


WEATHER ITEM   OBSERVED TIME   RECORD YEAR NORMAL DEPARTURE LAST
                VALUE   (LST)  VALUE       VALUE  FROM      YEAR
                                                  NORMAL
..................................................................
TEMPERATURE (F)
 YESTERDAY
  MAXIMUM         81    435 PM  93    1990  84     -3       82
  MINIMUM         76   1228 PM  55    1988  73      3       72
  AVERAGE         79                        78      1       77

PRECIPITATION (IN)
  YESTERDAY        0.02          3.78 1894   0.15  -0.13     0.15
  MONTH TO DATE    0.02                      0.15  -0.13     0.15
  SINCE JUN 1     10.53                      4.18   6.35     5.88
  SINCE JAN 1     44.59                     25.42  19.17    25.51

SNOWFALL (IN)
  YESTERDAY        0.0
  MONTH TO DATE    0.0
  SINCE NOV 1      T
  SINCE JUL 1      0.0
  SNOW DEPTH       0

DEGREE DAYS
 HEATING
  YESTERDAY        0                         0      0        0
  MONTH TO DATE    0                         0      0        0
  SINCE JUN 1      0                         3     -3        0
  SINCE JUL 1      0                         0      0        0

 COOLING
  YESTERDAY       14                        13      1       12
  MONTH TO DATE   14                        13      1       12
  SINCE JUN 1    375                       321     54      440
  SINCE JAN 1    584                       464    120      607
..................................................................


WIND (MPH)
  HIGHEST WIND SPEED    21   HIGHEST WIND DIRECTION    SW (230)
  HIGHEST GUST SPEED    29   HIGHEST GUST DIRECTION    SW (240)
  AVERAGE WIND SPEED    11.8


SKY COVER
  POSSIBLE SUNSHINE  MM
  AVERAGE SKY COVER 0.3


WEATHER CONDITIONS
 THE FOLLOWING WEATHER WAS RECORDED YESTERDAY.
  LIGHT RAIN


RELATIVE HUMIDITY (PERCENT)
 HIGHEST    91           100 PM
 LOWEST     74           300 PM
 AVERAGE    83

..........................................................


THE CAPE HATTERAS NC CLIMATE NORMALS FOR TODAY
                         NORMAL    RECORD    YEAR
 MAXIMUM TEMPERATURE (F)   84        90      2014
                                             1932
 MINIMUM TEMPERATURE (F)   73        56      1988


SUNRISE AND SUNSET
JULY  2 2016..........SUNRISE   552 AM EDT   SUNSET   821 PM EDT
JULY  3 2016..........SUNRISE   553 AM EDT   SUNSET   821 PM EDT


-  INDICATES NEGATIVE NUMBERS.
R  INDICATES RECORD WAS SET OR TIED.
MM INDICATES DATA IS MISSING.
T  INDICATES TRACE AMOUNT.




$$
