000
CDUS42 KMHX 280528
CLIHSE


CLIMATE REPORT
NATIONAL WEATHER SERVICE NEWPORT/MOREHEAD CITY NC
128 AM EDT WED SEP 28 2016


...................................

...THE CAPE HATTERAS NC CLIMATE SUMMARY FOR SEPTEMBER 27 2016...

CLIMATE NORMAL PERIOD 1981 TO 2010
CLIMATE RECORD PERIOD 1874 TO 2016


WEATHER ITEM   OBSERVED TIME   RECORD YEAR NORMAL DEPARTURE LAST
                VALUE   (LST)  VALUE       VALUE  FROM      YEAR
                                                  NORMAL
..................................................................
TEMPERATURE (F)
 YESTERDAY
  MAXIMUM         81   1257 PM  88    1986  77      4       82
  MINIMUM         72    825 PM  50    1928  66      6       70
  AVERAGE         77                        72      5       76

PRECIPITATION (IN)
  YESTERDAY        0.03          4.41 1958   0.19  -0.16     1.70
  MONTH TO DATE    8.73                      5.67   3.06    10.51
  SINCE SEP 1      8.73                      5.67   3.06    10.51
  SINCE JAN 1     60.99                     42.86  18.13    47.21

SNOWFALL (IN)
  YESTERDAY        0.0
  MONTH TO DATE    0.0
  SINCE NOV 1      T
  SINCE JUL 1      0.0
  SNOW DEPTH       0

DEGREE DAYS
 HEATING
  YESTERDAY        0                         0      0        0
  MONTH TO DATE    0                         0      0        0
  SINCE SEP 1      0                         0      0        0
  SINCE JUL 1      0                         0      0        0

 COOLING
  YESTERDAY       12                         7      5       11
  MONTH TO DATE  368                       266    102      329
  SINCE SEP 1    368                       266    102      329
  SINCE JAN 1   2003                      1572    431     1845
..................................................................


WIND (MPH)
  HIGHEST WIND SPEED    20   HIGHEST WIND DIRECTION    SE (140)
  HIGHEST GUST SPEED    23   HIGHEST GUST DIRECTION    SE (140)
  AVERAGE WIND SPEED     8.4


SKY COVER
  POSSIBLE SUNSHINE  MM
  AVERAGE SKY COVER 0.3


WEATHER CONDITIONS
 THE FOLLOWING WEATHER WAS RECORDED YESTERDAY.
  LIGHT RAIN


RELATIVE HUMIDITY (PERCENT)
 HIGHEST    93          1100 PM
 LOWEST     58           400 AM
 AVERAGE    76

..........................................................


THE CAPE HATTERAS NC CLIMATE NORMALS FOR TODAY
                         NORMAL    RECORD    YEAR
 MAXIMUM TEMPERATURE (F)   77        87      2011
 MINIMUM TEMPERATURE (F)   66        51      1963


SUNRISE AND SUNSET
SEPTEMBER 28 2016.....SUNRISE   655 AM EDT   SUNSET   650 PM EDT
SEPTEMBER 29 2016.....SUNRISE   656 AM EDT   SUNSET   648 PM EDT


-  INDICATES NEGATIVE NUMBERS.
R  INDICATES RECORD WAS SET OR TIED.
MM INDICATES DATA IS MISSING.
T  INDICATES TRACE AMOUNT.




$$
