000
CDUS42 KMHX 210627
CLIHSE


CLIMATE REPORT
NATIONAL WEATHER SERVICE NEWPORT/MOREHEAD CITY NC
127 AM EST SUN DEC 21 2014


...................................

...THE CAPE HATTERAS NC CLIMATE SUMMARY FOR DECEMBER 20 2014...

CLIMATE NORMAL PERIOD 1981 TO 2010
CLIMATE RECORD PERIOD 1874 TO 2014


WEATHER ITEM   OBSERVED TIME   RECORD YEAR NORMAL DEPARTURE LAST
                VALUE   (LST)  VALUE       VALUE  FROM      YEAR
                                                  NORMAL
..................................................................
TEMPERATURE (F)
 YESTERDAY
  MAXIMUM         44   1207 PM  71    1999  55    -11       69
                                      1957
  MINIMUM         40   1205 AM  20    1975  42     -2       48
  AVERAGE         42                        48     -6       59

PRECIPITATION (IN)
  YESTERDAY        0.02          2.27 1946   0.14  -0.12     0.00
  MONTH TO DATE    1.25                      2.71  -1.46     2.45
  SINCE DEC 1      1.25                      2.71  -1.46     2.45
  SINCE JAN 1     60.64                     56.48   4.16    51.86

SNOWFALL (IN)
  YESTERDAY       MM
  MONTH TO DATE    0.0
  SINCE NOV 1      0.0
  SINCE JUL 1      0.0
  SNOW DEPTH       0

DEGREE DAYS
 HEATING
  YESTERDAY       23                        17      6        6
  MONTH TO DATE  312                       291     21      272
  SINCE DEC 1    312                       291     21      272
  SINCE JUL 1    713                       609    104      587

 COOLING
  YESTERDAY        0                         0      0        0
  MONTH TO DATE    0                         0      0        2
  SINCE DEC 1      0                         0      0        2
  SINCE JAN 1   1764                      1711     53     1992
..................................................................


WIND (MPH)
  HIGHEST WIND SPEED    10   HIGHEST WIND DIRECTION    NE (40)
  HIGHEST GUST SPEED    17   HIGHEST GUST DIRECTION     N (20)
  AVERAGE WIND SPEED     5.9


SKY COVER
  POSSIBLE SUNSHINE  MM
  AVERAGE SKY COVER 0.5


WEATHER CONDITIONS
 THE FOLLOWING WEATHER WAS RECORDED YESTERDAY.
  LIGHT RAIN


RELATIVE HUMIDITY (PERCENT)
 HIGHEST    82           100 PM
 LOWEST     70           500 AM
 AVERAGE    76

..........................................................


THE CAPE HATTERAS NC CLIMATE NORMALS FOR TODAY
                         NORMAL    RECORD    YEAR
 MAXIMUM TEMPERATURE (F)   55        73      1990
                                             1984
 MINIMUM TEMPERATURE (F)   41        18      1981


SUNRISE AND SUNSET
DECEMBER 21 2014......SUNRISE   707 AM EST   SUNSET   454 PM EST
DECEMBER 22 2014......SUNRISE   708 AM EST   SUNSET   455 PM EST


-  INDICATES NEGATIVE NUMBERS.
R  INDICATES RECORD WAS SET OR TIED.
MM INDICATES DATA IS MISSING.
T  INDICATES TRACE AMOUNT.




$$
