988
CDUS42 KMHX 140545
CLIHSE


CLIMATE REPORT
NATIONAL WEATHER SERVICE NEWPORT/MOREHEAD CITY NC
1245 AM EST SUN FEB 14 2016


...................................

...THE CAPE HATTERAS NC CLIMATE SUMMARY FOR FEBRUARY 13 2016...

CLIMATE NORMAL PERIOD 1981 TO 2010
CLIMATE RECORD PERIOD 1874 TO 2016


WEATHER ITEM   OBSERVED TIME   RECORD YEAR NORMAL DEPARTURE LAST
                VALUE   (LST)  VALUE       VALUE  FROM      YEAR
                                                  NORMAL
..................................................................
TEMPERATURE (F)
 YESTERDAY
  MAXIMUM         36    320 PM  71    1984  53    -17       35
  MINIMUM         29   1159 PM  16    1899  40    -11       20
  AVERAGE         33                        46    -13       28

PRECIPITATION (IN)
  YESTERDAY        0.00          2.02 2008   0.14  -0.14     0.00
  MONTH TO DATE    6.28                      1.88   4.40     3.30
  SINCE DEC 1     16.12                     11.39   4.73    10.36
  SINCE JAN 1     11.15                      7.12   4.03     7.91

SNOWFALL (IN)
  YESTERDAY        0.0
  MONTH TO DATE    0.0
  SINCE NOV 1      T
  SINCE JUL 1      T
  SNOW DEPTH       0

DEGREE DAYS
 HEATING
  YESTERDAY       32                        19     13       37
  MONTH TO DATE  213                       247    -34      295
  SINCE DEC 1    902                      1342   -440     1331
  SINCE JUL 1   1074                      1660   -586     1732

 COOLING
  YESTERDAY        0                         0      0        0
  MONTH TO DATE    1                         0      1        0
  SINCE DEC 1     65                         3     62        2
  SINCE JAN 1      1                         0      1        2
..................................................................


WIND (MPH)
  HIGHEST WIND SPEED    18   HIGHEST WIND DIRECTION    NW (320)
  HIGHEST GUST SPEED    28   HIGHEST GUST DIRECTION    NW (330)
  AVERAGE WIND SPEED    11.0


SKY COVER
  POSSIBLE SUNSHINE  MM
  AVERAGE SKY COVER 0.3


WEATHER CONDITIONS
 THE FOLLOWING WEATHER WAS RECORDED YESTERDAY.
  NO SIGNIFICANT WEATHER WAS OBSERVED.


RELATIVE HUMIDITY (PERCENT)
 HIGHEST    92          1200 AM
 LOWEST     31           800 PM
 AVERAGE    62

..........................................................


THE CAPE HATTERAS NC CLIMATE NORMALS FOR TODAY
                         NORMAL    RECORD    YEAR
 MAXIMUM TEMPERATURE (F)   53        73      1990
                                             1989
 MINIMUM TEMPERATURE (F)   40        12      1899


SUNRISE AND SUNSET
FEBRUARY 14 2016......SUNRISE   650 AM EST   SUNSET   543 PM EST
FEBRUARY 15 2016......SUNRISE   649 AM EST   SUNSET   544 PM EST


-  INDICATES NEGATIVE NUMBERS.
R  INDICATES RECORD WAS SET OR TIED.
MM INDICATES DATA IS MISSING.
T  INDICATES TRACE AMOUNT.




$$
