000
CDUS42 KMHX 262126
CLIHSE


CLIMATE REPORT
NATIONAL WEATHER SERVICE NEWPORT/MOREHEAD CITY NC
525 PM EDT WED JUL 26 2017


...................................

...THE CAPE HATTERAS NC CLIMATE SUMMARY FOR JULY 26 2017...
VALID TODAY AS OF 0500 PM LOCAL TIME.

CLIMATE NORMAL PERIOD 1981 TO 2010
CLIMATE RECORD PERIOD 1874 TO 2017


WEATHER ITEM   OBSERVED TIME   RECORD YEAR NORMAL DEPARTURE LAST
                VALUE   (LST)  VALUE       VALUE  FROM      YEAR
                                                  NORMAL
..................................................................
TEMPERATURE (F)
 TODAY
  MAXIMUM         85   1154 AM  93    1949  85      0       87
  MINIMUM         75    542 AM  62    1976  74      1       80
  AVERAGE         80                        79      1       84

PRECIPITATION (IN)
  TODAY            0.00          2.95 1991   0.18  -0.18     0.00
  MONTH TO DATE    3.38                      4.09  -0.71     1.86
  SINCE JUN 1      6.15                      8.12  -1.97    12.37
  SINCE JAN 1     32.88                     29.36   3.52    46.43

SNOWFALL (IN)
  TODAY            0.0
  MONTH TO DATE    0.0
  SINCE NOV 1      T
  SINCE JUL 1      0.0
  SNOW DEPTH       0

DEGREE DAYS
 HEATING
  TODAY            0                         0      0        0
  MONTH TO DATE    0                         0      0        0
  SINCE JUN 1      0                         3     -3        0
  SINCE JUL 1      0                         0      0        0

 COOLING
  TODAY           15                        14      1       19
  MONTH TO DATE  420                       361     59      436
  SINCE JUN 1    815                       669    146      797
  SINCE JAN 1   1242                       812    430     1006
..................................................................


WIND (MPH)
  HIGHEST WIND SPEED    14   HIGHEST WIND DIRECTION    NE (50)
  HIGHEST GUST SPEED    22   HIGHEST GUST DIRECTION     E (70)
  AVERAGE WIND SPEED     8.0


SKY COVER
  POSSIBLE SUNSHINE  MM
  AVERAGE SKY COVER 0.3


WEATHER CONDITIONS
 THE FOLLOWING WEATHER WAS RECORDED TODAY.
  NO SIGNIFICANT WEATHER WAS OBSERVED.


RELATIVE HUMIDITY (PERCENT)
 HIGHEST    82           100 AM
 LOWEST     55           100 PM
 AVERAGE    69

..........................................................


THE CAPE HATTERAS NC CLIMATE NORMALS FOR TOMORROW
                         NORMAL    RECORD    YEAR
 MAXIMUM TEMPERATURE (F)   85        91      1999
                                             1940
 MINIMUM TEMPERATURE (F)   74        60      1975


SUNRISE AND SUNSET
JULY 26 2017..........SUNRISE   607 AM EDT   SUNSET   810 PM EDT
JULY 27 2017..........SUNRISE   608 AM EDT   SUNSET   810 PM EDT


-  INDICATES NEGATIVE NUMBERS.
R  INDICATES RECORD WAS SET OR TIED.
MM INDICATES DATA IS MISSING.
T  INDICATES TRACE AMOUNT.




$$
