000
CDUS42 KMHX 170526
CLIHSE


CLIMATE REPORT
NATIONAL WEATHER SERVICE NEWPORT/MOREHEAD CITY NC
1226 AM EST WED JAN 17 2018


...................................

...THE CAPE HATTERAS NC CLIMATE SUMMARY FOR JANUARY 16 2018...

CLIMATE NORMAL PERIOD 1981 TO 2010
CLIMATE RECORD PERIOD 1874 TO 2018


WEATHER ITEM   OBSERVED TIME   RECORD YEAR NORMAL DEPARTURE LAST
                VALUE   (LST)  VALUE       VALUE  FROM      YEAR
                                                  NORMAL
..................................................................
TEMPERATURE (F)
 YESTERDAY
  MAXIMUM         45    252 PM  69    1950  52     -7       51
                                      1913
  MINIMUM         32   1149 PM  16    1994  39     -7       46
                                      1972
  AVERAGE         39                        45     -6       49

PRECIPITATION (IN)
  YESTERDAY        0.00          5.95 1991   0.18  -0.18     0.00
  MONTH TO DATE    5.27                      2.73   2.54     2.76
  SINCE DEC 1     10.17                      7.00   3.17     7.77
  SINCE JAN 1      5.27                      2.73   2.54     2.76

SNOWFALL (IN)
  YESTERDAY        0.0
  MONTH TO DATE    1.0
  SINCE NOV 1      1.0
  SINCE JUL 1      1.0
  SNOW DEPTH      MM

DEGREE DAYS
 HEATING
  YESTERDAY       26                        20      6       16
  MONTH TO DATE  419                       313    106      215
  SINCE DEC 1    892                       802     90      601
  SINCE JUL 1   1138                      1120     18      873

 COOLING
  YESTERDAY        0                         0      0        0
  MONTH TO DATE    0                         0      0        0
  SINCE DEC 1      2                         3     -1        3
  SINCE JAN 1      0                         0      0        0
..................................................................


WIND (MPH)
  HIGHEST WIND SPEED    12   HIGHEST WIND DIRECTION     N (20)
  HIGHEST GUST SPEED    20   HIGHEST GUST DIRECTION     N (10)
  AVERAGE WIND SPEED     5.1


SKY COVER
  POSSIBLE SUNSHINE  MM
  AVERAGE SKY COVER 0.0


WEATHER CONDITIONS
 THE FOLLOWING WEATHER WAS RECORDED YESTERDAY.
  FOG


RELATIVE HUMIDITY (PERCENT)
 HIGHEST   100           600 PM
 LOWEST     83           300 PM
 AVERAGE    92

..........................................................


THE CAPE HATTERAS NC CLIMATE NORMALS FOR TODAY
                         NORMAL    RECORD    YEAR
 MAXIMUM TEMPERATURE (F)   52        71      1913
 MINIMUM TEMPERATURE (F)   39        13      1977


SUNRISE AND SUNSET
JANUARY 17 2018.......SUNRISE   710 AM EST   SUNSET   516 PM EST
JANUARY 18 2018.......SUNRISE   710 AM EST   SUNSET   517 PM EST


-  INDICATES NEGATIVE NUMBERS.
R  INDICATES RECORD WAS SET OR TIED.
MM INDICATES DATA IS MISSING.
T  INDICATES TRACE AMOUNT.




$$
