000
CXUS53 KGID 011707
CF6HSI
PRELIMINARY LOCAL CLIMATOLOGICAL DATA (WS FORM: F-6)
STATION: HASTINGS NE
MONTH: FEBRUARY
YEAR: 2021
LATITUDE: 40 35 N
LONGITUDE: 98 26 W
TEMPERATURE IN F: :PCPN: SNOW: WIND :SUNSHINE: SKY :PK WND
================================================================================
1 2 3 4 5 6A 6B 7 8 9 10 11 12 13 14 15 16 17 18
12Z AVG MX 2MIN
DY MAX MIN AVG DEP HDD CDD WTR SNW DPTH SPD SPD DIR MIN PSBL S-S WX SPD DR
================================================================================
1 28 13 21 -6 44 0 T T 5 5.2 13 120 M M 9 128 16 140
2 34 20 27 0 38 0 T T 5 6.3 12 170 M M 8 128 19 140
3 43 21 32 5 33 0 0.00 0.0 5 7.3 25 360 M M 3 128 33 350
4 37 21 29 1 36 0 0.09 1.2 5 19.0 36 350 M M 3 129 47 350
5 30 15 23 -5 42 0 0.00 0.0 5 5.7 15 280 M M 2 19 270
6 22 0 11 -17 54 0 0.29 4.4 6 9.8 24 30 M M 8 32 30
7 4 1 3 -25 62 0 0.26 4.6 11 10.7 20 120 M M 10 26 120
8 3 -18 -7 -35 72 0 T T 12 6.5 16 40 M M 6 19 40
9 7 -18 -5 -33 70 0 0.00 0.0 12 3.4 9 90 M M 1 12 80
10 11 -3 4 -25 61 0 T T 11 6.1 13 30 M M 2 15 40
11 7 -9 -1 -30 66 0 T T 11 6.9 15 50 M M 1 18 50
12 -1 -5 -3 -32 68 0 0.04 0.8 11 10.7 18 30 M M 8 22 20
13 3 -11 -4 -33 69 0 0.06 0.7 11 6.8 16 20 M M 7 21 20
14 -1 -17 -9 -39 74 0 0.19 3.2 14 11.8 18 10 M M 9 23 10
15 -8 -28 -18 -48 83 0 0.00 0.0 13 3.6 9 80 M M 0 11 80
16 2 -30 -14 -44 79 0 T T 12 6.9 15 130 M M 6 21 170
17 14 -1 7 -23 58 0 T 0.3 11 5.5 12 160 M M 8 16 160
18 23 4 14 -17 51 0 T T 10 6.4 12 290 M M 5 15 300
19 25 1 13 -18 52 0 0.00 0.0 10 4.0 9 40 M M 2 18 13 210
20 36 1 19 -12 46 0 0.00 0.0 9 7.1 20 110 M M 1 128 29 120
21 38 25 32 1 33 0 T T 9 13.2 27 330 M M 4 16 37 330
22 44 25 35 3 30 0 0.00 0.0 8 15.8 22 270 M M 0 30 270
23 50 30 40 8 25 0 0.00 0.0 6 8.6 16 350 M M 0 22 200
24 39 24 32 0 33 0 0.00 0.0 3 8.7 20 340 M M 1 26 330
25 41 23 32 -1 33 0 0.00 0.0 3 5.9 13 330 M M 1 17 320
26 45 26 36 3 29 0 0.00 0.0 2 8.1 15 210 M M 1 23 210
27 48 26 37 3 28 0 0.00 0.0 1 7.6 24 110 M M 2 18 31 130
28 38 28 33 -1 32 0 0.00 0.0 T 12.8 30 320 M M 5 1 38 330
================================================================================
SM 662 164 1401 0 0.93 15.2 230.4 M 113
================================================================================
AV 23.6 5.9 8.2 FASTST M M 4 MAX(MPH)
MISC ----> 36 350 47 350
================================================================================
NOTES:
# LAST OF SEVERAL OCCURRENCES
COLUMN 17 PEAK WIND IN M.P.H.
PRELIMINARY LOCAL CLIMATOLOGICAL DATA (WS FORM: F-6) , PAGE 2
STATION: HASTINGS NE
MONTH: FEBRUARY
YEAR: 2021
LATITUDE: 40 35 N
LONGITUDE: 98 26 W
[TEMPERATURE DATA] [PRECIPITATION DATA] SYMBOLS USED IN COLUMN 16
AVERAGE MONTHLY: 14.8 TOTAL FOR MONTH: 0.93 1 = FOG OR MIST
DPTR FM NORMAL: -15.1 DPTR FM NORMAL: 0.44 2 = FOG REDUCING VISIBILITY
HIGHEST: 50 ON 23 GRTST 24HR 0.29 ON 6- 6 TO 1/4 MILE OR LESS
LOWEST: -30 ON 16 3 = THUNDER
SNOW, ICE PELLETS, HAIL 4 = ICE PELLETS
TOTAL MONTH: 15.2 INCHES 5 = HAIL
GRTST 24HR 4.6 ON 7- 7 6 = FREEZING RAIN OR DRIZZLE
GRTST DEPTH: 14 ON 14 7 = DUSTSTORM OR SANDSTORM:
VSBY 1/2 MILE OR LESS
8 = SMOKE OR HAZE
[NO. OF DAYS WITH] [WEATHER - DAYS WITH] 9 = BLOWING SNOW
X = TORNADO
MAX 32 OR BELOW: 16 0.01 INCH OR MORE: 6
MAX 90 OR ABOVE: 0 0.10 INCH OR MORE: 3
MIN 32 OR BELOW: 28 0.50 INCH OR MORE: 0
MIN 0 OR BELOW: 11 1.00 INCH OR MORE: 0
[HDD (BASE 65) ]
TOTAL THIS MO. 1401 CLEAR (SCALE 0-3) 15
DPTR FM NORMAL 420 PTCLDY (SCALE 4-7) 6
TOTAL FM JUL 1 4604 CLOUDY (SCALE 8-10) 7
DPTR FM NORMAL -27
[CDD (BASE 65) ]
TOTAL THIS MO. 0
DPTR FM NORMAL 0 [PRESSURE DATA]
TOTAL FM JAN 1 0 HIGHEST SLP 30.76 ON 14
DPTR FM NORMAL 0 LOWEST SLP 29.55 ON 3
[REMARKS]
#FINAL-02-21#