000
CXUS54 KHUN 010810
CF6HSV
PRELIMINARY LOCAL CLIMATOLOGICAL DATA (WS FORM: F-6)
STATION: HUNTSVILLE
MONTH: JULY
YEAR: 2021
LATITUDE: 34 39 N
LONGITUDE: 86 46 W
TEMPERATURE IN F: :PCPN: SNOW: WIND :SUNSHINE: SKY :PK WND
================================================================================
1 2 3 4 5 6A 6B 7 8 9 10 11 12 13 14 15 16 17 18
12Z AVG MX 2MIN
DY MAX MIN AVG DEP HDD CDD WTR SNW DPTH SPD SPD DIR MIN PSBL S-S WX SPD DR
================================================================================
1 86 72 79 -2 0 14 0.30 0.0 0 5.0 15 270 M M 7 13 24 270
2 88 71 80 -1 0 15 0.01 0.0 0 7.2 16 40 M M 6 1 22 30
3 84 63 74 -7 0 9 0.00 0.0 0 6.0 15 20 M M 2 19 10
4 87 59 73 -8 0 8 0.00 0.0 0 2.7 13 70 M M 0 16 50
5 91 65 78 -3 0 13 0.00 0.0 0 5.2 14 110 M M 1 18 19 150
6 89 69 79 -2 0 14 0.00 0.0 0 9.0 18 150 M M 6 23 150
7 78 71 75 -6 0 10 0.38 0.0 0 5.4 16 150 M M 10 1 20 180
8 86 71 79 -2 0 14 0.40 0.0 0 5.4 13 220 M M 6 1 14 250
9 83 72 78 -3 0 13 0.25 0.0 0 5.6 18 310 M M 7 13 28 310
10 89 72 81 0 0 16 0.01 0.0 0 7.8 20 220 M M 5 25 200
11 87 71 79 -2 0 14 1.74 0.0 0 9.0 32 250 M M 9 1238 41 250
12 85 71 78 -3 0 13 0.06 0.0 0 10.2 20 200 M M 9 13 25 170
13 84 69 77 -4 0 12 0.01 0.0 0 6.8 17 220 M M 8 22 210
14 88 68 78 -3 0 13 T 0.0 0 3.5 10 290 M M 5 3 14 290
15 91 71 81 0 0 16 0.00 0.0 0 4.4 13 220 M M 2 17 230
16 89 72 81 0 0 16 0.00 0.0 0 5.8 16 170 M M 3 20 200
17 85 71 78 -3 0 13 0.77 0.0 0 5.5 17 220 M M 7 13 24 240
18 85 71 78 -3 0 13 1.01 0.0 0 3.3 17 260 M M 8 1 23 250
19 83 72 78 -3 0 13 2.30 0.0 0 3.6 8 190 M M 10 13 11 10
20 84 71 78 -3 0 13 0.10 0.0 0 3.0 18 20 M M 9 13 22 10
21 89 72 81 0 0 16 0.94 0.0 0 3.1 13 350 M M 8 1 16 350
22 90 73 82 1 0 17 T 0.0 0 2.2 10 210 M M 4 12 16 190
23 91 72 82 1 0 17 0.00 0.0 0 2.4 9 20 M M 2 1 12 40
24 92 72 82 1 0 17 0.00 0.0 0 2.5 8 50 M M 3 18 10 230
25 93 74 84 3 0 19 0.00 0.0 0 3.0 13 160 M M 4 138 16 220
26 94 73 84 3 0 19 0.00 0.0 0 4.0 18 340 M M 4 3 25 330
27 95 74 85 4 0 20 0.06 0.0 0 2.5 16 10 M M 4 13 23 360
28 95 73 84 3 0 19 0.00 0.0 0 2.3 13 350 M M 2 1 15 350
29 95 70 83 2 0 18 0.00 0.0 0 2.9 10 300 M M 1 1 15 300
30 94 73 84 3 0 19 0.74 0.0 0 4.2 21 320 M M 6 138 26 320
31 93 74 84 3 0 19 T 0.0 0 3.9 14 320 M M 6 13 19 310
================================================================================
SM 2743 2192 0 462 9.08 0.0 147.4 M 164
================================================================================
AV 88.5 70.7 4.8 FASTST M M 5 MAX(MPH)
MISC ----> 32 250 41 250
================================================================================
NOTES:
# LAST OF SEVERAL OCCURRENCES
COLUMN 17 PEAK WIND IN M.P.H.
PRELIMINARY LOCAL CLIMATOLOGICAL DATA (WS FORM: F-6) , PAGE 2
STATION: HUNTSVILLE
MONTH: JULY
YEAR: 2021
LATITUDE: 34 39 N
LONGITUDE: 86 46 W
[TEMPERATURE DATA] [PRECIPITATION DATA] SYMBOLS USED IN COLUMN 16
AVERAGE MONTHLY: 79.6 TOTAL FOR MONTH: 9.08 1 = FOG OR MIST
DPTR FM NORMAL: -1.7 DPTR FM NORMAL: 4.59 2 = FOG REDUCING VISIBILITY
HIGHEST: 95 ON 29,28 GRTST 24HR 2.30 ON 19-19 TO 1/4 MILE OR LESS
LOWEST: 59 ON 4 3 = THUNDER
SNOW, ICE PELLETS, HAIL 4 = ICE PELLETS
TOTAL MONTH: 0.0 INCH 5 = HAIL
GRTST 24HR 0.0 6 = FREEZING RAIN OR DRIZZLE
GRTST DEPTH: 0 7 = DUSTSTORM OR SANDSTORM:
VSBY 1/2 MILE OR LESS
8 = SMOKE OR HAZE
[NO. OF DAYS WITH] [WEATHER - DAYS WITH] 9 = BLOWING SNOW
X = TORNADO
MAX 32 OR BELOW: 0 0.01 INCH OR MORE: 16
MAX 90 OR ABOVE: 12 0.10 INCH OR MORE: 11
MIN 32 OR BELOW: 0 0.50 INCH OR MORE: 6
MIN 0 OR BELOW: 0 1.00 INCH OR MORE: 3
[HDD (BASE 65) ]
TOTAL THIS MO. 0 CLEAR (SCALE 0-3) 8
DPTR FM NORMAL 0 PTCLDY (SCALE 4-7) 16
TOTAL FM JUL 1 0 CLOUDY (SCALE 8-10) 7
DPTR FM NORMAL 0
[CDD (BASE 65) ]
TOTAL THIS MO. 462
DPTR FM NORMAL -43 [PRESSURE DATA]
TOTAL FM JAN 1 1005 HIGHEST SLP M ON M
DPTR FM NORMAL -215 LOWEST SLP 29.84 ON 2
[REMARKS]
#FINAL-07-21#