000
CXUS51 KRLX 031314
CF6HTS
PRELIMINARY LOCAL CLIMATOLOGICAL DATA (WS FORM: F-6)
STATION: HUNTINGTON WV
MONTH: JANUARY
YEAR: 2022
LATITUDE: 38 22 N
LONGITUDE: 82 33 W
TEMPERATURE IN F: :PCPN: SNOW: WIND :SUNSHINE: SKY :PK WND
================================================================================
1 2 3 4 5 6A 6B 7 8 9 10 11 12 13 14 15 16 17 18
12Z AVG MX 2MIN
DY MAX MIN AVG DEP HDD CDD WTR SNW DPTH SPD SPD DIR MIN PSBL S-S WX SPD DR
================================================================================
1 62 55 59 23 6 0 1.82 0.0 0 4.1 21 310 M M 10 12 30 310
2 56 33 45 9 20 0 0.06 0.0 0 8.3 16 340 M M 10 1 22 20
3 35 25 30 -5 35 0 0.00 0.0 0 6.9 20 10 M M 7 27 10
4 47 21 34 -1 31 0 0.00 0.0 0 3.3 12 170 M M 0 15 150
5 54 36 45 10 20 0 0.00 0.0 0 11.3 24 240 M M 1 36 240
6 38 20 29 -6 36 0 0.50 5.8 0 5.9 16 280 M M 6 12 23 290
7 20 10 15 -20 50 0 T T 6 6.8 14 250 M M 9 20 250
8 43 7 25 -10 40 0 T 0.0 4 3.8 10 190 M M 1 13 270
9 47 30 39 4 26 0 1.11 0.0 T 8.4 20 320 M M 8 1 28 320
10 34 23 29 -6 36 0 0.00 0.0 0 7.6 15 300 M M 2 22 280
11 33 16 25 -10 40 0 0.00 0.0 0 4.7 10 200 M M 0 16 320
12 52 30 41 6 24 0 0.00 0.0 0 7.7 16 200 M M 0 23 200
13 55 39 47 13 18 0 T 0.0 0 6.9 13 250 M M 5 19 260
14 42 32 37 3 28 0 0.00 0.0 0 5.6 12 10 M M 10 8 17 10
15 38 26 32 -2 33 0 0.00 0.0 0 5.8 13 10 M M 3 16 50
16 34 25 30 -4 35 0 0.68 6.0 0 7.0 14 40 M M 7 16 20 40
17 32 26 29 -5 36 0 0.06 1.0 7 11.0 18 260 M M 10 18 26 280
18 32 25 29 -5 36 0 0.00 0.0 M 6.1 12 180 M M 8 16 180
19 44 26 35 1 30 0 0.31 0.0 4 7.8 15 350 M M 7 1 21 350
20 36 21 29 -5 36 0 0.24 1.0 3 8.2 17 350 M M 10 18 24 350
21 24 13 19 -15 46 0 0.00 T 1 5.8 15 30 M M 5 20 60
22 28 7 18 -16 47 0 0.00 0.0 1 3.8 9 230 M M 1 1 14 220
23 38 21 30 -5 35 0 T T 1 8.9 20 260 M M 6 27 260
24 44 19 32 -3 33 0 0.01 0.0 M 5.9 14 190 M M 8 20 230
25 41 23 32 -3 33 0 0.06 0.0 T 6.6 16 330 M M 8 16 22 330
26 27 14 21 -14 44 0 0.00 0.0 0 5.0 10 10 M M 1 13 350
27 39 8 24 -11 41 0 T T 0 2.5 8 210 M M 5 11 180
28 36 23 30 -5 35 0 0.12 M T 4.6 15 360 M M 10 18 22 20
29 23 8 16 -19 49 0 0.00 0.0 3 6.9 15 330 M M 4 21 310
30 43 14 29 -6 36 0 0.00 0.0 1 4.7 14 260 M M 4 18 270
31 44 24 34 -1 31 0 0.00 0.0 0 2.6 9 270 M M 0 13 280
================================================================================
SM 1221 700 1046 0 4.97 13.8 194.5 M 166
================================================================================
AV 39.4 22.6 6.3 FASTST M M 5 MAX(MPH)
MISC ----> 24 240 36 240
================================================================================
NOTES:
# LAST OF SEVERAL OCCURRENCES
COLUMN 17 PEAK WIND IN M.P.H.
PRELIMINARY LOCAL CLIMATOLOGICAL DATA (WS FORM: F-6) , PAGE 2
STATION: HUNTINGTON WV
MONTH: JANUARY
YEAR: 2022
LATITUDE: 38 22 N
LONGITUDE: 82 33 W
[TEMPERATURE DATA] [PRECIPITATION DATA] SYMBOLS USED IN COLUMN 16
AVERAGE MONTHLY: 31.0 TOTAL FOR MONTH: 4.97 1 = FOG OR MIST
DPTR FM NORMAL: -3.8 DPTR FM NORMAL: 1.87 2 = FOG REDUCING VISIBILITY
HIGHEST: 62 ON 1 GRTST 24HR 2.53 ON 1- 2 TO 1/4 MILE OR LESS
LOWEST: 7 ON 22, 8 3 = THUNDER
SNOW, ICE PELLETS, HAIL 4 = ICE PELLETS
TOTAL MONTH: 13.8 INCHES 5 = HAIL
GRTST 24HR 6.0 ON 16-16 6 = FREEZING RAIN OR DRIZZLE
GRTST DEPTH: 7 ON 17 7 = DUSTSTORM OR SANDSTORM:
VSBY 1/2 MILE OR LESS
8 = SMOKE OR HAZE
[NO. OF DAYS WITH] [WEATHER - DAYS WITH] 9 = BLOWING SNOW
X = TORNADO
MAX 32 OR BELOW: 7 0.01 INCH OR MORE: 11
MAX 90 OR ABOVE: 0 0.10 INCH OR MORE: 7
MIN 32 OR BELOW: 27 0.50 INCH OR MORE: 4
MIN 0 OR BELOW: 0 1.00 INCH OR MORE: 2
[HDD (BASE 65) ]
TOTAL THIS MO. 1046 CLEAR (SCALE 0-3) 10
DPTR FM NORMAL 110 PTCLDY (SCALE 4-7) 14
TOTAL FM JUL 1 2354 CLOUDY (SCALE 8-10) 7
DPTR FM NORMAL -262
[CDD (BASE 65) ]
TOTAL THIS MO. 0
DPTR FM NORMAL 0 [PRESSURE DATA]
TOTAL FM JAN 1 0 HIGHEST SLP 30.63 ON 11
DPTR FM NORMAL 0 LOWEST SLP 29.40 ON 17
[REMARKS]
#FINAL-01-22#