000
CXUS53 KIND 010700
CF6HUF
PRELIMINARY LOCAL CLIMATOLOGICAL DATA (WS FORM: F-6)
STATION: TERRE HAUTE IN
MONTH: DECEMBER
YEAR: 2021
LATITUDE: 39 27 N
LONGITUDE: 87 18 W
TEMPERATURE IN F: :PCPN: SNOW: WIND :SUNSHINE: SKY :PK WND
================================================================================
1 2 3 4 5 6A 6B 7 8 9 10 11 12 13 14 15 16 17 18
12Z AVG MX 2MIN
DY MAX MIN AVG DEP HDD CDD WTR SNW DPTH SPD SPD DIR MIN PSBL S-S WX SPD DR
================================================================================
1 49 28 39 1 26 0 0.23 M M 4.9 16 160 M M 8 12 20 170
2 62 36 49 12 16 0 0.00 M M 7.4 16 300 M M 2 1 23 300
3 62 32 47 10 18 0 0.00 M M 4.5 12 150 M M 0 15 130
4 52 32 42 5 23 0 0.00 M M 7.2 14 360 M M 0 19 10
5 61 29 45 9 20 0 0.42 M M 10.6 20 210 M M 7 1 30 220
6 58 25 42 6 23 0 0.08 M M 13.2 24 300 M M 5 13 39 280
7 27 19 23 -13 42 0 0.00 M M 5.0 13 310 M M 5 17 320
8 42 24 33 -3 32 0 0.00 M M 6.7 15 290 M M 2 23 240
9 53 23 38 3 27 0 0.00 M M 10.2 24 180 M M 2 1 34 180
10 68 37 53 18 12 0 0.16 M M 9.1 31 200 M M 9 12 45 200
11 68 32 50 15 15 0 0.07 M M 14.8 31 270 M M 5 3 46 250
12 50 26 38 4 27 0 0.00 M M 9.1 17 210 M M 0 24 200
13 54 31 43 9 22 0 0.00 M M 7.2 14 240 M M 0 19 240
14 58 31 45 11 20 0 0.02 M M 7.0 14 170 M M 5 19 160
15 64 50 57 23 8 0 0.08 M M 16.4 31 190 M M 10 1 49 190
16 62 32 47 14 18 0 0.52 M M 11.1 33 190 M M 6 1 51 180
17 39 25 32 -1 33 0 0.20 M M 4.6 13 90 M M 6 1 17 90
18 44 34 39 6 26 0 0.61 M M 8.0 18 320 M M 10 1 27 310
19 39 27 33 1 32 0 0.00 M M 4.8 9 80 M M 2 1 12 90
20 42 21 32 0 33 0 0.00 M M 4.8 14 200 M M 0 1 19 220
21 47 23 35 3 30 0 0.00 M M 6.9 20 310 M M 0 1 27 310
22 36 24 30 -2 35 0 0.00 M M 6.9 20 330 M M 0 29 320
23 51 24 38 6 27 0 0.00 M M 10.6 22 200 M M 1 31 210
24 65 46 56 25 9 0 0.00 M M 13.6 24 200 M M 10 40 190
25 66 48 57 26 8 0 0.47 M M 9.5 20 220 M M 10 13 31 210
26 53 43 48 17 17 0 0.01 M M 7.1 29 160 M M 7 1 39 160
27 65 42 54 23 11 0 0.02 M M 11.1 21 170 M M 6 1 29 160
28 43 36 40 10 25 0 1.05 M M 7.2 22 100 M M 7 12 28 110
29 43 38 41 11 24 0 0.02 M M 5.4 13 80 M M 10 12 15 80
30 50 37 44 14 21 0 T M M 4.6 10 190 M M 9 1 14 170
31 61 37 49 19 16 0 0.01 M M 6.8 15 150 M M 6 1 20 150
================================================================================
SM 1634 992 696 0 3.97 M 256.3 M 150
================================================================================
AV 52.7 32.0 8.3 FASTST M M 5 MAX(MPH)
MISC ----> 33 190 51 180
================================================================================
NOTES:
# LAST OF SEVERAL OCCURRENCES
COLUMN 17 PEAK WIND IN M.P.H.
PRELIMINARY LOCAL CLIMATOLOGICAL DATA (WS FORM: F-6) , PAGE 2
STATION: TERRE HAUTE IN
MONTH: DECEMBER
YEAR: 2021
LATITUDE: 39 27 N
LONGITUDE: 87 18 W
[TEMPERATURE DATA] [PRECIPITATION DATA] SYMBOLS USED IN COLUMN 16
AVERAGE MONTHLY: 42.4 TOTAL FOR MONTH: 3.97 1 = FOG OR MIST
DPTR FM NORMAL: 8.9 DPTR FM NORMAL: 1.48 2 = FOG REDUCING VISIBILITY
HIGHEST: 68 ON 11,10 GRTST 24HR 1.05 ON 28-28 TO 1/4 MILE OR LESS
LOWEST: 19 ON 7 3 = THUNDER
SNOW, ICE PELLETS, HAIL 4 = ICE PELLETS
TOTAL MONTH: M 5 = HAIL
GRTST 24HR M ON M 6 = FREEZING RAIN OR DRIZZLE
GRTST DEPTH: M ON M 7 = DUSTSTORM OR SANDSTORM:
VSBY 1/2 MILE OR LESS
8 = SMOKE OR HAZE
[NO. OF DAYS WITH] [WEATHER - DAYS WITH] 9 = BLOWING SNOW
X = TORNADO
MAX 32 OR BELOW: 1 0.01 INCH OR MORE: 16
MAX 90 OR ABOVE: 0 0.10 INCH OR MORE: 8
MIN 32 OR BELOW: 19 0.50 INCH OR MORE: 3
MIN 0 OR BELOW: 0 1.00 INCH OR MORE: 1
[HDD (BASE 65) ]
TOTAL THIS MO. 696 CLEAR (SCALE 0-3) 12
DPTR FM NORMAL -280 PTCLDY (SCALE 4-7) 12
TOTAL FM JUL 1 1619 CLOUDY (SCALE 8-10) 7
DPTR FM NORMAL -418
[CDD (BASE 65) ]
TOTAL THIS MO. 0
DPTR FM NORMAL 0 [PRESSURE DATA]
TOTAL FM JAN 1 1364 HIGHEST SLP M ON M
DPTR FM NORMAL 288 LOWEST SLP 29.39 ON 11
[REMARKS]
#FINAL-12-21#