000
CXUS53 KIND 011539
CLMHUF
CLIMATE REPORT
NATIONAL WEATHER SERVICE INDIANAPOLIS IN
1139 AM EDT MON MAY 01 2023
...................................
...THE TERRE HAUTE IN CLIMATE SUMMARY FOR THE MONTH OF APRIL 2023...
CLIMATE NORMAL PERIOD 1991 TO 2020
CLIMATE RECORD PERIOD 9999 TO 9999
WEATHER OBSERVED NORMAL DEPART LAST YEAR`S
VALUE DATE(S) VALUE FROM VALUE DATE(S)
NORMAL
................................................................
TEMPERATURE (F)
HIGHEST 84 04/20 84 04/23
LOWEST 26 04/24 26 04/02
AVG. MAXIMUM 67.3 64.9 2.4 63.2
AVG. MINIMUM 40.9 42.9 -2.0 42.3
MEAN 54.1 53.9 0.2 52.8
DAYS MAX >= 90 0 0.0 0.0 0
DAYS MAX <= 32 0 0.0 0.0 0
DAYS MIN <= 32 4 4.1 -0.1 4
DAYS MIN <= 0 0 0.0 0.0 0
PRECIPITATION (INCHES)
TOTALS 1.91R 4.71 -2.80 3.34
DAILY AVG. 0.06 0.16 -0.10 0.11
DAYS >= .01 8 11.4 -3.4 19
DAYS >= .10 6 7.6 -1.6 11
DAYS >= .50 2 3.0 -1.0 1
DAYS >= 1.00 0 1.4 -1.4 0
GREATEST
24 HR. TOTAL 0.77 04/20 TO 04/21
DEGREE DAYS
HEATING TOTAL 333 347 -14 382
SINCE 7/1 4511 5101 -590 MM
COOLING TOTAL 15 14 1 23
SINCE 1/1 15 17 -2 MM
................................................................
WIND (MPH)
AVERAGE WIND SPEED 8.2
HIGHEST WIND SPEED/DIRECTION 43/190 DATE 04/05
HIGHEST GUST SPEED/DIRECTION 61/190 DATE 04/05
SKY COVER
AVERAGE SKY COVER 0.33
AVERAGE RH (PERCENT) 62
WEATHER CONDITIONS. NUMBER OF DAYS WITH
THUNDERSTORM 4 MIXED PRECIP 0
HEAVY RAIN 1 RAIN 4
LIGHT RAIN 12 FREEZING RAIN 0
LT FREEZING RAIN 0 HAIL 0
HEAVY SNOW 0 SNOW 0
LIGHT SNOW 0 SLEET 0
FOG 9 FOG W/VIS <= 1/4 MILE 0
HAZE 3
- INDICATES NEGATIVE NUMBERS.
R INDICATES RECORD WAS SET OR TIED.
MM INDICATES DATA IS MISSING.
T INDICATES TRACE AMOUNT.
$$