000
CXUS56 KTFX 011110
CF6HVR
PRELIMINARY LOCAL CLIMATOLOGICAL DATA (WS FORM: F-6)
STATION: HAVRE MT
MONTH: MAY
YEAR: 2020
LATITUDE: 48 32 N
LONGITUDE: 109 46 W
TEMPERATURE IN F: :PCPN: SNOW: WIND :SUNSHINE: SKY :PK WND
================================================================================
1 2 3 4 5 6A 6B 7 8 9 10 11 12 13 14 15 16 17 18
12Z AVG MX 2MIN
DY MAX MIN AVG DEP HDD CDD WTR SNW DPTH SPD SPD DIR MIN PSBL S-S WX SPD DR
================================================================================
1 64 35 50 1 15 0 0.06 0.0 0 10.8 25 310 M M 7 1 32 320
2 70 33 52 2 13 0 0.00 0.0 0 7.3 20 220 M M 0 22 230
3 63 38 51 1 14 0 0.01 0.0 0 15.6 31 280 M M 3 37 280
4 61 30 46 -4 19 0 0.00 0.0 0 16.9 35 310 M M 3 43 320
5 61 39 50 0 15 0 0.00 0.0 0 8.7 20 300 M M 5 8 23 310
6 70 37 54 3 11 0 0.01 0.0 0 14.9 29 140 M M 3 35 200
7 67 39 53 2 12 0 0.00 0.0 0 7.2 22 220 M M 4 27 200
8 64 35 50 -1 15 0 0.01 0.0 0 9.9 33 330 M M 5 3 44 340
9 60 30 45 -7 20 0 T 0.0 0 10.1 24 40 M M 3 31 30
10 53 33 43 -9 22 0 0.00 0.0 0 14.4 23 70 M M 6 31 90
11 56 31 44 -8 21 0 0.00 0.0 0 14.8 25 90 M M 4 32 80
12 46 30 38 -15 27 0 0.14 0.0 0 10.5 25 90 M M 8 1 32 90
13 54 32 43 -10 22 0 0.02 0.0 0 5.8 18 290 M M 7 23 270
14 72 32 52 -1 13 0 0.00 0.0 0 10.4 22 220 M M M 29 250
15 71 38 55 1 10 0 0.00 0.0 0 10.7 18 140 M M 1 23 140
16 74 35 55 1 10 0 0.00 0.0 0 10.4 22 160 M M 1 28 160
17 77 49 63 9 2 0 0.00 0.0 0 5.1 17 230 M M 1 20 230
18 80 51 66 11 0 1 0.42 0.0 0 7.9 31 260 M M 3 13 44 270
19 76 51 64 9 1 0 0.21 0.0 0 5.7 25 240 M M 4 13 33 240
20 66 52 59 4 6 0 0.06 0.0 0 10.8 23 290 M M 7 138 28 300
21 60 43 52 -4 13 0 0.27 0.0 0 16.2 31 220 M M 8 1 38 220
22 65 39 52 -4 13 0 0.00 0.0 0 15.0 31 240 M M 1 39 240
23 63 36 50 -6 15 0 0.00 0.0 0 6.0 12 360 M M 2 14 360
24 69 36 53 -4 12 0 0.00 0.0 0 5.8 13 260 M M 3 16 290
25 74 41 58 1 7 0 0.01 0.0 0 10.5 22 240 M M 2 28 210
26 77 51 64 7 1 0 0.08 0.0 0 13.9 31 270 M M 5 40 260
27 66 39 53 -5 12 0 T 0.0 0 6.1 17 360 M M 7 21 340
28 72 35 54 -4 11 0 0.00 0.0 0 7.9 17 80 M M 0 23 80
29 79 51 65 7 0 0 0.00 0.0 0 12.1 21 80 M M 0 25 80
30 84 51 68 10 0 3 0.00 0.0 0 17.9 26 120 M M 0 35 120
31 90 58 74 16 0 9 0.00 0.0 0 17.5 37 290 M M 0 49 280
================================================================================
SM 2104 1230 352 13 1.30 0.0 336.8 M 103
================================================================================
AV 67.9 39.7 10.9 FASTST M M 3 MAX(MPH)
MISC ----> 37 290 49 280
================================================================================
NOTES:
# LAST OF SEVERAL OCCURRENCES
COLUMN 17 PEAK WIND IN M.P.H.
PRELIMINARY LOCAL CLIMATOLOGICAL DATA (WS FORM: F-6) , PAGE 2
STATION: HAVRE MT
MONTH: MAY
YEAR: 2020
LATITUDE: 48 32 N
LONGITUDE: 109 46 W
[TEMPERATURE DATA] [PRECIPITATION DATA] SYMBOLS USED IN COLUMN 16
AVERAGE MONTHLY: 53.8 TOTAL FOR MONTH: 1.30 1 = FOG OR MIST
DPTR FM NORMAL: -0.2 DPTR FM NORMAL: -0.44 2 = FOG REDUCING VISIBILITY
HIGHEST: 90 ON 31 GRTST 24HR 0.57 ON 18-19 TO 1/4 MILE OR LESS
LOWEST: 30 ON 12, 9 3 = THUNDER
SNOW, ICE PELLETS, HAIL 4 = ICE PELLETS
TOTAL MONTH: 0.0 INCH 5 = HAIL
GRTST 24HR 0.0 6 = FREEZING RAIN OR DRIZZLE
GRTST DEPTH: 0 7 = DUSTSTORM OR SANDSTORM:
VSBY 1/2 MILE OR LESS
8 = SMOKE OR HAZE
[NO. OF DAYS WITH] [WEATHER - DAYS WITH] 9 = BLOWING SNOW
X = TORNADO
MAX 32 OR BELOW: 0 0.01 INCH OR MORE: 12
MAX 90 OR ABOVE: 1 0.10 INCH OR MORE: 4
MIN 32 OR BELOW: 6 0.50 INCH OR MORE: 0
MIN 0 OR BELOW: 0 1.00 INCH OR MORE: 0
[HDD (BASE 65) ]
TOTAL THIS MO. 352 CLEAR (SCALE 0-3) 17
DPTR FM NORMAL 1 PTCLDY (SCALE 4-7) 12
TOTAL FM JUL 1 8234 CLOUDY (SCALE 8-10) 2
DPTR FM NORMAL 146
[CDD (BASE 65) ]
TOTAL THIS MO. 13
DPTR FM NORMAL 3 [PRESSURE DATA]
TOTAL FM JAN 1 13 HIGHEST SLP 30.51 ON 10
DPTR FM NORMAL 2 LOWEST SLP 29.49 ON 21
[REMARKS]
#FINAL-05-20#