000
CXUS56 KMTR 010900
CF6HWD
PRELIMINARY LOCAL CLIMATOLOGICAL DATA (WS FORM: F-6)
STATION: HAYWARD AIRPORT
MONTH: AUGUST
YEAR: 2023
LATITUDE: 37 39 N
LONGITUDE: 122 7 W
TEMPERATURE IN F: :PCPN: SNOW: WIND :SUNSHINE: SKY :PK WND
================================================================================
1 2 3 4 5 6A 6B 7 8 9 10 11 12 13 14 15 16 17 18
12Z AVG MX 2MIN
DY MAX MIN AVG DEP HDD CDD WTR SNW DPTH SPD SPD DIR MIN PSBL S-S WX SPD DR
================================================================================
1 71 59 65 -1 0 0 0.00 M M 10.4 18 280 M M 6 25 260
2 68 59 64 -2 1 0 0.00 M M 9.2 18 280 M M 7 26 270
3 67 59 63 -3 2 0 0.00 M M 10.0 15 270 M M 9 21 260
4 76 59 68 1 0 3 0.00 M M 7.0 17 300 M M 5 21 280
5 80 59 70 3 0 5 0.00 M M 6.0 15 280 M M 3 19 270
6 85 60 73 6 0 8 0.00 M M 5.1 14 290 M M 0 17 300
7 88 60 74 7 0 9 0.00 M M 7.0 17 290 M M 0 22 290
8 75 58 67 0 0 2 0.00 M M 8.8 21 290 M M 2 26 290
9 77 58 68 1 0 3 0.00 M M 8.3 17 330 M M 4 1 23 320
10 78 59 69 2 0 4 0.00 M M 6.5 17 330 M M 5 22 320
11 77 61 69 2 0 4 0.00 M M 8.2 20 290 M M 5 25 280
12 84 62 73 6 0 8 0.00 M M 6.1 14 290 M M 2 18 320
13 84 60 72 5 0 7 0.00 M M 6.6 16 300 M M 0 21 270
14 83 63 73 6 0 8 0.00 M M 6.1 16 290 M M 0 19 290
15 86 63 75 8 0 10 T M M 6.6 15 280 M M 0 19 280
16 83 62 73 6 0 8 0.00 M M 7.1 17 280 M M 1 21 290
17 79 61 70 3 0 5 0.00 M M 9.3 23 290 M M 2 26 290
18 80 63 72 4 0 7 0.00 M M 8.1 18 300 M M 5 23 310
19 77 62 70 2 0 5 0.00 M M 7.6 18 310 M M 3 22 310
20 90 61 76 8 0 11 0.00 M M 6.8 17 280 M M 0 22 280
21 78 64 71 3 0 6 0.03 M M 7.5 21 220 M M 4 28 200
22 81 67 74 6 0 9 0.00 M M 8.0 20 290 M M 3 24 290
23 92 66 79 11 0 14 0.00 M M 5.3 20 300 M M 0 25 290
24 85 65 75 7 0 10 0.00 M M 7.9 18 310 M M 1 25 300
25 73 63 68 0 0 3 0.00 M M 8.7 16 290 M M 7 21 280
26 73 61 67 -1 0 2 0.00 M M 7.4 17 280 M M 6 1 22 270
27 76 61 69 1 0 4 0.00 M M 4.7 16 280 M M 4 20 280
28 81 58 70 2 0 5 0.00 M M 6.4 17 280 M M 0 22 280
29 77 60 69 1 0 4 0.00 M M 6.3 13 270 M M 0 19 230
30 93 61 77 9 0 12 0.00 M M 5.8 18 290 M M 0 8 23 290
31 75 60 68 0 0 3 0.00 M M 7.8 15 250 M M 1 8 21 270
================================================================================
SM 2472 1894 3 179 0.03 M 226.6 M 85
================================================================================
AV 79.7 61.1 7.3 FASTST M M 3 MAX(MPH)
MISC ----> 23 290 28 200
================================================================================
NOTES:
# LAST OF SEVERAL OCCURRENCES
COLUMN 17 PEAK WIND IN M.P.H.
PRELIMINARY LOCAL CLIMATOLOGICAL DATA (WS FORM: F-6) , PAGE 2
STATION: HAYWARD AIRPORT
MONTH: AUGUST
YEAR: 2023
LATITUDE: 37 39 N
LONGITUDE: 122 7 W
[TEMPERATURE DATA] [PRECIPITATION DATA] SYMBOLS USED IN COLUMN 16
AVERAGE MONTHLY: 70.4 TOTAL FOR MONTH: 0.03 1 = FOG OR MIST
DPTR FM NORMAL: 3.1 DPTR FM NORMAL: -0.07 2 = FOG REDUCING VISIBILITY
HIGHEST: 93 ON 30 GRTST 24HR 0.03 ON 21-21 TO 1/4 MILE OR LESS
LOWEST: 58 ON 28, 9 3 = THUNDER
SNOW, ICE PELLETS, HAIL 4 = ICE PELLETS
TOTAL MONTH: M 5 = HAIL
GRTST 24HR M ON M 6 = FREEZING RAIN OR DRIZZLE
GRTST DEPTH: M ON M 7 = DUSTSTORM OR SANDSTORM:
VSBY 1/2 MILE OR LESS
8 = SMOKE OR HAZE
[NO. OF DAYS WITH] [WEATHER - DAYS WITH] 9 = BLOWING SNOW
X = TORNADO
MAX 32 OR BELOW: 0 0.01 INCH OR MORE: 1
MAX 90 OR ABOVE: 3 0.10 INCH OR MORE: 0
MIN 32 OR BELOW: 0 0.50 INCH OR MORE: 0
MIN 0 OR BELOW: 0 1.00 INCH OR MORE: 0
[HDD (BASE 65) ]
TOTAL THIS MO. 3 CLEAR (SCALE 0-3) 17
DPTR FM NORMAL -12 PTCLDY (SCALE 4-7) 13
TOTAL FM JUL 1 23 CLOUDY (SCALE 8-10) 1
DPTR FM NORMAL -8
[CDD (BASE 65) ]
TOTAL THIS MO. 179
DPTR FM NORMAL 93 [PRESSURE DATA]
TOTAL FM JAN 1 276 HIGHEST SLP M ON M
DPTR FM NORMAL 45 LOWEST SLP 29.61 ON 20
[REMARKS]
#FINAL-08-23#