000
CXUS52 KMFL 011030
CF6HWO
PRELIMINARY LOCAL CLIMATOLOGICAL DATA (WS FORM: F-6)
STATION: NORTH PERRY ARPT
MONTH: APRIL
YEAR: 2021
LATITUDE: 26 0 N
LONGITUDE: 80 14 W
TEMPERATURE IN F: :PCPN: SNOW: WIND :SUNSHINE: SKY :PK WND
================================================================================
1 2 3 4 5 6A 6B 7 8 9 10 11 12 13 14 15 16 17 18
12Z AVG MX 2MIN
DY MAX MIN AVG DEP HDD CDD WTR SNW DPTH SPD SPD DIR MIN PSBL S-S WX SPD DR
================================================================================
1 86 69 78 4 0 13 T M M 6.8 20 360 M M 5 3 24 360
2 79 57 68 -6 0 3 T M M 16.1 28 20 M M 6 37 30
3 75 65 70 -4 0 5 T M M 14.9 25 70 M M 9 33 80
4 78 65 72 -2 0 7 0.00 M M 11.4 21 60 M M 5 29 70
5 78 59 69 -5 0 4 0.00 M M 8.0 20 70 M M 2 24 80
6 79 59 69 -5 0 4 0.00 M M 6.6 17 70 M M 3 22 70
7 80 59 70 -4 0 5 0.00 M M 6.0 18 100 M M 1 24 60
8 81 61 71 -3 0 6 0.00 M M 7.3 16 120 M M 1 21 130
9 82 63 73 -1 0 8 0.00 M M 7.5 20 140 M M 1 27 130
10 85 68 77 3 0 12 0.11 M M 10.9 22 340 M M 1 1 27 160
11 91 64 78 4 0 13 0.91 M M 11.4 31 360 M M 4 13 42 330
12 86 66 76 2 0 11 0.14 M M 7.5 16 300 M M 5 3 22 220
13 88 65 77 2 0 12 0.00 M M 5.5 15 90 M M 0 20 90
14 82 68 75 0 0 10 0.00 M M 8.9 18 90 M M 0 25 100
15 85 65 75 0 0 10 0.00 M M 6.7 16 140 M M 1 24 130
16 89 67 78 3 0 13 0.00 M M 6.7 17 140 M M 1 21 140
17 90 70 80 5 0 15 0.00 M M 9.1 22 270 M M 1 27 250
18 90 72 81 6 0 16 0.00 M M 7.7 17 130 M M 2 23 130
19 92 76 84 9 0 19 0.01 M M 11.6 28 220 M M 4 3 36 240
20 85 69 77 2 0 12 0.26 M M 9.6 33 190 M M 5 3 42 180
21 87 74 81 5 0 16 0.02 M M 6.4 20 330 M M 5 3 23 330
22 84 71 78 2 0 13 T M M 9.4 16 50 M M 7 21 50
23 83 72 78 2 0 13 T M M 13.3 21 80 M M 2 25 70
24 86 74 80 4 0 15 0.00 0.0 0 12.8 22 140 M M 3 27 130
25 94 75 85 9 0 20 0.00 0.0 0 10.0 20 230 M M 1 26 230
26 85 71 78 2 0 13 0.00 0.0 0 9.2 21 60 M M 1 26 60
27 83 73 78 2 0 13 T 0.0 0 13.2 24 70 M M 5 29 80
28 84 71 78 2 0 13 0.00 M M 9.8 16 100 M M 3 26 70
29 87 75 81 4 0 16 0.00 M M 10.2 20 120 M M 1 24 140
30 90 74 82 5 0 17 0.05 M M 5.2 15 160 M M 6 20 150
================================================================================
SM 2544 2037 0 347 1.50 0.0 279.7 M 91
================================================================================
AV 84.8 67.9 9.3 FASTST M M 3 MAX(MPH)
MISC ----> 33 190 # 42 330
================================================================================
NOTES:
# LAST OF SEVERAL OCCURRENCES
COLUMN 17 PEAK WIND IN M.P.H.
PRELIMINARY LOCAL CLIMATOLOGICAL DATA (WS FORM: F-6) , PAGE 2
STATION: NORTH PERRY ARPT
MONTH: APRIL
YEAR: 2021
LATITUDE: 26 0 N
LONGITUDE: 80 14 W
[TEMPERATURE DATA] [PRECIPITATION DATA] SYMBOLS USED IN COLUMN 16
AVERAGE MONTHLY: 76.4 TOTAL FOR MONTH: 1.50 1 = FOG OR MIST
DPTR FM NORMAL: 1.4 DPTR FM NORMAL: -1.57 2 = FOG REDUCING VISIBILITY
HIGHEST: 94 ON 25 GRTST 24HR 1.05 ON 11-12 TO 1/4 MILE OR LESS
LOWEST: 57 ON 2 3 = THUNDER
SNOW, ICE PELLETS, HAIL 4 = ICE PELLETS
TOTAL MONTH: 0.0 INCH 5 = HAIL
GRTST 24HR 0.0 6 = FREEZING RAIN OR DRIZZLE
GRTST DEPTH: 0 7 = DUSTSTORM OR SANDSTORM:
VSBY 1/2 MILE OR LESS
8 = SMOKE OR HAZE
[NO. OF DAYS WITH] [WEATHER - DAYS WITH] 9 = BLOWING SNOW
X = TORNADO
MAX 32 OR BELOW: 0 0.01 INCH OR MORE: 7
MAX 90 OR ABOVE: 6 0.10 INCH OR MORE: 4
MIN 32 OR BELOW: 0 0.50 INCH OR MORE: 1
MIN 0 OR BELOW: 0 1.00 INCH OR MORE: 0
[HDD (BASE 65) ]
TOTAL THIS MO. 0 CLEAR (SCALE 0-3) 18
DPTR FM NORMAL -1 PTCLDY (SCALE 4-7) 11
TOTAL FM JUL 1 92 CLOUDY (SCALE 8-10) 1
DPTR FM NORMAL -52
[CDD (BASE 65) ]
TOTAL THIS MO. 347
DPTR FM NORMAL 46 [PRESSURE DATA]
TOTAL FM JAN 1 1002 HIGHEST SLP 30.30 ON 3
DPTR FM NORMAL 188 LOWEST SLP 29.75 ON 11
[REMARKS]
#FINAL-04-21#