000
CXUS54 KHGX 011636
CF6IAH
PRELIMINARY LOCAL CLIMATOLOGICAL DATA (WS FORM: F-6)

                                          STATION:   HOUSTON INTERCONTINENTAL
                                          MONTH:     JULY
                                          YEAR:      2013
                                          LATITUDE:   29 58 N
                                          LONGITUDE:  95 21 W

  TEMPERATURE IN F:       :PCPN:    SNOW:  WIND      :SUNSHINE: SKY     :PK WND
================================================================================
1   2   3   4   5  6A  6B    7    8   9   10  11  12  13   14  15   16   17  18
                                     12Z  AVG MX 2MIN
DY MAX MIN AVG DEP HDD CDD  WTR  SNW DPTH SPD SPD DIR MIN PSBL S-S WX    SPD DR
================================================================================

 1  93  69  81  -3   0  16 0.00  0.0    0  5.0 17  10   M    M   4        28  30
 2  95  70  83  -1   0  18 0.00  0.0    M  5.2 15  10   M    M   5        17  40
 3  94  70  82  -2   0  17 0.00  0.0    0  6.1 17  50   M    M   5        24  40
 4  96  71  84   0   0  19    T  0.0    0  4.6 17  40   M    M   6 3      21 230
 5  97  71  84   0   0  19 0.00  0.0    0  6.9 18 130   M    M   4 18     24 130
 6  96  75  86   2   0  21 0.00  0.0    0  8.8 22 140   M    M   4        30 130
 7  91  75  83  -1   0  18 0.01  0.0    0  8.9 24 130   M    M   5        28 140
 8  89  74  82  -2   0  17 0.52  0.0    0  5.8 18 230   M    M   6 1      25 220
 9  96  74  85   1   0  20 0.00  0.0    0  5.3 20 140   M    M   3        29 150
10  97  75  86   2   0  21 0.00  0.0    0  5.4 17 150   M    M   4        23 150
11  98  78  88   4   0  23 0.00  0.0    0  6.1 16 160   M    M   5        17 150
12  98  79  89   5   0  24 0.00  0.0    0  5.5 14 160   M    M   5        18 140
13  99  77  88   4   0  23    T  0.0    0  4.4 26  10   M    M   5        31 360
14  91  68  80  -4   0  15 1.73  0.0    0  5.3 23 270   M    M   9 1238   23 270
15  89  72  81  -3   0  16 0.35  0.0    0  7.1 30 140   M    M   8 138    37 140
16  90  74  82  -2   0  17 0.20  0.0    0  9.2 30 110   M    M   8 138    35 120
17  85  71  78  -6   0  13 0.82  0.0    0  7.3 21 120   M    M   6 1      25 130
18  93  73  83  -1   0  18 0.00  0.0    0  6.9 16 140   M    M   4        23 120
19  89  73  81  -3   0  16 0.18  0.0    0  3.3 24 130   M    M   7 13     30 130
20  88  74  81  -4   0  16 0.03  0.0    0  4.6 18 130   M    M   8 13     23 140
21  88  74  81  -4   0  16    T  0.0    0  6.6 21 180   M    M   5 1      28 150
22  95  77  86   1   0  21 0.00  0.0    0  8.1 17 160   M    M   5        22 170
23  95  79  87   2   0  22 0.00  0.0    0  7.9 15 170   M    M   6        22 200
24  96  77  87   2   0  22 0.00  0.0    0  5.5 13 230   M    M   6        17 240
25  96  78  87   2   0  22 0.00  0.0    0  4.9 16 150   M    M   4        18 170
26  96  78  87   2   0  22 0.00  0.0    0  7.0 15 190   M    M   6        21 170
27  94  79  87   2   0  22 0.14  0.0    0  7.0 16  10   M    M   8        18  10
28  93  75  84  -1   0  19 0.11  0.0    0  7.2 18 150   M    M   7 1      22 150
29  95  75  85   0   0  20 0.00  0.0    0  8.9 21 150   M    M   4        26 150
30  96  77  87   2   0  22 0.00  0.0    0  7.7 20 160   M    M   5        23 150
31  98  74  86   1   0  21 0.00  0.0    0  5.6 18 150   M    M   4        21 150
================================================================================
SM 2906 2306         0 596  4.09     0.0 198.1          M      171
================================================================================
AV 93.7 74.4                               6.4 FASTST   M    M   6    MAX(MPH)
                                 MISC ---->  # 30 140               # 37  140
================================================================================
NOTES:
# LAST OF SEVERAL OCCURRENCES

COLUMN 17 PEAK WIND IN M.P.H.

PRELIMINARY LOCAL CLIMATOLOGICAL DATA (WS FORM: F-6) , PAGE 2

                                          STATION:  HOUSTON INTERCONTINENTAL
                                          MONTH:    JULY
                                          YEAR:     2013
                                          LATITUDE:   29 58 N
                                          LONGITUDE:  95 21 W

[TEMPERATURE DATA]      [PRECIPITATION DATA]       SYMBOLS USED IN COLUMN 16

AVERAGE MONTHLY: 84.1   TOTAL FOR MONTH:   4.09    1 = FOG OR MIST
DPTR FM NORMAL:  -0.3   DPTR FM NORMAL:    0.30    2 = FOG REDUCING VISIBILITY
HIGHEST:    99 ON 13    GRTST 24HR  1.73 ON 14-14      TO 1/4 MILE OR LESS
LOWEST:     68 ON 14                               3 = THUNDER
                        SNOW, ICE PELLETS, HAIL    4 = ICE PELLETS
                        TOTAL MONTH:   0.0 INCH    5 = HAIL
                        GRTST 24HR     0.0         6 = FREEZING RAIN OR DRIZZLE
                        GRTST DEPTH:   0           7 = DUSTSTORM OR SANDSTORM:
                                                       VSBY 1/2 MILE OR LESS
                                                   8 = SMOKE OR HAZE
[NO. OF DAYS WITH]      [WEATHER - DAYS WITH]      9 = BLOWING SNOW
                                                   X = TORNADO
MAX 32 OR BELOW:   0    0.01 INCH OR MORE:  10
MAX 90 OR ABOVE:  25    0.10 INCH OR MORE:   8
MIN 32 OR BELOW:   0    0.50 INCH OR MORE:   3
MIN  0 OR BELOW:   0    1.00 INCH OR MORE:   1

[HDD (BASE 65) ]
TOTAL THIS MO.     0    CLEAR  (SCALE 0-3)   0
DPTR FM NORMAL     0    PTCLDY (SCALE 4-7)  29
TOTAL FM JUL 1     0    CLOUDY (SCALE 8-10)  2
DPTR FM NORMAL     0

[CDD (BASE 65) ]
TOTAL THIS MO.   596
DPTR FM NORMAL    -5    [PRESSURE DATA]
TOTAL FM JAN 1  1757    HIGHEST SLP 30.20 ON 17
DPTR FM NORMAL   -16    LOWEST  SLP 29.82 ON 13

[REMARKS]
#FINAL-07-13#
