000
CXUS54 KHGX 011415
CF6IAH
PRELIMINARY LOCAL CLIMATOLOGICAL DATA (WS FORM: F-6)

                                          STATION:   HOUSTON INTERCONTINENTAL
                                          MONTH:     JUNE
                                          YEAR:      2013
                                          LATITUDE:   29 58 N
                                          LONGITUDE:  95 21 W

  TEMPERATURE IN F:       :PCPN:    SNOW:  WIND      :SUNSHINE: SKY     :PK WND
================================================================================
1   2   3   4   5  6A  6B    7    8   9   10  11  12  13   14  15   16   17  18
                                     12Z  AVG MX 2MIN
DY MAX MIN AVG DEP HDD CDD  WTR  SNW DPTH SPD SPD DIR MIN PSBL S-S WX    SPD DR
================================================================================

 1  95  79  87   7   0  22 0.00  0.0    0 10.4 21 150   M    M   5        28 150
 2  86  69  78  -3   0  13 1.32  0.0    0  6.4 30 340   M    M   7 13     38 340
 3  92  68  80  -1   0  15 0.00  0.0    0  4.2 14 100   M    M   1        17  40
 4  92  69  81   0   0  16 0.00  0.0    0  4.4 15 140   M    M   3        22 110
 5  94  71  83   2   0  18 0.00  0.0    0  4.6 18 160   M    M   3 1      22 160
 6  95  72  84   3   0  19 0.31  0.0    0  6.3 26  10   M    M   6 13     32 330
 7  88  69  79  -2   0  14 0.00  0.0    0  6.1 15 360   M    M   5        18 360
 8  92  68  80  -2   0  15 0.00  0.0    0  4.3 35 160   M    M   7        41 160
 9  90  71  81  -1   0  16 1.85  0.0    0  3.6 25 290   M    M   7 38     37 310
10  93  70  82   0   0  17 0.00  0.0    0  4.6 21 150   M    M   5 3      25 150
11  91  74  83   1   0  18    T  0.0    0  4.9 20 140   M    M   6        25 140
12  93  74  84   2   0  19 0.00  0.0    0  6.8 14 160   M    M   7        18 150
13  96  74  85   3   0  20 0.00  0.0    0  3.0 16 150   M    M   5        20 140
14  95  78  87   5   0  22 0.00  0.0    0  2.8 13 120   M    M   5        17 120
15  94  77  86   4   0  21 0.00  0.0    0  4.6 10 160   M    M   6        14 160
16  96  75  86   3   0  21 0.00  0.0    0  6.8 18 140   M    M   4        22 140
17  96  78  87   4   0  22 0.00  0.0    0  6.9 21 140   M    M   6        24 150
18  96  75  86   3   0  21 0.00  0.0    0  7.9 21 360   M    M   7 3      26  70
19  96  73  85   2   0  20 0.98  0.0    0  5.4 20 150   M    M   6 13     23 150
20  93  74  84   1   0  19 0.00  0.0    0  6.7 23 110   M    M   6 3      26 110
21  94  74  84   1   0  19 0.00  0.0    0  6.2 18 140   M    M   4        24 150
22  94  74  84   1   0  19 0.00  0.0    0  7.0 18 150   M    M   4        22 150
23  95  74  85   2   0  20 0.00  0.0    0  7.6 17 160   M    M   4        23 150
24  96  75  86   3   0  21 0.00  0.0    0  9.5 22 150   M    M   5        29 160
25  97  80  89   6   0  24 0.00  0.0    0 10.0 22 150   M    M   5        28 150
26  98  79  89   5   0  24 0.00  0.0    0  8.0 17 160   M    M   3        22 130
27  98  75  87   3   0  22 0.00  0.0    0  6.0 17 150   M    M   2        25 100
28 100  78  89   5   0  24 0.00  0.0    0  6.3 14 150   M    M   6        18 280
29 107  80  94  10   0  29 0.00  0.0    0  8.1 18  30   M    M   5        22  10
30  98  74  86   2   0  21 0.00  0.0    0  7.0 18 320   M    M   6        25 310
================================================================================
SM 2840 2221         0 591  4.46     0.0 186.4          M      151
================================================================================
AV 94.7 74.0                               6.2 FASTST   M    M   5    MAX(MPH)
                                 MISC ---->  # 35 160               # 41  160
================================================================================
NOTES:
# LAST OF SEVERAL OCCURRENCES

COLUMN 17 PEAK WIND IN M.P.H.

PRELIMINARY LOCAL CLIMATOLOGICAL DATA (WS FORM: F-6) , PAGE 2

                                          STATION:  HOUSTON INTERCONTINENTAL
                                          MONTH:    JUNE
                                          YEAR:     2013
                                          LATITUDE:   29 58 N
                                          LONGITUDE:  95 21 W

[TEMPERATURE DATA]      [PRECIPITATION DATA]       SYMBOLS USED IN COLUMN 16

AVERAGE MONTHLY: 84.3   TOTAL FOR MONTH:   4.46    1 = FOG OR MIST
DPTR FM NORMAL:   1.9   DPTR FM NORMAL:   -1.47    2 = FOG REDUCING VISIBILITY
HIGHEST:   107 ON 29    GRTST 24HR  1.85 ON  9- 9      TO 1/4 MILE OR LESS
LOWEST:     68 ON  8, 3                            3 = THUNDER
                        SNOW, ICE PELLETS, HAIL    4 = ICE PELLETS
                        TOTAL MONTH:   0.0 INCH    5 = HAIL
                        GRTST 24HR     0.0         6 = FREEZING RAIN OR DRIZZLE
                        GRTST DEPTH:   0           7 = DUSTSTORM OR SANDSTORM:
                                                       VSBY 1/2 MILE OR LESS
                                                   8 = SMOKE OR HAZE
[NO. OF DAYS WITH]      [WEATHER - DAYS WITH]      9 = BLOWING SNOW
                                                   X = TORNADO
MAX 32 OR BELOW:   0    0.01 INCH OR MORE:   4
MAX 90 OR ABOVE:  28    0.10 INCH OR MORE:   4
MIN 32 OR BELOW:   0    0.50 INCH OR MORE:   3
MIN  0 OR BELOW:   0    1.00 INCH OR MORE:   2

[HDD (BASE 65) ]
TOTAL THIS MO.     0    CLEAR  (SCALE 0-3)   5
DPTR FM NORMAL     0    PTCLDY (SCALE 4-7)  25
TOTAL FM JUL 1  1187    CLOUDY (SCALE 8-10)  0
DPTR FM NORMAL  -180

[CDD (BASE 65) ]
TOTAL THIS MO.   591
DPTR FM NORMAL    71    [PRESSURE DATA]
TOTAL FM JAN 1  1161    HIGHEST SLP 30.10 ON 21
DPTR FM NORMAL   -11    LOWEST  SLP 29.70 ON 29

[REMARKS]
#FINAL-06-13#
