000
CXUS54 KHGX 011415
CF6IAH
PRELIMINARY LOCAL CLIMATOLOGICAL DATA (WS FORM: F-6)

                                          STATION:   HOUSTON INTERCONTINENTAL
                                          MONTH:     NOVEMBER
                                          YEAR:      2013
                                          LATITUDE:   29 58 N
                                          LONGITUDE:  95 21 W

  TEMPERATURE IN F:       :PCPN:    SNOW:  WIND      :SUNSHINE: SKY     :PK WND
================================================================================
1   2   3   4   5  6A  6B    7    8   9   10  11  12  13   14  15   16   17  18
                                     12Z  AVG MX 2MIN
DY MAX MIN AVG DEP HDD CDD  WTR  SNW DPTH SPD SPD DIR MIN PSBL S-S WX    SPD DR
================================================================================

 1  80  52  66  -1   0   1 0.15  0.0    0  5.2 28 310   M    M   1 138    38 300
 2  73  51  62  -5   3   0 0.00  0.0    0 10.9 23 340   M    M   0        28 350
 3  69  45  57  -9   8   0 0.00  0.0    0  7.3 17 120   M    M   2        23 150
 4  73  52  63  -3   2   0    T  0.0    0  9.9 21 130   M    M   8        25 130
 5  80  67  74   8   0   9    T  0.0    0 11.4 22 130   M    M   9        26 140
 6  79  53  66   1   0   1 0.03  0.0    0  9.1 22 350   M    M   7        28 350
 7  69  46  58  -7   7   0 0.00  0.0    0 12.1 22  10   M    M   5        28 360
 8  67  48  58  -7   7   0 0.00  0.0    0  4.3 17 110   M    M   7        22 110
 9  70  53  62  -2   3   0 0.00  0.0    0  4.7 10  80   M    M   7        13 110
10  75  53  64   0   1   0 0.00  0.0    0  5.1 13  20   M    M   5        16  50
11  75  52  64   0   1   0 0.00  0.0    0  1.8  9  30   M    M   4        13  30
12  72  47  60  -4   5   0 0.00  0.0    0 11.1 25  10   M    M   5        31  20
13  56  36  46 -17  19   0 0.00  0.0    0  9.4 21  30   M    M   4        26  20
14  64  35  50 -13  15   0 0.00  0.0    0  5.6 14 140   M    M   6        16 140
15  78  51  65   3   0   0 0.00  0.0    0  7.1 16 140   M    M   5        18 140
16  81  57  69   7   0   4 0.03  0.0    0  8.1 22 160   M    M   8 12     25 160
17  85  69  77  15   0  12 0.00  0.0    0  6.2 17 210   M    M   7 1      29 230
18  79  62  71   9   0   6 0.00  0.0    0  8.2 18  70   M    M   8 128    22  70
19  70  50  60  -1   5   0 0.00  0.0    0 10.0 16 100   M    M   3        22  60
20  73  48  61   0   4   0 0.00    M    0  9.4 21 140   M    M   7        24 140
21  80  67  74  14   0   9 0.06  0.0    0 10.2 18 160   M    M  10        22 130
22  73  43  58  -2   7   0 1.40    M    0 12.1 23 340   M    M  10 13     28 330
23  50  43  47 -13  18   0 0.41    M    0 14.7 22  20   M    M  10 1      33  40
24  50  42  46 -14  19   0    T    M    0 13.6 21  40   M    M   9        26  20
25  44  39  42 -17  23   0 1.26    M    0 11.6 22  10   M    M  10 1      28  10
26  44  39  42 -17  23   0 0.47    M    0 12.2 24 330   M    M   9        33 340
27  50  34  42 -16  23   0 0.00    M    0  7.7 16 350   M    M   1        21 360
28  55  31  43 -15  22   0 0.00  0.0    0  4.1  9 100   M    M   6        13  70
29  63  34  49  -9  16   0 0.00  0.0    0  3.5 10  90   M    M   2        13  40
30  70  39  55  -3  10   0 0.00  0.0    0  4.1 14 150   M    M   4        15 150
================================================================================
SM 2047 1438       241  42  3.81     0.0 250.7          M      179
================================================================================
AV 68.2 47.9                               8.4 FASTST   M    M   6    MAX(MPH)
                                 MISC ---->  # 28 310               # 38  300
================================================================================
NOTES:
# LAST OF SEVERAL OCCURRENCES

COLUMN 17 PEAK WIND IN M.P.H.

PRELIMINARY LOCAL CLIMATOLOGICAL DATA (WS FORM: F-6) , PAGE 2

                                          STATION:  HOUSTON INTERCONTINENTAL
                                          MONTH:    NOVEMBER
                                          YEAR:     2013
                                          LATITUDE:   29 58 N
                                          LONGITUDE:  95 21 W

[TEMPERATURE DATA]      [PRECIPITATION DATA]       SYMBOLS USED IN COLUMN 16

AVERAGE MONTHLY: 58.1   TOTAL FOR MONTH:   3.81    1 = FOG OR MIST
DPTR FM NORMAL:  -4.2   DPTR FM NORMAL:   -0.53    2 = FOG REDUCING VISIBILITY
HIGHEST:    85 ON 17    GRTST 24HR  1.48 ON 25-26      TO 1/4 MILE OR LESS
LOWEST:     31 ON 28                               3 = THUNDER
                        SNOW, ICE PELLETS, HAIL    4 = ICE PELLETS
                        TOTAL MONTH:   0.0 INCH    5 = HAIL
                        GRTST 24HR     0.0         6 = FREEZING RAIN OR DRIZZLE
                        GRTST DEPTH:   0           7 = DUSTSTORM OR SANDSTORM:
                                                       VSBY 1/2 MILE OR LESS
                                                   8 = SMOKE OR HAZE
[NO. OF DAYS WITH]      [WEATHER - DAYS WITH]      9 = BLOWING SNOW
                                                   X = TORNADO
MAX 32 OR BELOW:   0    0.01 INCH OR MORE:   8
MAX 90 OR ABOVE:   0    0.10 INCH OR MORE:   5
MIN 32 OR BELOW:   1    0.50 INCH OR MORE:   2
MIN  0 OR BELOW:   0    1.00 INCH OR MORE:   2

[HDD (BASE 65) ]
TOTAL THIS MO.   241    CLEAR  (SCALE 0-3)   6
DPTR FM NORMAL    86    PTCLDY (SCALE 4-7)  17
TOTAL FM JUL 1   249    CLOUDY (SCALE 8-10)  7
DPTR FM NORMAL    64

[CDD (BASE 65) ]
TOTAL THIS MO.    42
DPTR FM NORMAL   -32    [PRESSURE DATA]
TOTAL FM JAN 1  3175    HIGHEST SLP 30.63 ON 13
DPTR FM NORMAL    47    LOWEST  SLP 29.81 ON 17

[REMARKS]
#FINAL-11-13#
