000
CXUS54 KHGX 011900
CF6IAH
PRELIMINARY LOCAL CLIMATOLOGICAL DATA (WS FORM: F-6)

                                          STATION:   HOUSTON INTERCONTINENTAL
                                          MONTH:     OCTOBER
                                          YEAR:      2013
                                          LATITUDE:   29 58 N
                                          LONGITUDE:  95 21 W

  TEMPERATURE IN F:       :PCPN:    SNOW:  WIND      :SUNSHINE: SKY     :PK WND
================================================================================
1   2   3   4   5  6A  6B    7    8   9   10  11  12  13   14  15   16   17  18
                                     12Z  AVG MX 2MIN
DY MAX MIN AVG DEP HDD CDD  WTR  SNW DPTH SPD SPD DIR MIN PSBL S-S WX    SPD DR
================================================================================

 1  88  74  81   5   0  16    T  0.0    0  8.1 25 110   M    M   6        31 110
 2  86  73  80   5   0  15 0.03  0.0    0  5.3 22 130   M    M   6 13     28 140
 3  88  72  80   5   0  15 0.10  0.0    0  5.3 17 150   M    M   5        21 150
 4  91  69  80   5   0  15 0.00  0.0    0  5.4 18 150   M    M   3        22 140
 5  93  65  79   5   0  14 0.01  0.0    0  5.5 20 350   M    M   4        25 340
 6  80  57  69  -5   0   4 0.19  0.0    0  9.4 20 350   M    M   5        26 360
 7  81  53  67  -7   0   2 0.00  0.0    0  4.1 14 360   M    M   0        28 220
 8  81  53  67  -7   0   2 0.00  0.0    0  2.4  8 110   M    M   0        13 110
 9  83  56  70  -3   0   5 0.00  0.0    0  3.4 13 110   M    M   2        15 120
10  86  61  74   1   0   9 0.00  0.0    0  6.2 20 140   M    M   3        23 140
11  87  65  76   3   0  11 0.00  0.0    0  7.0 18 140   M    M   4        21 140
12  88  72  80   8   0  15 0.03  0.0    0  6.3 26 150   M    M   6 13     30 150
13  76  71  74   2   0   9 0.30  0.0    0  6.6 15  90   M    M   9 13     17 110
14  84  71  78   6   0  13 0.00  0.0    0  7.7 18 140   M    M   6        24 150
15  88  70  79   7   0  14    T  0.0    0  5.0 16 140   M    M   5        20 150
16  73  62  68  -4   0   3 0.01  0.0    0  7.0 15 310   M    M   8        18 310
17  78  59  69  -2   0   4 0.03  0.0    0  6.4 15 350   M    M   5        18  10
18  73  56  65  -6   0   0 2.03  0.0    0  7.5 16  10   M    M   8 1      20  10
19  71  50  61 -10   4   0 0.06  0.0    0  9.5 22 350   M    M   4        29 350
20  75  46  61  -9   4   0 0.00  0.0    0  4.0 12 140   M    M   4        15 120
21  78  59  69  -1   0   4    T  0.0    0  6.1 17 140   M    M   7        21 130
22  76  54  65  -5   0   0 0.00  0.0    0  6.8 17 360   M    M   5        24  30
23  83  50  67  -3   0   2 0.00  0.0    0  1.7  7 220   M    M   0        14 210
24  83  54  69   0   0   4 0.00  0.0    0  1.2  7  40   M    M   1        12 310
25  75  56  66  -3   0   1 0.00  0.0    0  6.7 17  60   M    M   1        21  80
26  80  52  66  -3   0   1 0.00  0.0    0  7.0 16 130   M    M   1        20 140
27  75  61  68   0   0   3 1.57  0.0    0  5.1 39 360   M    M   7 13     51 360
28  83  62  73   5   0   8 0.00  0.0    0  6.4 18 130   M    M   5        20 130
29  84  65  75   7   0  10 0.00  0.0    0  9.0 22 120   M    M   6        25 130
30  80  72  76   8   0  11 1.57  0.0    0 10.0 17 160   M    M   9 13     25 200
31  79  55  67   0   0   2 1.15    M    0  5.8 28 310   M    M   8 13     36 310
================================================================================
SM 2526 1895         8 212  7.08     0.0 187.9          M      143
================================================================================
AV 81.5 61.1                               6.1 FASTST   M    M   5    MAX(MPH)
                                 MISC ---->  # 39 360               # 51  360
================================================================================
NOTES:
# LAST OF SEVERAL OCCURRENCES

COLUMN 17 PEAK WIND IN M.P.H.

PRELIMINARY LOCAL CLIMATOLOGICAL DATA (WS FORM: F-6) , PAGE 2

                                          STATION:  HOUSTON INTERCONTINENTAL
                                          MONTH:    OCTOBER
                                          YEAR:     2013
                                          LATITUDE:   29 58 N
                                          LONGITUDE:  95 21 W

[TEMPERATURE DATA]      [PRECIPITATION DATA]       SYMBOLS USED IN COLUMN 16

AVERAGE MONTHLY: 71.3   TOTAL FOR MONTH:   7.08    1 = FOG OR MIST
DPTR FM NORMAL:  -0.2   DPTR FM NORMAL:    1.38    2 = FOG REDUCING VISIBILITY
HIGHEST:    93 ON  5    GRTST 24HR  2.18 ON 30-31      TO 1/4 MILE OR LESS
LOWEST:     46 ON 20                               3 = THUNDER
                        SNOW, ICE PELLETS, HAIL    4 = ICE PELLETS
                        TOTAL MONTH:   0.0 INCH    5 = HAIL
                        GRTST 24HR     0.0         6 = FREEZING RAIN OR DRIZZLE
                        GRTST DEPTH:   0           7 = DUSTSTORM OR SANDSTORM:
                                                       VSBY 1/2 MILE OR LESS
                                                   8 = SMOKE OR HAZE
[NO. OF DAYS WITH]      [WEATHER - DAYS WITH]      9 = BLOWING SNOW
                                                   X = TORNADO
MAX 32 OR BELOW:   0    0.01 INCH OR MORE:  13
MAX 90 OR ABOVE:   2    0.10 INCH OR MORE:   7
MIN 32 OR BELOW:   0    0.50 INCH OR MORE:   4
MIN  0 OR BELOW:   0    1.00 INCH OR MORE:   4

[HDD (BASE 65) ]
TOTAL THIS MO.     8    CLEAR  (SCALE 0-3)   8
DPTR FM NORMAL   -21    PTCLDY (SCALE 4-7)  20
TOTAL FM JUL 1     8    CLOUDY (SCALE 8-10)  3
DPTR FM NORMAL   -22

[CDD (BASE 65) ]
TOTAL THIS MO.   212
DPTR FM NORMAL   -17    [PRESSURE DATA]
TOTAL FM JAN 1  3133    HIGHEST SLP 30.36 ON 25
DPTR FM NORMAL    79    LOWEST  SLP 29.76 ON 31

[REMARKS]
#FINAL-10-13#
