000
CXUS54 KHGX 011455
CF6IAH
PRELIMINARY LOCAL CLIMATOLOGICAL DATA (WS FORM: F-6)

                                          STATION:   HOUSTON INTERCONTINENTAL
                                          MONTH:     NOVEMBER
                                          YEAR:      2012
                                          LATITUDE:   29 58 N
                                          LONGITUDE:  95 21 W

  TEMPERATURE IN F:       :PCPN:    SNOW:  WIND      :SUNSHINE: SKY     :PK WND
================================================================================
1   2   3   4   5  6A  6B    7    8   9   10  11  12  13   14  15   16   17  18
                                     12Z  AVG MX 2MIN
DY MAX MIN AVG DEP HDD CDD  WTR  SNW DPTH SPD SPD DIR MIN PSBL S-S WX    SPD DR
================================================================================

 1  87  60  74   7   0   9 0.00  0.0    0  3.1 12 280   M    M   2 1      15 260
 2  86  64  75   8   0  10 0.00  0.0    0  6.2 17 140   M    M   2 1      21 130
 3  84  61  73   7   0   8 0.43  0.0    0  4.6 21 190   M    M   4 13     29 170
 4  83  60  72   6   0   7 0.00  0.0    0  3.4  9 350   M    M   3        14  60
 5  85  61  73   7   0   8 0.05  0.0    0  4.2 14 340   M    M   6 12     20  20
 6  75  53  64  -1   1   0 0.00  0.0    0  4.3 13 310   M    M   1        20  30
 7  82  50  66   1   0   1 0.00  0.0    0  2.2  8  50   M    M   0        18 280
 8  79  51  65   0   0   0 0.00  0.0    0  8.8 21 130   M    M   1        26 130
 9  82  58  70   6   0   5 0.00  0.0    0 10.3 24 150   M    M   2        35 140
10  83  58  71   7   0   6 0.00  0.0    0 10.6 23 160   M    M   6        30 160
11  83  59  71   7   0   6 0.04  0.0    0 11.1 28 330   M    M   9 1      32 330
12  67  45  56  -8   9   0 0.04    M    0 11.4 23 360   M    M   4        29  30
13  61  40  51 -12  14   0 0.01    M    0  6.8 16  50   M    M   5        20  90
14  67  46  57  -6   8   0 0.00  0.0    0  5.4 12  20   M    M   6        15  30
15  69  38  54  -8  11   0 0.00  0.0    0  3.5 10  60   M    M   3        14  80
16  68  42  55  -7  10   0 0.00  0.0    0  5.5 14  30   M    M   3        18  30
17  71  38  55  -7  10   0 0.00  0.0    0  2.0  9 100   M    M   2        13 110
18  73  39  56  -6   9   0 0.00  0.0    0  3.2 13 140   M    M   1        15 140
19  75  45  60  -1   5   0 0.00  0.0    0  1.7  8 160   M    M   5 1       9 170
20  79  49  64   3   1   0 0.00  0.0    0  1.9  8 340   M    M   5 18     18 220
21  83  52  68   8   0   3 0.00  0.0    0  1.5 10  40   M    M   4 1      15  70
22  77  50  64   4   1   0 0.00  0.0    0  4.3 16 130   M    M   4 1      22 140
23  78  53  66   6   0   1 0.02  0.0    0  6.6 24 360   M    M   8 18     31  20
24  66  43  55  -5  10   0 0.00  0.0    0  5.8 18  10   M    M   3        23  10
25  75  39  57  -2   8   0 0.00  0.0    0  5.5 16 110   M    M   2        20 150
26  84  58  71  12   0   6 0.06  0.0    0  5.5 25 350   M    M   7 13     37 310
27  63  47  55  -3  10   0    T    M    0 10.6 21 350   M    M   7 1      28 340
28  67  40  54  -4  11   0 0.00  0.0    0  2.9  9  60   M    M   0 1      26 200
29  71  39  55  -3  10   0 0.00  0.0    0  5.4 14 140   M    M   4 12     17 120
30  78  55  67   9   0   2    T  0.0    0  8.5 20 130   M    M   8 1      23 140
================================================================================
SM 2281 1493       128  72  0.65     0.0 166.8          M      117
================================================================================
AV 76.0 49.8                               5.6 FASTST   M    M   4    MAX(MPH)
                                 MISC ---->  # 28 330               # 37  310
================================================================================
NOTES:
# LAST OF SEVERAL OCCURRENCES

COLUMN 17 PEAK WIND IN M.P.H.

PRELIMINARY LOCAL CLIMATOLOGICAL DATA (WS FORM: F-6) , PAGE 2

                                          STATION:  HOUSTON INTERCONTINENTAL
                                          MONTH:    NOVEMBER
                                          YEAR:     2012
                                          LATITUDE:   29 58 N
                                          LONGITUDE:  95 21 W

[TEMPERATURE DATA]      [PRECIPITATION DATA]       SYMBOLS USED IN COLUMN 16

AVERAGE MONTHLY: 62.9   TOTAL FOR MONTH:   0.65    1 = FOG OR MIST
DPTR FM NORMAL:   0.6   DPTR FM NORMAL:   -3.69    2 = FOG REDUCING VISIBILITY
HIGHEST:    87 ON  1    GRTST 24HR  0.43 ON  3- 3      TO 1/4 MILE OR LESS
LOWEST:     38 ON 17,15                            3 = THUNDER
                        SNOW, ICE PELLETS, HAIL    4 = ICE PELLETS
                        TOTAL MONTH:   0.0 INCH    5 = HAIL
                        GRTST 24HR     0.0         6 = FREEZING RAIN OR DRIZZLE
                        GRTST DEPTH:   0           7 = DUSTSTORM OR SANDSTORM:
                                                       VSBY 1/2 MILE OR LESS
                                                   8 = SMOKE OR HAZE
[NO. OF DAYS WITH]      [WEATHER - DAYS WITH]      9 = BLOWING SNOW
                                                   X = TORNADO
MAX 32 OR BELOW:   0    0.01 INCH OR MORE:   7
MAX 90 OR ABOVE:   0    0.10 INCH OR MORE:   1
MIN 32 OR BELOW:   0    0.50 INCH OR MORE:   0
MIN  0 OR BELOW:   0    1.00 INCH OR MORE:   0

[HDD (BASE 65) ]
TOTAL THIS MO.   128    CLEAR  (SCALE 0-3)  13
DPTR FM NORMAL   -27    PTCLDY (SCALE 4-7)  15
TOTAL FM JUL 1   168    CLOUDY (SCALE 8-10)  2
DPTR FM NORMAL   -17

[CDD (BASE 65) ]
TOTAL THIS MO.    72
DPTR FM NORMAL    -2    [PRESSURE DATA]
TOTAL FM JAN 1  3501    HIGHEST SLP 30.50 ON 13
DPTR FM NORMAL   373    LOWEST  SLP 29.90 ON 11

[REMARKS]
#FINAL-11-12#
