000
CXUS54 KHGX 011838
CF6IAH
PRELIMINARY LOCAL CLIMATOLOGICAL DATA (WS FORM: F-6)

                                          STATION:   HOUSTON INTERCONTINENTAL
                                          MONTH:     FEBRUARY
                                          YEAR:      2013
                                          LATITUDE:   29 58 N
                                          LONGITUDE:  95 21 W

  TEMPERATURE IN F:       :PCPN:    SNOW:  WIND      :SUNSHINE: SKY     :PK WND
================================================================================
1   2   3   4   5  6A  6B    7    8   9   10  11  12  13   14  15   16   17  18
                                     12Z  AVG MX 2MIN
DY MAX MIN AVG DEP HDD CDD  WTR  SNW DPTH SPD SPD DIR MIN PSBL S-S WX    SPD DR
================================================================================

 1  70  43  57   3   8   0 0.00  0.0    0  5.2 21 150   M    M   5        25 140
 2  76  46  61   7   4   0 0.00  0.0    0  2.3  9 290   M    M   4        15 270
 3  72  48  60   6   5   0 0.00  0.0    0  5.4 12 140   M    M   6        15 140
 4  72  53  63   9   2   0 0.06  0.0    0  4.9 14 160   M    M   9 1      16 160
 5  79  58  69  14   0   4 0.01  0.0    0  5.3 16 150   M    M   8 128    18 140
 6  65  60  63   8   2   0 0.36    M    0  7.9 20 110   M    M  10 18     24 110
 7  73  57  65  10   0   0 0.00  0.0    0  3.8 10 230   M    M   8        14 230
 8  71  50  61   6   4   0 0.00  0.0    0  9.3 17  60   M    M   5        22  40
 9  69  49  59   4   6   0    T    M    0 13.8 25 140   M    M   8        30 140
10  74  58  66  11   0   1 0.11  0.0    0  8.4 25 160   M    M  10 1      32 190
11  63  53  58   2   7   0 0.07  0.0    0 11.5 21  60   M    M   9 1      24  60
12  64  53  59   3   6   0 0.06  0.0    0  6.9 16 330   M    M   9 1      23 330
13  61  43  52  -4  13   0 0.00  0.0    0  9.2 21 330   M    M   4        30 330
14  67  34  51  -5  14   0 0.00  0.0    0  2.4  9 130   M    M   0        12 180
15  69  39  54  -2  11   0    T    M    0  7.6 24  10   M    M   5        31  30
16  61  39  50  -7  15   0 0.00  0.0    0  5.5 17 320   M    M   2        26 330
17  72  36  54  -3  11   0 0.00  0.0    0  8.6 23 160   M    M   2        29 160
18  74  55  65   8   0   0 0.33  0.0    0 11.5 31 330   M    M   9 13     38 330
19  69  46  58   1   7   0 0.00  0.0    0  8.6 17  90   M    M   4        22  90
20  60  50  55  -2  10   0 0.03  0.0    0 15.6 24 120   M    M   9 1      30 110
21  75  53  64   6   1   0 0.28  0.0    M 12.0 26 140   M    M   9 1      35 130
22  65  54  60   2   5   0 0.00  0.0    0  9.5 16  10   M    M   9        18  20
23  70  47  59   1   6   0 0.00  0.0    0  5.7 15  30   M    M   6        18  20
24  70  43  57  -1   8   0 0.00  0.0    0  8.0 17 130   M    M   6        23 100
25  76  48  62   4   3   0 0.01    M    0 13.2 30 290   M    M   6 12     41 260
26  64  44  54  -5  11   0 0.00  0.0    0  9.5 23 290   M    M   3        33 290
27  69  42  56  -3   9   0 0.00  0.0    0  8.7 26 350   M    M   5        32 350
28  59  41  50  -9  15   0 0.00  0.0    0  9.8 20 340   M    M   5        24 320
================================================================================
SM 1929 1342       183   5  1.32     0.0 230.1          M      175
================================================================================
AV 68.9 47.9                               8.2 FASTST   M    M   6    MAX(MPH)
                                 MISC ---->  # 31 330               # 41  260
================================================================================
NOTES:
# LAST OF SEVERAL OCCURRENCES

COLUMN 17 PEAK WIND IN M.P.H.

PRELIMINARY LOCAL CLIMATOLOGICAL DATA (WS FORM: F-6) , PAGE 2

                                          STATION:  HOUSTON INTERCONTINENTAL
                                          MONTH:    FEBRUARY
                                          YEAR:     2013
                                          LATITUDE:   29 58 N
                                          LONGITUDE:  95 21 W

[TEMPERATURE DATA]      [PRECIPITATION DATA]       SYMBOLS USED IN COLUMN 16

AVERAGE MONTHLY: 58.4   TOTAL FOR MONTH:   1.32    1 = FOG OR MIST
DPTR FM NORMAL:   2.0   DPTR FM NORMAL:   -1.88    2 = FOG REDUCING VISIBILITY
HIGHEST:    79 ON  5    GRTST 24HR  0.36 ON  6- 6      TO 1/4 MILE OR LESS
LOWEST:     34 ON 14                               3 = THUNDER
                        SNOW, ICE PELLETS, HAIL    4 = ICE PELLETS
                        TOTAL MONTH:   0.0 INCH    5 = HAIL
                        GRTST 24HR     0.0         6 = FREEZING RAIN OR DRIZZLE
                        GRTST DEPTH:   0           7 = DUSTSTORM OR SANDSTORM:
                                                       VSBY 1/2 MILE OR LESS
                                                   8 = SMOKE OR HAZE
[NO. OF DAYS WITH]      [WEATHER - DAYS WITH]      9 = BLOWING SNOW
                                                   X = TORNADO
MAX 32 OR BELOW:   0    0.01 INCH OR MORE:  10
MAX 90 OR ABOVE:   0    0.10 INCH OR MORE:   4
MIN 32 OR BELOW:   0    0.50 INCH OR MORE:   0
MIN  0 OR BELOW:   0    1.00 INCH OR MORE:   0

[HDD (BASE 65) ]
TOTAL THIS MO.   183    CLEAR  (SCALE 0-3)   3
DPTR FM NORMAL   -81    PTCLDY (SCALE 4-7)  15
TOTAL FM JUL 1   930    CLOUDY (SCALE 8-10) 10
DPTR FM NORMAL  -258

[CDD (BASE 65) ]
TOTAL THIS MO.     5
DPTR FM NORMAL   -18    [PRESSURE DATA]
TOTAL FM JAN 1    40    HIGHEST SLP 30.45 ON 16
DPTR FM NORMAL     2    LOWEST  SLP 29.50 ON 25

[REMARKS]
#FINAL-02-13#
