000
CXUS54 KHGX 011415
CF6IAH
PRELIMINARY LOCAL CLIMATOLOGICAL DATA (WS FORM: F-6)

                                          STATION:   HOUSTON INTERCONTINENTAL
                                          MONTH:     SEPTEMBER
                                          YEAR:      2012
                                          LATITUDE:   29 58 N
                                          LONGITUDE:  95 21 W

  TEMPERATURE IN F:       :PCPN:    SNOW:  WIND      :SUNSHINE: SKY     :PK WND
================================================================================
1   2   3   4   5  6A  6B    7    8   9   10  11  12  13   14  15   16   17  18
                                     12Z  AVG MX 2MIN
DY MAX MIN AVG DEP HDD CDD  WTR  SNW DPTH SPD SPD DIR MIN PSBL S-S WX    SPD DR
================================================================================

 1  91  76  84   1   0  19 0.23  0.0    0  5.8 24 170   M    M   6 13     32 160
 2  96  76  86   3   0  21 0.00  0.0    0  5.1 13 260   M    M   3        17 260
 3  96  77  87   4   0  22 0.00  0.0    0  5.7 13 180   M    M   3        20 180
 4  97  77  87   4   0  22 0.00  0.0    0  5.2 13 250   M    M   3        18 250
 5  98  75  87   5   0  22 0.00  0.0    0  4.9 14 130   M    M   3        17 180
 6  97  75  86   4   0  21 0.00  0.0    0  3.3 13 130   M    M   3        16 140
 7  96  76  86   4   0  21 0.00  0.0    0  3.8 15 140   M    M   2        18 160
 8  87  69  78  -4   0  13    T  0.0    0  8.0 20 360   M    M   5        26  20
 9  91  64  78  -4   0  13 0.00  0.0    0  4.9 15 350   M    M   3        20 360
10  89  62  76  -5   0  11 0.00  0.0    0  4.9 14  90   M    M   3        18 110
11  90  64  77  -4   0  12 0.00  0.0    0  7.1 21 150   M    M   3        24 150
12  88  71  80  -1   0  15 0.31  0.0    0  7.0 23 170   M    M   5 38     33 170
13  84  70  77  -3   0  12 0.41  0.0    0  5.1 23 130   M    M   6 13     26 150
14  89  71  80   0   0  15 0.13  0.0    0  5.1 26 150   M    M   8 13     31 150
15  89  70  80   0   0  15    T  0.0    0  4.3 12  30   M    M   8 1      16 190
16  88  71  80   0   0  15 0.06  0.0    0  4.8 15 340   M    M   8        20 360
17  83  70  77  -3   0  12 0.22  0.0    0  5.6 15 340   M    M   8 1      17 300
18  88  69  79   0   0  14 0.00  0.0    0  5.1 14  20   M    M   5        20  20
19  85  65  75  -4   0  10 0.00  0.0    0  5.4 13  50   M    M   2        17  50
20  88  59  74  -5   0   9 0.00  0.0    0  3.1 12  60   M    M   0        17  10
21  88  59  74  -4   0   9 0.00  0.0    0  3.6 10 140   M    M   1        15 170
22  92  68  80   2   0  15 0.00  0.0    0  3.4 10 140   M    M   1 1      14 110
23  92  68  80   2   0  15 0.00  0.0    0  2.6 12 140   M    M   1 1      16 120
24  91  69  80   2   0  15 0.00  0.0    0  4.9 17 140   M    M   2 1      20 140
25  91  69  80   3   0  15 0.00  0.0    0  7.5 21 150   M    M   3 1      25 160
26  91  71  81   4   0  16 0.00  0.0    0  7.4 18 130   M    M   4        23 130
27  88  70  79   2   0  14 0.00  0.0    0  5.2 13 140   M    M   8        16 130
28  91  73  82   6   0  17    T  0.0    0  4.0 23 110   M    M   7 1      29 110
29  80  73  77   1   0  12 0.66  0.0    0  7.8 17 160   M    M  10 1      23 160
30  77  64  71  -5   0   6    T  0.0    0 13.3 29 350   M    M   9 1      37 360
================================================================================
SM 2691 2091         0 448  2.02     0.0 163.9          M      133
================================================================================
AV 89.7 69.7                               5.5 FASTST   M    M   4    MAX(MPH)
                                 MISC ---->  # 29 350               # 37  360
================================================================================
NOTES:
# LAST OF SEVERAL OCCURRENCES

COLUMN 17 PEAK WIND IN M.P.H.

PRELIMINARY LOCAL CLIMATOLOGICAL DATA (WS FORM: F-6) , PAGE 2

                                          STATION:  HOUSTON INTERCONTINENTAL
                                          MONTH:    SEPTEMBER
                                          YEAR:     2012
                                          LATITUDE:   29 58 N
                                          LONGITUDE:  95 21 W

[TEMPERATURE DATA]      [PRECIPITATION DATA]       SYMBOLS USED IN COLUMN 16

AVERAGE MONTHLY: 79.7   TOTAL FOR MONTH:   2.02    1 = FOG OR MIST
DPTR FM NORMAL:  -0.1   DPTR FM NORMAL:   -2.10    2 = FOG REDUCING VISIBILITY
HIGHEST:    98 ON  5    GRTST 24HR  0.66 ON 29-29      TO 1/4 MILE OR LESS
LOWEST:     59 ON 21,20                            3 = THUNDER
                        SNOW, ICE PELLETS, HAIL    4 = ICE PELLETS
                        TOTAL MONTH:   0.0 INCH    5 = HAIL
                        GRTST 24HR     0.0         6 = FREEZING RAIN OR DRIZZLE
                        GRTST DEPTH:   0           7 = DUSTSTORM OR SANDSTORM:
                                                       VSBY 1/2 MILE OR LESS
                                                   8 = SMOKE OR HAZE
[NO. OF DAYS WITH]      [WEATHER - DAYS WITH]      9 = BLOWING SNOW
                                                   X = TORNADO
MAX 32 OR BELOW:   0    0.01 INCH OR MORE:   7
MAX 90 OR ABOVE:  15    0.10 INCH OR MORE:   6
MIN 32 OR BELOW:   0    0.50 INCH OR MORE:   1
MIN  0 OR BELOW:   0    1.00 INCH OR MORE:   0

[HDD (BASE 65) ]
TOTAL THIS MO.     0    CLEAR  (SCALE 0-3)  14
DPTR FM NORMAL    -1    PTCLDY (SCALE 4-7)  14
TOTAL FM JUL 1     0    CLOUDY (SCALE 8-10)  2
DPTR FM NORMAL    -1

[CDD (BASE 65) ]
TOTAL THIS MO.   448
DPTR FM NORMAL     5    [PRESSURE DATA]
TOTAL FM JAN 1  3199    HIGHEST SLP M ON M
DPTR FM NORMAL   374    LOWEST  SLP 29.62 ON 30

[REMARKS]
#FINAL-09-12#
