000
CXUS54 KHGX 011701
CF6IAH
PRELIMINARY LOCAL CLIMATOLOGICAL DATA (WS FORM: F-6)

                                          STATION:   HOUSTON INTERCONTINENTAL
                                          MONTH:     OCTOBER
                                          YEAR:      2012
                                          LATITUDE:   29 58 N
                                          LONGITUDE:  95 21 W

  TEMPERATURE IN F:       :PCPN:    SNOW:  WIND      :SUNSHINE: SKY     :PK WND
================================================================================
1   2   3   4   5  6A  6B    7    8   9   10  11  12  13   14  15   16   17  18
                                     12Z  AVG MX 2MIN
DY MAX MIN AVG DEP HDD CDD  WTR  SNW DPTH SPD SPD DIR MIN PSBL S-S WX    SPD DR
================================================================================

 1  84  59  72  -4   0   7 0.00  0.0    0  9.7  7 270   M    M   3         9 270
 2  83  61  72  -3   0   7    T  0.0    0  4.8 17 360   M    M   3        25  20
 3  85  59  72  -3   0   7 0.00  0.0    0  4.4 15 120   M    M   2        20 120
 4  88  63  76   1   0  11 0.00  0.0    0  7.1 18 140   M    M   1        22 110
 5  88  66  77   3   0  12 0.00  0.0    0  4.7 14 120   M    M   2 1      17 120
 6  86  61  74   0   0   9 0.00  0.0    0  7.1 22  10   M    M   5 1      26  10
 7  68  54  61 -13   4   0    T  0.0    0 12.4 20  20   M    M   9        28  40
 8  72  53  63 -11   2   0    T  0.0    0  7.5 14 360   M    M   7        25  80
 9  84  57  71  -2   0   6 0.00  0.0    0  6.8 15 160   M    M   7        21 230
10  90  65  78   5   0  13 0.00  0.0    0  5.3 21 140   M    M   5        25 150
11  88  70  79   6   0  14 0.00  0.0    0  9.6 18 130   M    M   6        24 140
12  89  70  80   8   0  15 0.00  0.0    0  7.9 17 130   M    M   4 1      22 130
13  89  68  79   7   0  14 0.00  0.0    0 10.1 23 150   M    M   5        31 150
14  84  72  78   6   0  13 0.37  0.0    0  4.9 14 170   M    M   7 13     20 280
15  82  61  72   0   0   7 0.00  0.0    0  5.2 15  60   M    M   7        18  50
16  79  58  69  -3   0   4 0.58  0.0    0  2.8 13 150   M    M   7 1      15 150
17  89  62  76   5   0  11 0.00  0.0    0  6.3 16 220   M    M   6        24 220
18  80  62  71   0   0   6    T  0.0    0  7.3 18  30   M    M   6        23  20
19  83  52  68  -3   0   3 0.00  0.0    0  1.9 12 310   M    M   0        15 300
20  85  52  69  -1   0   4 0.00  0.0    0  6.9 18 150   M    M   3        23 160
21  88  70  79   9   0  14 0.00  0.0    0  9.7 21 140   M    M   4        26 140
22  87  69  78   8   0  13 0.00  0.0    0 10.0 21 150   M    M   5        26 150
23  87  65  76   6   0  11 0.00  0.0    0  6.1 17 150   M    M   2 1      22 150
24  87  66  77   8   0  12 0.00  0.0    0  7.2 20 130   M    M   4 1      24 120
25  88  70  79  10   0  14 0.00  0.0    0  8.0 16 160   M    M   6        21 150
26  73  53  63  -6   2   0 0.05  0.0    0 13.0 23 350   M    M   9 1      29 350
27  66  48  57 -11   8   0 0.00  0.0    0 11.1 21 350   M    M   3        29  10
28  68  42  55 -13  10   0 0.00  0.0    0  5.5 16 340   M    M   1        20  10
29  71  42  57 -11   8   0 0.00    M    0  2.2  9 360   M    M   0        14  20
30  75  42  59  -9   6   0 0.00  0.0    0  2.7 12 140   M    M   1        22 220
31  84  52  68   1   0   3 0.00  0.0    0  3.3 14 290   M    M   1        18 290
================================================================================
SM 2550 1844        40 230  1.00     0.0 211.5          M      131
================================================================================
AV 82.3 59.5                               6.8 FASTST   M    M   4    MAX(MPH)
                                 MISC ---->  # 23 150               # 31  150
================================================================================
NOTES:
# LAST OF SEVERAL OCCURRENCES

COLUMN 17 PEAK WIND IN M.P.H.

PRELIMINARY LOCAL CLIMATOLOGICAL DATA (WS FORM: F-6) , PAGE 2

                                          STATION:  HOUSTON INTERCONTINENTAL
                                          MONTH:    OCTOBER
                                          YEAR:     2012
                                          LATITUDE:   29 58 N
                                          LONGITUDE:  95 21 W

[TEMPERATURE DATA]      [PRECIPITATION DATA]       SYMBOLS USED IN COLUMN 16

AVERAGE MONTHLY: 70.9   TOTAL FOR MONTH:   1.00    1 = FOG OR MIST
DPTR FM NORMAL:  -0.6   DPTR FM NORMAL:   -4.70    2 = FOG REDUCING VISIBILITY
HIGHEST:    90 ON 10    GRTST 24HR  0.58 ON 16-16      TO 1/4 MILE OR LESS
LOWEST:     42 ON 30,29                            3 = THUNDER
                        SNOW, ICE PELLETS, HAIL    4 = ICE PELLETS
                        TOTAL MONTH:   0.0 INCH    5 = HAIL
                        GRTST 24HR     0.0         6 = FREEZING RAIN OR DRIZZLE
                        GRTST DEPTH:   0           7 = DUSTSTORM OR SANDSTORM:
                                                       VSBY 1/2 MILE OR LESS
                                                   8 = SMOKE OR HAZE
[NO. OF DAYS WITH]      [WEATHER - DAYS WITH]      9 = BLOWING SNOW
                                                   X = TORNADO
MAX 32 OR BELOW:   0    0.01 INCH OR MORE:   3
MAX 90 OR ABOVE:   1    0.10 INCH OR MORE:   2
MIN 32 OR BELOW:   0    0.50 INCH OR MORE:   1
MIN  0 OR BELOW:   0    1.00 INCH OR MORE:   0

[HDD (BASE 65) ]
TOTAL THIS MO.    40    CLEAR  (SCALE 0-3)  12
DPTR FM NORMAL    11    PTCLDY (SCALE 4-7)  17
TOTAL FM JUL 1    40    CLOUDY (SCALE 8-10)  2
DPTR FM NORMAL    10

[CDD (BASE 65) ]
TOTAL THIS MO.   230
DPTR FM NORMAL     1    [PRESSURE DATA]
TOTAL FM JAN 1  3429    HIGHEST SLP 30.30 ON 29
DPTR FM NORMAL   375    LOWEST  SLP 29.61 ON 17

[REMARKS]
#FINAL-10-12#
