000
CXUS54 KHGX 011504
CF6IAH
PRELIMINARY LOCAL CLIMATOLOGICAL DATA (WS FORM: F-6)

                                          STATION:   HOUSTON INTERCONTINENTAL
                                          MONTH:     JANUARY
                                          YEAR:      2013
                                          LATITUDE:   29 58 N
                                          LONGITUDE:  95 21 W

  TEMPERATURE IN F:       :PCPN:    SNOW:  WIND      :SUNSHINE: SKY     :PK WND
================================================================================
1   2   3   4   5  6A  6B    7    8   9   10  11  12  13   14  15   16   17  18
                                     12Z  AVG MX 2MIN
DY MAX MIN AVG DEP HDD CDD  WTR  SNW DPTH SPD SPD DIR MIN PSBL S-S WX    SPD DR
================================================================================

 1  67  46  57   4   8   0 0.13    M    0 11.0 18 360   M    M   8 1      23 360
 2  46  41  44  -9  21   0    T    M    0 10.5 20  10   M    M  10        23 340
 3  56  38  47  -6  18   0 0.00  0.0    0  9.7 17  10   M    M   9        21  40
 4  50  43  47  -6  18   0    T    M    0  8.3 18  40   M    M   9        22  40
 5  47  42  45  -8  20   0 0.84    M    0  6.4 12  70   M    M  10 1      15  70
 6  60  40  50  -3  15   0 0.00  0.0    0  8.6 18 340   M    M   6 12     29  40
 7  57  36  47  -6  18   0 0.00  0.0    0  4.7 12  80   M    M   6        15 100
 8  64  49  57   4   8   0 0.30    M    0  8.7 24 110   M    M  10 12     29 100
 9  67  61  64  11   1   0 1.30  0.0    0 10.3 29  40   M    M   9 13     35  40
10  69  52  61   8   4   0 0.07  0.0    0  4.3 12 240   M    M   6 1      16 230
11  73  44  59   6   6   0 0.01    M    0  5.9 17 150   M    M   6 12     20 150
12  75  64  70  17   0   5 0.10  0.0    0 11.0 24 160   M    M  10 12     31 160
13  72  42  57   4   8   0 0.25    M    0 13.5 22 350   M    M   7 1      30 340
14  45  40  43 -10  22   0 0.03    M    0 11.8 22  30   M    M  10 1      29  30
15  42  37  40 -13  25   0 0.07    M    0 11.5 21 350   M    M  10 1      26 360
16  52  32  42 -11  23   0 0.00  0.0    0  9.4 20 350   M    M   4        24 350
17  63  29  46  -7  19   0 0.00  0.0    0  3.8 14 340   M    M   1        21  10
18  62  36  49  -4  16   0 0.00  0.0    0  3.6 13 110   M    M   1        15 100
19  68  34  51  -2  14   0 0.00  0.0    0  3.5 13 130   M    M   6 1      16 130
20  69  43  56   3   9   0 0.00  0.0    0  1.8 14 140   M    M   6 128    16 130
21  71  43  57   4   8   0 0.00  0.0    0  2.3  8 180   M    M   6 18     12 210
22  71  44  58   5   7   0 0.00  0.0    0  4.4 15 150   M    M   1 1      18 150
23  75  45  60   7   5   0 0.00  0.0    0  4.4 14 220   M    M   5 12     20 210
24  79  61  70  17   0   5 0.00  0.0    0  6.3 15 210   M    M   5 1      21 180
25  79  61  70  17   0   5 0.00  0.0    0  6.2 17 200   M    M   7        25 210
26  78  59  69  15   0   4 0.00  0.0    0  6.7 15 160   M    M   6 1      22 180
27  77  56  67  13   0   2    T  0.0    0  9.8 23 150   M    M   8 1      29 160
28  81  70  76  22   0  11 0.00  0.0    0 13.5 22 160   M    M  10        28 150
29  77  59  68  14   0   3 0.11  0.0    0 14.2 25 310   M    M  10        35 310
30  61  39  50  -4  15   0 0.00  0.0    0 11.9 32 310   M    M   5        41 320
31  67  33  50  -4  15   0 0.00  0.0    0  4.9 14 220   M    M   3        18 210
================================================================================
SM 2020 1419       323  35  3.21     0.0 242.9          M      210
================================================================================
AV 65.2 45.8                               7.8 FASTST   M    M   7    MAX(MPH)
                                 MISC ---->  # 32 310               # 41  320
================================================================================
NOTES:
# LAST OF SEVERAL OCCURRENCES

COLUMN 17 PEAK WIND IN M.P.H.

PRELIMINARY LOCAL CLIMATOLOGICAL DATA (WS FORM: F-6) , PAGE 2

                                          STATION:  HOUSTON INTERCONTINENTAL
                                          MONTH:    JANUARY
                                          YEAR:     2013
                                          LATITUDE:   29 58 N
                                          LONGITUDE:  95 21 W

[TEMPERATURE DATA]      [PRECIPITATION DATA]       SYMBOLS USED IN COLUMN 16

AVERAGE MONTHLY: 55.5   TOTAL FOR MONTH:   3.21    1 = FOG OR MIST
DPTR FM NORMAL:   2.4   DPTR FM NORMAL:   -0.17    2 = FOG REDUCING VISIBILITY
HIGHEST:    81 ON 28    GRTST 24HR  1.33 ON  8- 9      TO 1/4 MILE OR LESS
LOWEST:     29 ON 17                               3 = THUNDER
                        SNOW, ICE PELLETS, HAIL    4 = ICE PELLETS
                        TOTAL MONTH:   0.0 INCH    5 = HAIL
                        GRTST 24HR     0.0         6 = FREEZING RAIN OR DRIZZLE
                        GRTST DEPTH:   0           7 = DUSTSTORM OR SANDSTORM:
                                                       VSBY 1/2 MILE OR LESS
                                                   8 = SMOKE OR HAZE
[NO. OF DAYS WITH]      [WEATHER - DAYS WITH]      9 = BLOWING SNOW
                                                   X = TORNADO
MAX 32 OR BELOW:   0    0.01 INCH OR MORE:  11
MAX 90 OR ABOVE:   0    0.10 INCH OR MORE:   7
MIN 32 OR BELOW:   2    0.50 INCH OR MORE:   2
MIN  0 OR BELOW:   0    1.00 INCH OR MORE:   1

[HDD (BASE 65) ]
TOTAL THIS MO.   323    CLEAR  (SCALE 0-3)   4
DPTR FM NORMAL   -62    PTCLDY (SCALE 4-7)  15
TOTAL FM JUL 1   747    CLOUDY (SCALE 8-10) 12
DPTR FM NORMAL  -177

[CDD (BASE 65) ]
TOTAL THIS MO.    35
DPTR FM NORMAL    20    [PRESSURE DATA]
TOTAL FM JAN 1    35    HIGHEST SLP 30.54 ON 18
DPTR FM NORMAL    23    LOWEST  SLP 29.61 ON 29

[REMARKS]
#FINAL-01-13#
