000
CXUS54 KHGX 021411
CF6IAH
PRELIMINARY LOCAL CLIMATOLOGICAL DATA (WS FORM: F-6)
STATION: HOUSTON INTERCONTINENTAL
MONTH: MARCH
YEAR: 2022
LATITUDE: 29 58 N
LONGITUDE: 95 21 W
TEMPERATURE IN F: :PCPN: SNOW: WIND :SUNSHINE: SKY :PK WND
================================================================================
1 2 3 4 5 6A 6B 7 8 9 10 11 12 13 14 15 16 17 18
12Z AVG MX 2MIN
DY MAX MIN AVG DEP HDD CDD WTR SNW DPTH SPD SPD DIR MIN PSBL S-S WX SPD DR
================================================================================
1 73 37 55 -6 10 0 0.00 0.0 0 2.8 9 120 M M 4 13 180
2 74 40 57 -4 8 0 0.00 0.0 0 4.6 14 140 M M 6 18 160
3 77 50 64 3 1 0 0.00 0.0 0 4.0 16 130 M M 7 18 18 150
4 76 52 64 3 1 0 T 0.0 0 8.6 21 140 M M 8 1 25 130
5 82 66 74 12 0 9 0.00 0.0 0 13.0 24 150 M M 8 31 160
6 82 70 76 14 0 11 T 0.0 0 13.0 25 150 M M 9 1 32 150
7 73 50 62 0 3 0 0.07 0.0 0 13.8 26 360 M M 10 33 360
8 51 43 47 -15 18 0 0.10 0.0 0 11.6 22 10 M M 10 13 26 20
9 60 42 51 -11 14 0 0.00 0.0 0 8.3 18 360 M M 7 24 360
10 74 40 57 -6 8 0 0.00 0.0 0 5.9 18 150 M M 2 23 70
11 69 39 54 -9 11 0 0.02 0.0 0 13.8 31 330 M M 8 45 330
12 59 32 46 -17 19 0 0.00 0.0 0 9.4 26 350 M M 1 36 330
13 64 32 48 -15 17 0 0.00 0.0 0 9.1 22 120 M M 3 41 170
14 77 52 65 2 0 0 0.49 0.0 0 11.5 33 340 M M 8 13 43 340
15 74 55 65 1 0 0 T 0.0 0 9.0 21 330 M M 1 3 29 330
16 79 46 63 -1 2 0 0.00 0.0 0 4.2 18 130 M M 1 23 150
17 77 52 65 1 0 0 0.15 0.0 0 11.6 25 140 M M 6 1 34 150
18 72 50 61 -3 4 0 0.01 0.0 0 11.1 23 330 M M 3 18 36 290
19 77 43 60 -4 5 0 0.00 0.0 0 4.6 17 350 M M 1 18 24 30
20 75 44 60 -5 5 0 0.00 0.0 0 9.8 24 130 M M 3 8 35 150
21 74 63 69 4 0 4 0.25 0.0 0 18.4 30 140 M M 10 18 39 140
22 73 51 62 -3 3 0 1.40 0.0 0 12.0 30 10 M M 6 135 38 360
23 69 47 58 -7 7 0 0.00 0.0 0 8.9 21 320 M M 3 37 350
24 69 47 58 -7 7 0 0.00 0.0 0 7.4 21 310 M M 0 30 310
25 84 43 64 -2 1 0 0.00 0.0 0 2.9 12 330 M M 0 19 40
26 86 49 68 2 0 3 0.00 0.0 0 6.0 13 160 M M 0 22 160
27 86 62 74 8 0 9 0.00 0.0 0 8.9 16 230 M M 2 24 160
28 83 59 71 5 0 6 0.00 0.0 0 9.0 18 160 M M 5 32 160
29 82 71 77 11 0 12 T 0.0 0 17.0 32 160 M M 9 43 160
30 83 59 71 4 0 6 0.38 0.0 0 14.3 32 160 M M 5 1 48 150
31 78 47 63 -4 2 0 0.00 0.0 0 5.1 16 360 M M 1 24 10
================================================================================
SM 2312 1533 146 60 2.87 0.0 289.6 M 147
================================================================================
AV 74.6 49.5 9.3 FASTST M M 5 MAX(MPH)
MISC ----> 33 340 48 150
================================================================================
NOTES:
# LAST OF SEVERAL OCCURRENCES
COLUMN 17 PEAK WIND IN M.P.H.
PRELIMINARY LOCAL CLIMATOLOGICAL DATA (WS FORM: F-6) , PAGE 2
STATION: HOUSTON INTERCONTINENTAL
MONTH: MARCH
YEAR: 2022
LATITUDE: 29 58 N
LONGITUDE: 95 21 W
[TEMPERATURE DATA] [PRECIPITATION DATA] SYMBOLS USED IN COLUMN 16
AVERAGE MONTHLY: 62.0 TOTAL FOR MONTH: 2.87 1 = FOG OR MIST
DPTR FM NORMAL: -1.8 DPTR FM NORMAL: -0.60 2 = FOG REDUCING VISIBILITY
HIGHEST: 86 ON 27,26 GRTST 24HR 1.60 ON 21-22 TO 1/4 MILE OR LESS
LOWEST: 32 ON 13,12 3 = THUNDER
SNOW, ICE PELLETS, HAIL 4 = ICE PELLETS
TOTAL MONTH: 0.0 INCH 5 = HAIL
GRTST 24HR 0.0 6 = FREEZING RAIN OR DRIZZLE
GRTST DEPTH: 0 7 = DUSTSTORM OR SANDSTORM:
VSBY 1/2 MILE OR LESS
8 = SMOKE OR HAZE
[NO. OF DAYS WITH] [WEATHER - DAYS WITH] 9 = BLOWING SNOW
X = TORNADO
MAX 32 OR BELOW: 0 0.01 INCH OR MORE: 9
MAX 90 OR ABOVE: 0 0.10 INCH OR MORE: 6
MIN 32 OR BELOW: 2 0.50 INCH OR MORE: 1
MIN 0 OR BELOW: 0 1.00 INCH OR MORE: 1
[HDD (BASE 65) ]
TOTAL THIS MO. 146 CLEAR (SCALE 0-3) 13
DPTR FM NORMAL 24 PTCLDY (SCALE 4-7) 12
TOTAL FM JUL 1 1125 CLOUDY (SCALE 8-10) 6
DPTR FM NORMAL -109
[CDD (BASE 65) ]
TOTAL THIS MO. 60
DPTR FM NORMAL -25 [PRESSURE DATA]
TOTAL FM JAN 1 90 HIGHEST SLP 30.51 ON 12
DPTR FM NORMAL -44 LOWEST SLP 29.54 ON 30
[REMARKS]
#FINAL-03-22#