000
CXUS54 KHGX 072353
CF6IAH
PRELIMINARY LOCAL CLIMATOLOGICAL DATA (WS FORM: F-6)
STATION: HOUSTON INTERCONTINENTAL
MONTH: JULY
YEAR: 2021
LATITUDE: 29 58 N
LONGITUDE: 95 21 W
TEMPERATURE IN F: :PCPN: SNOW: WIND :SUNSHINE: SKY :PK WND
================================================================================
1 2 3 4 5 6A 6B 7 8 9 10 11 12 13 14 15 16 17 18
12Z AVG MX 2MIN
DY MAX MIN AVG DEP HDD CDD WTR SNW DPTH SPD SPD DIR MIN PSBL S-S WX SPD DR
================================================================================
1 93 75 84 0 0 19 T 0.0 0 3.6 13 150 M M 4 16 150
2 96 76 86 2 0 21 0.00 0.0 0 4.7 18 10 M M 7 24 20
3 86 76 81 -3 0 16 0.12 0.0 0 3.3 13 40 M M 9 13 16 100
4 90 75 83 -1 0 18 0.12 0.0 0 3.8 15 250 M M 8 123 20 240
5 87 75 81 -3 0 16 0.01 0.0 0 4.1 18 80 M M 7 13 22 110
6 88 75 82 -3 0 17 0.11 0.0 0 6.4 20 160 M M 8 1 24 150
7 90 73 82 -3 0 17 0.05 0.0 0 5.9 18 150 M M 8 1 24 160
8 81 74 78 -7 0 13 0.57 0.0 0 10.2 26 140 M M 9 1 31 140
9 80 70 75 -10 0 10 1.24 0.0 0 8.0 26 150 M M 9 1 38 160
10 93 76 85 0 0 20 0.00 0.0 0 6.3 17 160 M M 8 22 160
11 93 77 85 0 0 20 0.00 0.0 0 4.8 20 10 M M 8 24 30
12 90 72 81 -4 0 16 0.43 0.0 0 5.6 32 340 M M 9 13 39 340
13 94 73 84 -1 0 19 T 0.0 0 4.5 15 20 M M 6 3 21 180
14 92 72 82 -3 0 17 T 0.0 0 6.5 17 110 M M 5 3 22 120
15 91 76 84 -1 0 19 0.18 0.0 0 5.7 21 150 M M 7 3 23 150
16 92 73 83 -2 0 18 0.30 0.0 0 4.9 38 170 M M 6 13 50 170
17 95 76 86 1 0 21 0.00 0.0 0 6.2 18 130 M M 4 22 140
18 95 76 86 1 0 21 0.00 0.0 0 3.6 24 150 M M 6 3 27 150
19 96 78 87 2 0 22 0.00 0.0 0 5.0 17 20 M M 6 3 21 30
20 91 77 84 -1 0 19 0.00 0.0 0 5.8 17 30 M M 6 19 20
21 93 76 85 0 0 20 T 0.0 0 4.0 16 220 M M 5 3 22 220
22 93 75 84 -1 0 19 T 0.0 0 3.3 13 70 M M 6 3 16 280
23 97 77 87 1 0 22 0.00 0.0 0 5.4 13 200 M M 3 18 220
24 98 77 88 2 0 23 0.00 0.0 0 6.6 15 110 M M 1 21 130
25 97 76 87 1 0 22 0.00 0.0 0 3.4 10 270 M M 3 13 280
26 99 77 88 2 0 23 0.00 0.0 0 4.2 10 180 M M 3 13 280
27 97 75 86 0 0 21 0.00 0.0 0 5.3 22 90 M M 7 3 26 90
28 96 72 84 -2 0 19 0.00 0.0 0 4.7 16 360 M M 3 19 40
29 97 79 88 2 0 23 T 0.0 0 4.8 16 150 M M 6 19 170
30 97 79 88 2 0 23 0.00 0.0 0 4.3 20 150 M M 6 3 23 140
31 98 77 88 2 0 23 T 0.0 0 4.6 21 160 M M 6 29 140
================================================================================
SM 2875 2335 0 597 3.13 0.0 159.5 M 189
================================================================================
AV 92.7 75.3 5.1 FASTST M M 6 MAX(MPH)
MISC ----> 38 170 50 170
================================================================================
NOTES:
# LAST OF SEVERAL OCCURRENCES
COLUMN 17 PEAK WIND IN M.P.H.
PRELIMINARY LOCAL CLIMATOLOGICAL DATA (WS FORM: F-6) , PAGE 2
STATION: HOUSTON INTERCONTINENTAL
MONTH: JULY
YEAR: 2021
LATITUDE: 29 58 N
LONGITUDE: 95 21 W
[TEMPERATURE DATA] [PRECIPITATION DATA] SYMBOLS USED IN COLUMN 16
AVERAGE MONTHLY: 84.0 TOTAL FOR MONTH: 3.13 1 = FOG OR MIST
DPTR FM NORMAL: -1.1 DPTR FM NORMAL: -0.64 2 = FOG REDUCING VISIBILITY
HIGHEST: 99 ON 26 GRTST 24HR 1.61 ON 8- 9 TO 1/4 MILE OR LESS
LOWEST: 70 ON 9 3 = THUNDER
SNOW, ICE PELLETS, HAIL 4 = ICE PELLETS
TOTAL MONTH: 0.0 INCH 5 = HAIL
GRTST 24HR 0.0 6 = FREEZING RAIN OR DRIZZLE
GRTST DEPTH: 0 7 = DUSTSTORM OR SANDSTORM:
VSBY 1/2 MILE OR LESS
8 = SMOKE OR HAZE
[NO. OF DAYS WITH] [WEATHER - DAYS WITH] 9 = BLOWING SNOW
X = TORNADO
MAX 32 OR BELOW: 0 0.01 INCH OR MORE: 10
MAX 90 OR ABOVE: 26 0.10 INCH OR MORE: 8
MIN 32 OR BELOW: 0 0.50 INCH OR MORE: 2
MIN 0 OR BELOW: 0 1.00 INCH OR MORE: 1
[HDD (BASE 65) ]
TOTAL THIS MO. 0 CLEAR (SCALE 0-3) 5
DPTR FM NORMAL 0 PTCLDY (SCALE 4-7) 22
TOTAL FM JUL 1 0 CLOUDY (SCALE 8-10) 4
DPTR FM NORMAL 0
[CDD (BASE 65) ]
TOTAL THIS MO. 597
DPTR FM NORMAL -26 [PRESSURE DATA]
TOTAL FM JAN 1 1818 HIGHEST SLP 30.19 ON 14
DPTR FM NORMAL -42 LOWEST SLP 29.87 ON 20
[REMARKS]
#FINAL-07-21#