651
CXUS54 KHGX 011515
CF6IAH
PRELIMINARY LOCAL CLIMATOLOGICAL DATA (WS FORM: F-6)
STATION: HOUSTON INTERCONTINENTAL
MONTH: JULY
YEAR: 2020
LATITUDE: 29 58 N
LONGITUDE: 95 21 W
TEMPERATURE IN F: :PCPN: SNOW: WIND :SUNSHINE: SKY :PK WND
================================================================================
1 2 3 4 5 6A 6B 7 8 9 10 11 12 13 14 15 16 17 18
12Z AVG MX 2MIN
DY MAX MIN AVG DEP HDD CDD WTR SNW DPTH SPD SPD DIR MIN PSBL S-S WX SPD DR
================================================================================
1 95 82 89 5 0 24 0.00 0.0 0 9.9 16 170 M M 7 24 190
2 97 82 90 6 0 25 0.00 0.0 0 5.8 12 200 M M 6 8 16 180
3 96 73 85 1 0 20 0.00 0.0 0 6.4 32 50 M M 6 37 40
4 97 73 85 1 0 20 0.00 0.0 0 3.9 13 250 M M 5 17 270
5 96 79 88 4 0 23 0.00 0.0 0 5.9 14 220 M M 6 20 230
6 91 82 87 3 0 22 T 0.0 0 6.1 15 260 M M 8 3 22 250
7 94 80 87 3 0 22 0.56 0.0 0 5.6 20 350 M M 7 138 24 190
8 96 82 89 5 0 24 0.00 0.0 0 7.7 14 150 M M 5 1 19 180
9 98 82 90 6 0 25 0.00 0.0 0 9.6 18 160 M M 4 18 24 150
10 100 79 90 6 0 25 0.00 0.0 0 6.5 16 130 M M 4 19 130
11 101 81 91 7 0 26 0.00 0.0 0 6.4 16 150 M M 3 18 150
12 97 79 88 4 0 23 0.00 0.0 0 5.6 14 210 M M 6 19 210
13 101 81 91 7 0 26 0.00 0.0 0 7.4 15 170 M M 3 19 230
14 99 81 90 6 0 25 0.00 0.0 0 8.8 18 160 M M 4 24 160
15 99 81 90 6 0 25 0.00 0.0 0 7.7 16 160 M M 5 21 180
16 100 80 90 6 0 25 0.00 0.0 0 6.2 18 130 M M 4 22 140
17 92 78 85 1 0 20 0.06 0.0 0 7.6 23 140 M M 5 3 27 130
18 94 76 85 1 0 20 0.10 0.0 0 6.1 18 140 M M 6 13 23 120
19 96 76 86 2 0 21 0.03 0.0 0 6.0 26 130 M M 6 3 33 140
20 91 77 84 -1 0 19 0.17 0.0 0 8.3 21 150 M M 7 13 24 150
21 89 75 82 -3 0 17 0.46 0.0 0 8.7 15 130 M M 8 13 19 130
22 91 76 84 -1 0 19 0.08 0.0 0 5.7 16 140 M M 6 13 20 130
23 96 76 86 1 0 21 0.00 0.0 0 7.7 17 60 M M 4 22 80
24 94 77 86 1 0 21 T 0.0 0 13.8 25 60 M M 6 34 60
25 89 76 83 -2 0 18 0.74 0.0 0 13.4 25 150 M M 8 18 30 150
26 91 77 84 -1 0 19 0.03 0.0 0 10.7 23 110 M M 7 3 27 120
27 93 76 85 0 0 20 T 0.0 0 5.7 15 170 M M 7 123 18 170
28 89 76 83 -2 0 18 0.55 0.0 0 4.5 17 160 M M 7 13 23 140
29 92 73 83 -2 0 18 0.17 0.0 0 4.6 20 180 M M 6 1 26 220
30 96 80 88 3 0 23 0.00 0.0 0 7.8 16 170 M M 5 1 20 150
31 97 79 88 3 0 23 0.06 0.0 0 8.3 16 140 M M 6 13 23 100
================================================================================
SM 2947 2425 0 677 3.01 0.0 228.4 M 177
================================================================================
AV 95.1 78.2 7.4 FASTST M M 6 MAX(MPH)
MISC ----> # 32 50 # 37 40
================================================================================
NOTES:
# LAST OF SEVERAL OCCURRENCES
COLUMN 17 PEAK WIND IN M.P.H.
PRELIMINARY LOCAL CLIMATOLOGICAL DATA (WS FORM: F-6) , PAGE 2
STATION: HOUSTON INTERCONTINENTAL
MONTH: JULY
YEAR: 2020
LATITUDE: 29 58 N
LONGITUDE: 95 21 W
[TEMPERATURE DATA] [PRECIPITATION DATA] SYMBOLS USED IN COLUMN 16
AVERAGE MONTHLY: 86.7 TOTAL FOR MONTH: 3.01 1 = FOG OR MIST
DPTR FM NORMAL: 2.2 DPTR FM NORMAL: -0.78 2 = FOG REDUCING VISIBILITY
HIGHEST: 101 ON 13,11 GRTST 24HR 0.74 ON 25-25 TO 1/4 MILE OR LESS
LOWEST: 73 ON 29, 4 3 = THUNDER
SNOW, ICE PELLETS, HAIL 4 = ICE PELLETS
TOTAL MONTH: 0.0 INCH 5 = HAIL
GRTST 24HR 0.0 6 = FREEZING RAIN OR DRIZZLE
GRTST DEPTH: 0 7 = DUSTSTORM OR SANDSTORM:
VSBY 1/2 MILE OR LESS
8 = SMOKE OR HAZE
[NO. OF DAYS WITH] [WEATHER - DAYS WITH] 9 = BLOWING SNOW
X = TORNADO
MAX 32 OR BELOW: 0 0.01 INCH OR MORE: 12
MAX 90 OR ABOVE: 28 0.10 INCH OR MORE: 7
MIN 32 OR BELOW: 0 0.50 INCH OR MORE: 3
MIN 0 OR BELOW: 0 1.00 INCH OR MORE: 0
[HDD (BASE 65) ]
TOTAL THIS MO. 0 CLEAR (SCALE 0-3) 0
DPTR FM NORMAL 0 PTCLDY (SCALE 4-7) 29
TOTAL FM JUL 1 0 CLOUDY (SCALE 8-10) 2
DPTR FM NORMAL 0
[CDD (BASE 65) ]
TOTAL THIS MO. 677
DPTR FM NORMAL 76 [PRESSURE DATA]
TOTAL FM JAN 1 2098 HIGHEST SLP 30.10 ON 17
DPTR FM NORMAL 325 LOWEST SLP 29.79 ON 5
[REMARKS]
#FINAL-07-20#