288
CXUS54 KHGX 011923
CF6IAH
PRELIMINARY LOCAL CLIMATOLOGICAL DATA (WS FORM: F-6)

                                          STATION:   HOUSTON INTERCONTINENTAL
                                          MONTH:     OCTOBER
                                          YEAR:      2015
                                          LATITUDE:   29 58 N
                                          LONGITUDE:  95 21 W

  TEMPERATURE IN F:       :PCPN:    SNOW:  WIND      :SUNSHINE: SKY     :PK WND
================================================================================
1   2   3   4   5  6A  6B    7    8   9   10  11  12  13   14  15   16   17  18
                                     12Z  AVG MX 2MIN
DY MAX MIN AVG DEP HDD CDD  WTR  SNW DPTH SPD SPD DIR MIN PSBL S-S WX    SPD DR
================================================================================

 1  90  68  79   3   0  14 0.00  0.0    0  6.4 17 350   M    M   1        22  10
 2  84  60  72  -3   0   7 0.00  0.0    0  8.3 20  10   M    M   1        25  60
 3  84  55  70  -5   0   5 0.00  0.0    0  4.2 13  40   M    M   3        17  20
 4  84  56  70  -5   0   5 0.00  0.0    0  5.6 13 350   M    M   4        17 360
 5  86  57  72  -2   0   7 0.00  0.0    0  4.8 15  30   M    M   2        20 360
 6  89  65  77   3   0  12 0.00  0.0    0  3.0 10  20   M    M   3        15  10
 7  91  66  79   5   0  14 0.00  0.0    0  3.2 12 110   M    M   5        14  10
 8  87  69  78   4   0  13 0.00  0.0    0  3.0  9 130   M    M   8        13 130
 9  90  68  79   6   0  14 0.00  0.0    0  3.5  9  70   M    M   8 1      14  80
10  90  64  77   4   0  12 0.00  0.0    0  5.7 15 360   M    M   4        21  10
11  90  60  75   2   0  10 0.00  0.0    0  4.6 17 140   M    M   2        21 140
12  92  68  80   8   0  15 0.00  0.0    0  6.0 15 230   M    M   3        20 170
13  95  64  80   8   0  15    T  0.0    0  4.6 15  30   M    M   3 1      20 360
14  92  56  74   2   0   9 0.00  0.0    0  3.8 13 140   M    M   0        17 130
15  92  57  75   3   0  10 0.00  0.0    0  4.0 17 120   M    M   0 1      21 270
16  91  59  75   3   0  10 0.00  0.0    0  4.6 20  10   M    M   3 1      23  20
17  84  59  72   1   0   7 0.00  0.0    0  8.0 16  60   M    M   4        21  60
18  82  52  67  -4   0   2 0.00  0.0    0  6.0 15  80   M    M   2        21 100
19  81  51  66  -5   0   1 0.00  0.0    0  5.5 14 120   M    M   0        17 110
20  77  58  68  -2   0   3 0.02  0.0    0  7.9 18 110   M    M   6 18     22 110
21  85  67  76   6   0  11 0.00  0.0    0 11.7 21 140   M    M   8 1      25 140
22  86  71  79   9   0  14 0.02  0.0    0 15.7 28 140   M    M   9 1      33 140
23  85  76  81  11   0  16 0.01  0.0    0 13.5 24 140   M    M  10        30 160
24  77  67  72   3   0   7 5.54  0.0    0 11.7 22 120   M    M  10 1      25  40
25  68  60  64  -5   1   0 2.03  0.0    0 17.3 30  10   M    M  10 1      36 300
26  72  61  67  -2   0   2 0.01  0.0    0 15.1 28 350   M    M   8        33 350
27  80  61  71   3   0   6 0.00  0.0    0  5.8 14 350   M    M   5 8      18 340
28  86  58  72   4   0   7 0.00  0.0    0  6.9 17 310   M    M   3        25 240
29  80  53  67  -1   0   2 0.00  0.0    0  5.2 14 140   M    M   2        16 140
30  79  67  73   5   0   8 0.28  0.0    0 17.3 31 150   M    M   9 13     41 140
31  76  67  72   5   0   7 5.14  0.0    0  7.4 26 310   M    M   9 13     35 300
================================================================================
SM 2625 1920         1 265 13.05     0.0 230.3          M      145
================================================================================
AV 84.7 61.9                               7.4 FASTST   M    M   5    MAX(MPH)
                                 MISC ---->  # 31 150               # 41  140
================================================================================
NOTES:
# LAST OF SEVERAL OCCURRENCES

COLUMN 17 PEAK WIND IN M.P.H.

PRELIMINARY LOCAL CLIMATOLOGICAL DATA (WS FORM: F-6) , PAGE 2

                                          STATION:  HOUSTON INTERCONTINENTAL
                                          MONTH:    OCTOBER
                                          YEAR:     2015
                                          LATITUDE:   29 58 N
                                          LONGITUDE:  95 21 W

[TEMPERATURE DATA]      [PRECIPITATION DATA]       SYMBOLS USED IN COLUMN 16

AVERAGE MONTHLY: 73.3   TOTAL FOR MONTH:  13.05    1 = FOG OR MIST
DPTR FM NORMAL:   1.8   DPTR FM NORMAL:    7.35    2 = FOG REDUCING VISIBILITY
HIGHEST:    95 ON 13    GRTST 24HR  6.94 ON 24-25      TO 1/4 MILE OR LESS
LOWEST:     51 ON 19                               3 = THUNDER
                        SNOW, ICE PELLETS, HAIL    4 = ICE PELLETS
                        TOTAL MONTH:   0.0 INCH    5 = HAIL
                        GRTST 24HR     0.0         6 = FREEZING RAIN OR DRIZZLE
                        GRTST DEPTH:   0           7 = DUSTSTORM OR SANDSTORM:
                                                       VSBY 1/2 MILE OR LESS
                                                   8 = SMOKE OR HAZE
[NO. OF DAYS WITH]      [WEATHER - DAYS WITH]      9 = BLOWING SNOW
                                                   X = TORNADO
MAX 32 OR BELOW:   0    0.01 INCH OR MORE:   8
MAX 90 OR ABOVE:  10    0.10 INCH OR MORE:   4
MIN 32 OR BELOW:   0    0.50 INCH OR MORE:   3
MIN  0 OR BELOW:   0    1.00 INCH OR MORE:   3

[HDD (BASE 65) ]
TOTAL THIS MO.     1    CLEAR  (SCALE 0-3)  14
DPTR FM NORMAL   -28    PTCLDY (SCALE 4-7)   8
TOTAL FM JUL 1     1    CLOUDY (SCALE 8-10)  9
DPTR FM NORMAL   -29

[CDD (BASE 65) ]
TOTAL THIS MO.   265
DPTR FM NORMAL    36    [PRESSURE DATA]
TOTAL FM JAN 1  3226    HIGHEST SLP 30.36 ON 18
DPTR FM NORMAL   172    LOWEST  SLP 29.63 ON 31

[REMARKS]
#FINAL-10-15#
