000
CXUS53 KUNR 010930
CF6ICR
PRELIMINARY LOCAL CLIMATOLOGICAL DATA (WS FORM: F-6)
STATION: WINNER REGIONAL AIRPORT SD
MONTH: MAY
YEAR: 2023
LATITUDE: 43 23 N
LONGITUDE: 99 50 W
TEMPERATURE IN F: :PCPN: SNOW: WIND :SUNSHINE: SKY :PK WND
================================================================================
1 2 3 4 5 6A 6B 7 8 9 10 11 12 13 14 15 16 17 18
12Z AVG MX 2MIN
DY MAX MIN AVG DEP HDD CDD WTR SNW DPTH SPD SPD DIR MIN PSBL S-S WX SPD DR
================================================================================
1 62 30 46 -7 19 0 0.00 M M 9.9 22 350 M M 0 29 280
2 66 26 46 -8 19 0 0.00 M M 6.0 13 50 M M 0 18 350
3 81 39 60 6 5 0 0.00 M M 12.7 25 170 M M 0 34 180
4 86 47 67 13 0 2 0.00 M M 9.0 24 50 M M 1 33 180
5 78 49 64 9 1 0 0.17 M M 6.8 29 220 M M 6 13 38 220
6 73 46 60 5 5 0 0.03 M M 8.6 29 10 M M 4 3 36 10
7 70 42 56 0 9 0 T M M 4.7 13 320 M M 4 12 18 330
8 75 43 59 3 6 0 0.00 M M 6.7 14 290 M M 1 1 19 310
9 79 54 67 11 0 2 0.26 M M 11.9 25 170 M M 4 13 33 160
10 76 56 66 9 0 1 0.00 M M 11.1 23 100 M M 2 29 110
11 80 55 68 11 0 3 0.11 M M 12.8 38 120 M M 4 1 49 110
12 78 59 69 11 0 4 0.78 M M 10.3 24 200 M M 8 13 32 210
13 63 58 61 3 4 0 0.45 M M 12.0 20 20 M M 10 1 24 30
14 59 49 54 -4 11 0 0.20 M M 11.9 22 30 M M 9 1 27 20
15 70 48 59 0 6 0 0.00 M M 4.9 10 80 M M 5 1 16 120
16 76 47 62 3 3 0 0.00 M M 4.7 10 200 M M 0 15 220
17 85 51 68 9 0 3 0.45 M M 9.8 32 280 M M 2 138 42 260
18 69 46 58 -2 7 0 0.00 M M 9.4 18 10 M M 9 18 25 10
19 65 39 52 -8 13 0 0.00 M M 10.8 24 330 M M 1 44 320
20 76 39 58 -2 7 0 0.00 M M 8.5 18 170 M M 0 25 170
21 80 56 68 7 0 3 0.00 M M 8.3 17 200 M M 0 8 26 190
22 82 51 67 6 0 2 0.00 M M 9.3 20 180 M M 0 18 29 170
23 81 61 71 9 0 6 0.00 M M 11.6 20 190 M M 0 29 190
24 81 61 71 9 0 6 0.00 M M 11.8 21 140 M M 1 30 140
25 84 57 71 9 0 6 0.00 M M 14.7 24 160 M M 0 35 160
26 79 56 68 5 0 3 T M M 15.4 28 170 M M 4 41 190
27 83 62 73 10 0 8 0.00 M M 18.4 28 170 M M 1 44 180
28 82 60 71 7 0 6 0.36 M M 14.6 25 140 M M 4 138 35 140
29 85 58 72 8 0 7 0.02 M M 9.1 21 170 M M 2 30 160
30 88 57 73 9 0 8 0.18 M M 7.2 28 290 M M 1 13 42 270
31 85 60 73 9 0 8 0.03 M M 10.3 24 290 M M 2 13 34 290
================================================================================
SM 2377 1562 115 78 3.04 M 313.2 M 85
================================================================================
AV 76.7 50.4 10.1 FASTST M M 3 MAX(MPH)
MISC ----> 38 120 49 110
================================================================================
NOTES:
# LAST OF SEVERAL OCCURRENCES
COLUMN 17 PEAK WIND IN M.P.H.
PRELIMINARY LOCAL CLIMATOLOGICAL DATA (WS FORM: F-6) , PAGE 2
STATION: WINNER REGIONAL AIRPORT SD
MONTH: MAY
YEAR: 2023
LATITUDE: 43 23 N
LONGITUDE: 99 50 W
[TEMPERATURE DATA] [PRECIPITATION DATA] SYMBOLS USED IN COLUMN 16
AVERAGE MONTHLY: 63.5 TOTAL FOR MONTH: 3.04 1 = FOG OR MIST
DPTR FM NORMAL: 4.5 DPTR FM NORMAL: -0.35 2 = FOG REDUCING VISIBILITY
HIGHEST: 88 ON 30 GRTST 24HR 1.07 ON 12-13 TO 1/4 MILE OR LESS
LOWEST: 26 ON 2 3 = THUNDER
SNOW, ICE PELLETS, HAIL 4 = ICE PELLETS
TOTAL MONTH: M 5 = HAIL
GRTST 24HR M ON M 6 = FREEZING RAIN OR DRIZZLE
GRTST DEPTH: M ON M 7 = DUSTSTORM OR SANDSTORM:
VSBY 1/2 MILE OR LESS
8 = SMOKE OR HAZE
[NO. OF DAYS WITH] [WEATHER - DAYS WITH] 9 = BLOWING SNOW
X = TORNADO
MAX 32 OR BELOW: 0 0.01 INCH OR MORE: 12
MAX 90 OR ABOVE: 0 0.10 INCH OR MORE: 9
MIN 32 OR BELOW: 2 0.50 INCH OR MORE: 1
MIN 0 OR BELOW: 0 1.00 INCH OR MORE: 0
[HDD (BASE 65) ]
TOTAL THIS MO. 115 CLEAR (SCALE 0-3) 19
DPTR FM NORMAL -113 PTCLDY (SCALE 4-7) 8
TOTAL FM JUL 1 6867 CLOUDY (SCALE 8-10) 4
DPTR FM NORMAL 484
[CDD (BASE 65) ]
TOTAL THIS MO. 78
DPTR FM NORMAL 37 [PRESSURE DATA]
TOTAL FM JAN 1 89 HIGHEST SLP 30.49 ON 14
DPTR FM NORMAL 43 LOWEST SLP 29.63 ON 4
[REMARKS]
#FINAL-05-23#