000
CXUS53 KICT 010633
CLMICT
CLIMATE REPORT
NATIONAL WEATHER SERVICE WICHITA KANSAS
133 AM CDT SAT JUL 01 2023
...................................
...THE WICHITA EISENHOWER NATIONAL CLIMATE SUMMARY FOR THE MONTH OF JUNE 2023...
CLIMATE NORMAL PERIOD 1991 TO 2020
CLIMATE RECORD PERIOD 1888 TO 2023
WEATHER OBSERVED NORMAL DEPART LAST YEAR`S
VALUE DATE(S) VALUE FROM VALUE DATE(S)
NORMAL
................................................................
TEMPERATURE (F)
RECORD
HIGH 110 06/30/1980
LOW 43 06/02/1969
HIGHEST 102 06/28 100 06/21
06/29
06/24
LOWEST 59 06/07 52 06/02
06/13
06/15
AVG. MAXIMUM 87.5 87.9 -0.4 88.7
AVG. MINIMUM 64.9 65.9 -1.0 66.9
MEAN 76.2 76.9 -0.7 77.8
DAYS MAX >= 90 6 14.0 -8.0 16
DAYS MAX <= 32 0 0.0 0.0 0
DAYS MIN <= 32 0 0.0 0.0 0
DAYS MIN <= 0 0 0.0 0.0 0
PRECIPITATION (INCHES)
RECORD
MAXIMUM 14.43 1923
MINIMUM 0.00 1911
TOTALS 4.70 4.93 -0.23 4.31
DAILY AVG. 0.16 0.16 -0.00 0.14
DAYS >= .01 13 9.5 3.5 12
DAYS >= .10 9 7.1 1.9 6
DAYS >= .50 4 3.6 0.4 3
DAYS >= 1.00 2 1.8 0.2 2
GREATEST
24 HR. TOTAL 1.28 06/05 TO 06/05
SNOWFALL (INCHES)
RECORDS
TOTAL T 2019
TOTALS TR 0.0 0.0 0.0
SINCE 7/1 5.0 12.7 -7.7 MM
SNOWDEPTH AVG. 0 0
DAYS >= 1.0 0 0.0 0.0 0
GREATEST
SNOW DEPTH 0 0 MM
24 HR TOTAL MM 0.0
DEGREE DAYS
HEATING TOTAL 0 4 -4 5
SINCE 7/1 4247 4409 -162 MM
COOLING TOTAL 342 360 -18 395
SINCE 1/1 528 519 9 MM
................................................................
WIND (MPH)
AVERAGE WIND SPEED 8.0
HIGHEST WIND SPEED/DIRECTION 46/280 DATE 06/17
HIGHEST GUST SPEED/DIRECTION 72/280 DATE 06/17
SKY COVER
POSSIBLE SUNSHINE (PERCENT) MM
AVERAGE SKY COVER 0.52
NUMBER OF DAYS FAIR 6
NUMBER OF DAYS PC 21
NUMBER OF DAYS CLOUDY 3
AVERAGE RH (PERCENT) 64
WEATHER CONDITIONS. NUMBER OF DAYS WITH
THUNDERSTORM 15 MIXED PRECIP 0
HEAVY RAIN 4 RAIN 5
LIGHT RAIN 15 FREEZING RAIN 0
LT FREEZING RAIN 0 HAIL 1
HEAVY SNOW 0 SNOW 0
LIGHT SNOW 0 SLEET 0
FOG 8 FOG W/VIS <= 1/4 MILE 0
HAZE 4
- INDICATES NEGATIVE NUMBERS.
R INDICATES RECORD WAS SET OR TIED.
MM INDICATES DATA IS MISSING.
T INDICATES TRACE AMOUNT.
$$