000
CXUS51 KPHI 010815
CF6ILG
PRELIMINARY LOCAL CLIMATOLOGICAL DATA (WS FORM: F-6)
STATION: WILMINGTON DE
MONTH: MAY
YEAR: 2023
LATITUDE: 39 40 N
LONGITUDE: 75 36 W
TEMPERATURE IN F: :PCPN: SNOW: WIND :SUNSHINE: SKY :PK WND
================================================================================
1 2 3 4 5 6A 6B 7 8 9 10 11 12 13 14 15 16 17 18
12Z AVG MX 2MIN
DY MAX MIN AVG DEP HDD CDD WTR SNW DPTH SPD SPD DIR MIN PSBL S-S WX SPD DR
================================================================================
1 64 49 57 -2 8 0 0.05 0.0 0 13.4 26 260 M M 6 36 260
2 57 47 52 -8 13 0 0.01 0.0 0 9.4 25 270 M M 7 37 280
3 57 44 51 -9 14 0 0.10 0.0 0 8.1 24 300 M M 8 1 30 290
4 64 41 53 -7 12 0 0.00 0.0 0 8.1 16 330 M M 4 24 330
5 68 45 57 -3 8 0 0.00 0.0 0 4.5 16 160 M M 6 1 21 160
6 75 46 61 0 4 0 0.00 0.0 0 6.1 13 320 M M 1 12 19 270
7 76 51 64 3 1 0 0.00 0.0 0 5.7 14 170 M M 3 17 150
8 79 56 68 7 0 3 0.00 0.0 0 7.9 18 320 M M 3 25 290
9 68 52 60 -2 5 0 T 0.0 0 7.4 17 40 M M 6 20 40
10 75 44 60 -2 5 0 0.00 0.0 0 4.4 12 150 M M 0 14 300
11 81 51 66 4 0 1 0.00 0.0 0 6.2 16 220 M M 0 23 200
12 88 56 72 10 0 7 0.00 0.0 0 4.9 15 180 M M 0 18 19 180
13 75 60 68 5 0 3 0.01 0.0 0 5.3 13 340 M M 4 18 16 350
14 79 56 68 5 0 3 0.00 0.0 0 8.0 16 340 M M 0 22 330
15 75 49 62 -1 3 0 0.00 0.0 0 7.0 15 240 M M 0 20 240
16 81 54 68 5 0 3 0.00 0.0 0 8.0 17 210 M M 0 21 240
17 71 48 60 -4 5 0 0.00 0.0 0 10.6 21 360 M M 0 26 360
18 67 42 55 -9 10 0 0.00 0.0 0 9.5 18 170 M M 0 24 160
19 73 51 62 -2 3 0 0.00 0.0 0 11.4 24 160 M M 2 34 150
20 73 57 65 1 0 0 0.03 0.0 0 6.2 16 310 M M 9 18 22 300
21 80 56 68 3 0 3 T 0.0 0 9.9 21 320 M M 3 26 310
22 81 52 67 2 0 2 0.00 0.0 0 7.7 21 160 M M 0 24 160
23 76 55 66 1 0 1 0.00 0.0 0 7.9 14 40 M M 1 8 16 40
24 82 48 65 -1 0 0 0.00 0.0 0 6.4 22 30 M M 1 28 10
25 74 53 64 -2 1 0 T 0.0 0 10.3 22 20 M M 2 28 30
26 77 46 62 -4 3 0 0.00 0.0 0 7.4 20 170 M M 0 23 160
27 81 47 64 -3 1 0 0.00 0.0 0 7.0 22 160 M M 0 27 150
28 78 48 63 -4 2 0 0.00 0.0 0 5.4 13 170 M M 2 16 170
29 86 58 72 5 0 7 0.00 0.0 0 9.1 24 50 M M 3 8 30 50
30 79 57 68 0 0 3 0.00 0.0 0 10.8 20 50 M M 0 26 60
31 81 46 64 -4 1 0 0.00 0.0 0 6.0 15 160 M M 0 8 17 150
================================================================================
SM 2321 1565 99 36 0.20 0.0 240.0 M 71
================================================================================
AV 74.9 50.5 7.7 FASTST M M 2 MAX(MPH)
MISC ----> 26 260 37 280
================================================================================
NOTES:
# LAST OF SEVERAL OCCURRENCES
COLUMN 17 PEAK WIND IN M.P.H.
PRELIMINARY LOCAL CLIMATOLOGICAL DATA (WS FORM: F-6) , PAGE 2
STATION: WILMINGTON DE
MONTH: MAY
YEAR: 2023
LATITUDE: 39 40 N
LONGITUDE: 75 36 W
[TEMPERATURE DATA] [PRECIPITATION DATA] SYMBOLS USED IN COLUMN 16
AVERAGE MONTHLY: 62.7 TOTAL FOR MONTH: 0.20 1 = FOG OR MIST
DPTR FM NORMAL: -0.8 DPTR FM NORMAL: -3.37 2 = FOG REDUCING VISIBILITY
HIGHEST: 88 ON 12 GRTST 24HR 0.27 ON 30- 1 TO 1/4 MILE OR LESS
LOWEST: 41 ON 4 3 = THUNDER
SNOW, ICE PELLETS, HAIL 4 = ICE PELLETS
TOTAL MONTH: 0.0 INCH 5 = HAIL
GRTST 24HR 0.0 6 = FREEZING RAIN OR DRIZZLE
GRTST DEPTH: 0 7 = DUSTSTORM OR SANDSTORM:
VSBY 1/2 MILE OR LESS
8 = SMOKE OR HAZE
[NO. OF DAYS WITH] [WEATHER - DAYS WITH] 9 = BLOWING SNOW
X = TORNADO
MAX 32 OR BELOW: 0 0.01 INCH OR MORE: 5
MAX 90 OR ABOVE: 0 0.10 INCH OR MORE: 1
MIN 32 OR BELOW: 0 0.50 INCH OR MORE: 0
MIN 0 OR BELOW: 0 1.00 INCH OR MORE: 0
[HDD (BASE 65) ]
TOTAL THIS MO. 99 CLEAR (SCALE 0-3) 23
DPTR FM NORMAL -23 PTCLDY (SCALE 4-7) 7
TOTAL FM JUL 1 3905 CLOUDY (SCALE 8-10) 1
DPTR FM NORMAL -729
[CDD (BASE 65) ]
TOTAL THIS MO. 36
DPTR FM NORMAL -38 [PRESSURE DATA]
TOTAL FM JAN 1 74 HIGHEST SLP 30.35 ON 27
DPTR FM NORMAL -13 LOWEST SLP 29.20 ON 1
[REMARKS]
#FINAL-05-23#