000
CXUS51 KPHI 010815
CF6ILG
PRELIMINARY LOCAL CLIMATOLOGICAL DATA (WS FORM: F-6)
STATION: WILMINGTON DE
MONTH: AUGUST
YEAR: 2022
LATITUDE: 39 40 N
LONGITUDE: 75 36 W
TEMPERATURE IN F: :PCPN: SNOW: WIND :SUNSHINE: SKY :PK WND
================================================================================
1 2 3 4 5 6A 6B 7 8 9 10 11 12 13 14 15 16 17 18
12Z AVG MX 2MIN
DY MAX MIN AVG DEP HDD CDD WTR SNW DPTH SPD SPD DIR MIN PSBL S-S WX SPD DR
================================================================================
1 83 69 76 -1 0 11 0.14 0.0 0 5.2 12 310 M M 7 1 16 290
2 92 70 81 4 0 16 0.20 0.0 0 6.9 17 230 M M 2 13 24 230
3 91 70 81 4 0 16 0.00 0.0 0 6.1 13 150 M M 1 17 240
4 95 72 84 7 0 19 0.27 0.0 0 7.4 35 270 M M 1 13 43 270
5 89 72 81 4 0 16 0.00 0.0 0 5.7 18 170 M M 2 21 170
6 90 73 82 5 0 17 0.00 0.0 0 8.9 18 240 M M 2 24 250
7 93 77 85 8 0 20 0.00 0.0 0 10.2 21 210 M M 1 27 200
8 94 77 86 9 0 21 T 0.0 0 9.2 18 200 M M 1 26 250
9 97 76 87 10 0 22 0.36 0.0 0 8.7 16 320 M M 2 13 22 240
10 92 74 83 7 0 18 0.00 0.0 0 6.6 15 320 M M 3 19 310
11 89 74 82 6 0 17 0.25 0.0 0 6.9 17 300 M M 4 13 23 290
12 87 66 77 1 0 12 0.00 0.0 0 9.5 16 330 M M 1 27 350
13 84 60 72 -4 0 7 0.00 0.0 0 8.9 17 20 M M 0 22 350
14 84 65 75 -1 0 10 0.00 0.0 0 7.0 16 150 M M 1 19 180
15 82 63 73 -3 0 8 0.01 0.0 0 6.1 14 100 M M 5 19 130
16 83 59 71 -5 0 6 0.00 0.0 0 6.9 22 70 M M 1 8 28 70
17 81 60 71 -5 0 6 0.28 0.0 0 5.3 23 290 M M 3 13 28 290
18 86 60 73 -3 0 8 0.00 0.0 0 5.8 15 280 M M 0 18 250
19 89 62 76 0 0 11 T 0.0 0 6.8 21 160 M M 1 25 170
20 89 72 81 5 0 16 0.00 0.0 0 7.5 21 160 M M 1 25 160
21 84 70 77 2 0 12 0.48 0.0 0 7.2 15 120 M M 4 13 19 150
22 86 71 79 4 0 14 0.40 0.0 0 4.7 21 200 M M 6 13 25 200
23 86 67 77 2 0 12 0.00 0.0 0 6.1 15 290 M M 2 1 21 280
24 88 67 78 3 0 13 0.00 0.0 0 6.3 15 300 M M 1 21 280
25 92 67 80 5 0 15 0.00 0.0 0 4.8 13 170 M M 1 14 330
26 92 73 83 8 0 18 0.00 0.0 0 6.9 20 240 M M 2 24 240
27 92 70 81 7 0 16 0.00 0.0 0 5.4 16 140 M M 1 19 140
28 88 72 80 6 0 15 T 0.0 0 7.5 17 120 M M 5 18 21 110
29 90 74 82 8 0 17 0.00 0.0 0 9.1 18 160 M M 4 12 24 170
30 91 74 83 9 0 18 T 0.0 0 9.9 23 160 M M 5 13 30 150
31 87 67 77 3 0 12 0.00 0.0 0 9.2 20 310 M M 1 24 310
================================================================================
SM 2746 2143 0 439 2.39 0.0 222.7 M 71
================================================================================
AV 88.6 69.1 7.2 FASTST M M 2 MAX(MPH)
MISC ----> 35 270 43 270
================================================================================
NOTES:
# LAST OF SEVERAL OCCURRENCES
COLUMN 17 PEAK WIND IN M.P.H.
PRELIMINARY LOCAL CLIMATOLOGICAL DATA (WS FORM: F-6) , PAGE 2
STATION: WILMINGTON DE
MONTH: AUGUST
YEAR: 2022
LATITUDE: 39 40 N
LONGITUDE: 75 36 W
[TEMPERATURE DATA] [PRECIPITATION DATA] SYMBOLS USED IN COLUMN 16
AVERAGE MONTHLY: 78.9 TOTAL FOR MONTH: 2.39 1 = FOG OR MIST
DPTR FM NORMAL: 3.1 DPTR FM NORMAL: -1.59 2 = FOG REDUCING VISIBILITY
HIGHEST: 97 ON 9 GRTST 24HR 0.88 ON 21-22 TO 1/4 MILE OR LESS
LOWEST: 59 ON 16 3 = THUNDER
SNOW, ICE PELLETS, HAIL 4 = ICE PELLETS
TOTAL MONTH: 0.0 INCH 5 = HAIL
GRTST 24HR 0.0 6 = FREEZING RAIN OR DRIZZLE
GRTST DEPTH: 0 7 = DUSTSTORM OR SANDSTORM:
VSBY 1/2 MILE OR LESS
8 = SMOKE OR HAZE
[NO. OF DAYS WITH] [WEATHER - DAYS WITH] 9 = BLOWING SNOW
X = TORNADO
MAX 32 OR BELOW: 0 0.01 INCH OR MORE: 9
MAX 90 OR ABOVE: 13 0.10 INCH OR MORE: 8
MIN 32 OR BELOW: 0 0.50 INCH OR MORE: 0
MIN 0 OR BELOW: 0 1.00 INCH OR MORE: 0
[HDD (BASE 65) ]
TOTAL THIS MO. 0 CLEAR (SCALE 0-3) 22
DPTR FM NORMAL -1 PTCLDY (SCALE 4-7) 9
TOTAL FM JUL 1 0 CLOUDY (SCALE 8-10) 0
DPTR FM NORMAL 0
[CDD (BASE 65) ]
TOTAL THIS MO. 439
DPTR FM NORMAL 105 [PRESSURE DATA]
TOTAL FM JAN 1 1233 HIGHEST SLP 30.26 ON 6
DPTR FM NORMAL 182 LOWEST SLP 29.75 ON 30
[REMARKS]
#FINAL-08-22#