298
CDUS41 KPHI 270630
CLIILG


CLIMATE REPORT
NATIONAL WEATHER SERVICE MOUNT HOLLY NJ
229 AM EDT MON MAR 27 2017


...................................

...THE WILMINGTON DE CLIMATE SUMMARY FOR MARCH 26 2017...

CLIMATE NORMAL PERIOD 1981 TO 2010
CLIMATE RECORD PERIOD 1894 TO 2017


WEATHER ITEM   OBSERVED TIME   RECORD YEAR NORMAL DEPARTURE LAST
                VALUE   (LST)  VALUE       VALUE  FROM      YEAR
                                                  NORMAL
..................................................................
TEMPERATURE (F)
 YESTERDAY
  MAXIMUM         46    344 PM  77    1921  56    -10       56
  MINIMUM         42   1159 PM  20    1983  37      5       36
  AVERAGE         44                        46     -2       46

PRECIPITATION (IN)
  YESTERDAY        0.00          2.62 1978   0.14  -0.14     0.00
  MONTH TO DATE    2.66                      3.23  -0.57     1.37
  SINCE MAR 1      2.66                      3.23  -0.57     1.37
  SINCE JAN 1      6.68                      8.92  -2.24     8.10

SNOWFALL (IN)
  YESTERDAY        0.0           4.0  1933   0.0    0.0      0.0
  MONTH TO DATE    3.4                       1.8    1.6      2.7
  SINCE MAR 1      3.4                       1.8    1.6      2.7
  SINCE JUL 1      9.0                      19.8  -10.8     25.4
  SNOW DEPTH       0

DEGREE DAYS
 HEATING
  YESTERDAY       21                        19      2       19
  MONTH TO DATE  641                       593     48      434
  SINCE MAR 1    641                       593     48      434
  SINCE JUL 1   3643                      4216   -573     3442

 COOLING
  YESTERDAY        0                         0      0        0
  MONTH TO DATE    0                         0      0        2
  SINCE MAR 1      0                         0      0        2
  SINCE JAN 1      0                         0      0        2
..................................................................


WIND (MPH)
  HIGHEST WIND SPEED    17   HIGHEST WIND DIRECTION     E (70)
  HIGHEST GUST SPEED    22   HIGHEST GUST DIRECTION     E (80)
  AVERAGE WIND SPEED    12.3


SKY COVER
  POSSIBLE SUNSHINE  MM
  AVERAGE SKY COVER 1.0


WEATHER CONDITIONS
 THE FOLLOWING WEATHER WAS RECORDED YESTERDAY.
  FOG


RELATIVE HUMIDITY (PERCENT)
 HIGHEST   100           700 PM
 LOWEST     76           100 AM
 AVERAGE    88

..........................................................


THE WILMINGTON DE CLIMATE NORMALS FOR TODAY
                         NORMAL    RECORD    YEAR
 MAXIMUM TEMPERATURE (F)   56        83      2007
 MINIMUM TEMPERATURE (F)   37        21      2014


SUNRISE AND SUNSET
MARCH 27 2017.........SUNRISE   654 AM EDT   SUNSET   722 PM EDT
MARCH 28 2017.........SUNRISE   653 AM EDT   SUNSET   723 PM EDT


-  INDICATES NEGATIVE NUMBERS.
R  INDICATES RECORD WAS SET OR TIED.
MM INDICATES DATA IS MISSING.
T  INDICATES TRACE AMOUNT.




$$
