000
CDUS41 KPHI 300630
CLIILG


CLIMATE REPORT
NATIONAL WEATHER SERVICE MOUNT HOLLY NJ
230 AM EDT MON MAY 30 2016


...................................

...THE WILMINGTON DE CLIMATE SUMMARY FOR MAY 29 2016...

CLIMATE NORMAL PERIOD 1981 TO 2010
CLIMATE RECORD PERIOD 1894 TO 2016


WEATHER ITEM   OBSERVED TIME   RECORD YEAR NORMAL DEPARTURE LAST
                VALUE   (LST)  VALUE       VALUE  FROM      YEAR
                                                  NORMAL
..................................................................
TEMPERATURE (F)
 YESTERDAY
  MAXIMUM         83    150 PM  93    1991  77      6       83
                                      1955
                                      1941
  MINIMUM         64    440 AM  40    1936  57      7       66
  AVERAGE         74                        67      7       75

PRECIPITATION (IN)
  YESTERDAY        0.69          2.72 1990   0.13   0.56     0.00
  MONTH TO DATE    6.24                      3.67   2.57     2.39
  SINCE MAR 1      9.88                     11.09  -1.21    12.07
  SINCE JAN 1     16.61                     16.78  -0.17    18.68

SNOWFALL (IN)
  YESTERDAY        0.0           0.0  1894   0.0    0.0      0.0
  MONTH TO DATE    0.0                       0.0    0.0      0.0
  SINCE MAR 1      2.7                       2.2    0.5      8.6
  SINCE JUL 1     25.4                      20.2    5.2     23.4
  SNOW DEPTH       0

DEGREE DAYS
 HEATING
  YESTERDAY        0                         2     -2        0
  MONTH TO DATE  171                       130     41       56
  SINCE MAR 1   1052                      1176   -124     1218
  SINCE JUL 1   4060                      4799   -739     5057

 COOLING
  YESTERDAY        9                         4      5       10
  MONTH TO DATE   54                        59     -5      139
  SINCE MAR 1     68                        71     -3      143
  SINCE JAN 1     68                        71     -3      143
..................................................................


WIND (MPH)
  HIGHEST WIND SPEED    20   HIGHEST WIND DIRECTION     S (170)
  HIGHEST GUST SPEED    23   HIGHEST GUST DIRECTION     S (170)
  AVERAGE WIND SPEED     6.9


SKY COVER
  POSSIBLE SUNSHINE  MM
  AVERAGE SKY COVER 0.3


WEATHER CONDITIONS
 THE FOLLOWING WEATHER WAS RECORDED YESTERDAY.
  THUNDERSTORM
  RAIN
  LIGHT RAIN
  FOG


RELATIVE HUMIDITY (PERCENT)
 HIGHEST   100           700 PM
 LOWEST     51          1200 PM
 AVERAGE    76

..........................................................


THE WILMINGTON DE CLIMATE NORMALS FOR TODAY
                         NORMAL    RECORD    YEAR
 MAXIMUM TEMPERATURE (F)   77        98      1895
 MINIMUM TEMPERATURE (F)   57        41      1961


SUNRISE AND SUNSET
MAY 30 2016...........SUNRISE   537 AM EDT   SUNSET   823 PM EDT
MAY 31 2016...........SUNRISE   537 AM EDT   SUNSET   824 PM EDT


-  INDICATES NEGATIVE NUMBERS.
R  INDICATES RECORD WAS SET OR TIED.
MM INDICATES DATA IS MISSING.
T  INDICATES TRACE AMOUNT.




$$
