000
CDUS41 KPHI 180628
CLIILG


CLIMATE REPORT
NATIONAL WEATHER SERVICE MOUNT HOLLY NJ
128 AM EST WED JAN 18 2017


...................................

...THE WILMINGTON DE CLIMATE SUMMARY FOR JANUARY 17 2017...

CLIMATE NORMAL PERIOD 1981 TO 2010
CLIMATE RECORD PERIOD 1894 TO 2017


WEATHER ITEM   OBSERVED TIME   RECORD YEAR NORMAL DEPARTURE LAST
                VALUE   (LST)  VALUE       VALUE  FROM      YEAR
                                                  NORMAL
..................................................................
TEMPERATURE (F)
 YESTERDAY
  MAXIMUM         44   1115 PM  63    1913  40      4       39
  MINIMUM         37    412 AM -10    1982  24     13       27
  AVERAGE         41                        32      9       33

PRECIPITATION (IN)
  YESTERDAY        0.26          1.51 1978   0.10   0.16     0.07
  MONTH TO DATE    1.90                      1.65   0.25     1.13
  SINCE DEC 1      4.49                      5.13  -0.64     6.34
  SINCE JAN 1      1.90                      1.65   0.25     1.13

SNOWFALL (IN)
  YESTERDAY        0.0           3.7  1985   0.1   -0.1      0.8
  MONTH TO DATE    4.0                       2.6    1.4      0.8
  SINCE DEC 1      4.0                       6.0   -2.0      0.8
  SINCE JUL 1      4.0                       6.4   -2.4      0.8
  SNOW DEPTH       0

DEGREE DAYS
 HEATING
  YESTERDAY       24                        33     -9       32
  MONTH TO DATE  508                       555    -47      503
  SINCE DEC 1   1339                      1434    -95      980
  SINCE JUL 1   2063                      2332   -269     1684

 COOLING
  YESTERDAY        0                         0      0        0
  MONTH TO DATE    0                         0      0        0
  SINCE DEC 1      0                         0      0        1
  SINCE JAN 1      0                         0      0        0
..................................................................


WIND (MPH)
  HIGHEST WIND SPEED     9   HIGHEST WIND DIRECTION     N (20)
  HIGHEST GUST SPEED    12   HIGHEST GUST DIRECTION    SE (140)
  AVERAGE WIND SPEED     4.7


SKY COVER
  POSSIBLE SUNSHINE  MM
  AVERAGE SKY COVER 1.0


WEATHER CONDITIONS
 THE FOLLOWING WEATHER WAS RECORDED YESTERDAY.
  HEAVY RAIN
  RAIN
  LIGHT RAIN
  FOG


RELATIVE HUMIDITY (PERCENT)
 HIGHEST   100           200 PM
 LOWEST     82           100 AM
 AVERAGE    91

..........................................................


THE WILMINGTON DE CLIMATE NORMALS FOR TODAY
                         NORMAL    RECORD    YEAR
 MAXIMUM TEMPERATURE (F)   40        65      1990
 MINIMUM TEMPERATURE (F)   24        -4      1957


SUNRISE AND SUNSET
JANUARY 18 2017.......SUNRISE   720 AM EST   SUNSET   506 PM EST
JANUARY 19 2017.......SUNRISE   719 AM EST   SUNSET   507 PM EST


-  INDICATES NEGATIVE NUMBERS.
R  INDICATES RECORD WAS SET OR TIED.
MM INDICATES DATA IS MISSING.
T  INDICATES TRACE AMOUNT.




$$
