000
CDUS41 KPHI 010628
CLIILG


CLIMATE REPORT
NATIONAL WEATHER SERVICE MOUNT HOLLY NJ
228 AM EDT WED APR 1 2015


...................................

...THE WILMINGTON DE CLIMATE SUMMARY FOR MARCH 31 2015...

CLIMATE NORMAL PERIOD 1981 TO 2010
CLIMATE RECORD PERIOD 1894 TO 2015


WEATHER ITEM   OBSERVED TIME   RECORD YEAR NORMAL DEPARTURE LAST
                VALUE   (LST)  VALUE       VALUE  FROM      YEAR
                                                  NORMAL
..................................................................
TEMPERATURE (F)
 YESTERDAY
  MAXIMUM         58   1251 PM  82    1998  58      0       61
  MINIMUM         35    552 AM  19    1923  38     -3       37
  AVERAGE         47                        48     -1       49

PRECIPITATION (IN)
  YESTERDAY        0.13          1.11 1980   0.14  -0.01     0.01
  MONTH TO DATE    5.39                      3.92   1.47     3.82
  SINCE MAR 1      5.39                      3.92   1.47     3.82
  SINCE JAN 1     12.00                      9.61   2.39    12.40

SNOWFALL (IN)
  YESTERDAY        0.0           0.4  1980   0.0    0.0      0.0
  MONTH TO DATE    8.6                       1.9    6.7      7.7
  SINCE MAR 1      8.6                       1.9    6.7      7.7
  SINCE JUL 1     23.4                      19.9    3.5     56.1
  SNOW DEPTH       0

DEGREE DAYS
 HEATING
  YESTERDAY       18                        17      1       16
  MONTH TO DATE  834                       681    153      820
  SINCE MAR 1    834                       683    151      820
  SINCE JUL 1   4673                      4306    367     4675

 COOLING
  YESTERDAY        0                         0      0        0
  MONTH TO DATE    0                         1     -1        0
  SINCE MAR 1      0                         1     -1        0
  SINCE JAN 1      0                         1     -1        0
..................................................................


WIND (MPH)
  HIGHEST WIND SPEED    22   HIGHEST WIND DIRECTION     S (170)
  HIGHEST GUST SPEED    26   HIGHEST GUST DIRECTION     S (160)
  AVERAGE WIND SPEED     8.0


SKY COVER
  POSSIBLE SUNSHINE  MM
  AVERAGE SKY COVER 0.6


WEATHER CONDITIONS
 THE FOLLOWING WEATHER WAS RECORDED YESTERDAY.
  THUNDERSTORM
  RAIN
  LIGHT RAIN


RELATIVE HUMIDITY (PERCENT)
 HIGHEST    85           900 PM
 LOWEST     35          1200 PM
 AVERAGE    60

..........................................................


THE WILMINGTON DE CLIMATE NORMALS FOR TODAY
                         NORMAL    RECORD    YEAR
 MAXIMUM TEMPERATURE (F)   58        81      1978
                                             1917
 MINIMUM TEMPERATURE (F)   39        11      1923


SUNRISE AND SUNSET
APRIL  1 2015.........SUNRISE   647 AM EDT   SUNSET   726 PM EDT
APRIL  2 2015.........SUNRISE   645 AM EDT   SUNSET   727 PM EDT


-  INDICATES NEGATIVE NUMBERS.
R  INDICATES RECORD WAS SET OR TIED.
MM INDICATES DATA IS MISSING.
T  INDICATES TRACE AMOUNT.




$$
