000
CDUS41 KPHI 260633
CLIILG


CLIMATE REPORT
NATIONAL WEATHER SERVICE MOUNT HOLLY NJ
132 AM EST MON JAN 26 2015


...................................

...THE WILMINGTON DE CLIMATE SUMMARY FOR JANUARY 25 2015...

CLIMATE NORMAL PERIOD 1981 TO 2010
CLIMATE RECORD PERIOD 1894 TO 2015


WEATHER ITEM   OBSERVED TIME   RECORD YEAR NORMAL DEPARTURE LAST
                VALUE   (LST)  VALUE       VALUE  FROM      YEAR
                                                  NORMAL
..................................................................
TEMPERATURE (F)
 YESTERDAY
  MAXIMUM         49   1221 PM  67    1967  40      9       28
  MINIMUM         32    509 AM  -1    1945  25      7       17
                                      1935
  AVERAGE         41                        32      9       23

PRECIPITATION (IN)
  YESTERDAY        T             1.97 1978   0.10  -0.10     0.08
  MONTH TO DATE    4.41                      2.42   1.99     3.16
  SINCE DEC 1      7.42                      5.90   1.52     8.38
  SINCE JAN 1      4.41                      2.42   1.99     3.16

SNOWFALL (IN)
  YESTERDAY        0.0           3.6  1985   0.2   -0.2      1.0
  MONTH TO DATE    3.2                       4.3   -1.1     16.5
  SINCE DEC 1      3.4                       7.7   -4.3     28.4
  SINCE JUL 1      3.7                       8.1   -4.4     28.4
  SNOW DEPTH       0

DEGREE DAYS
 HEATING
  YESTERDAY       24                        33     -9       42
  MONTH TO DATE  840                       819     21      899
  SINCE DEC 1   1605                      1698    -93     1742
  SINCE JUL 1   2494                      2596   -102     2663

 COOLING
  YESTERDAY        0                         0      0        0
  MONTH TO DATE    0                         0      0        0
  SINCE DEC 1      0                         0      0        0
  SINCE JAN 1      0                         0      0        0
..................................................................


WIND (MPH)
  HIGHEST WIND SPEED    21   HIGHEST WIND DIRECTION     W (290)
  HIGHEST GUST SPEED    26   HIGHEST GUST DIRECTION    NW (300)
  AVERAGE WIND SPEED    10.0


SKY COVER
  POSSIBLE SUNSHINE  MM
  AVERAGE SKY COVER 0.6


WEATHER CONDITIONS
 THE FOLLOWING WEATHER WAS RECORDED YESTERDAY.
  LIGHT RAIN


RELATIVE HUMIDITY (PERCENT)
 HIGHEST    79           800 PM
 LOWEST     53           100 PM
 AVERAGE    66

..........................................................


THE WILMINGTON DE CLIMATE NORMALS FOR TODAY
                         NORMAL    RECORD    YEAR
 MAXIMUM TEMPERATURE (F)   40        75      1950
 MINIMUM TEMPERATURE (F)   25         2      1961


SUNRISE AND SUNSET
JANUARY 26 2015.......SUNRISE   715 AM EST   SUNSET   515 PM EST
JANUARY 27 2015.......SUNRISE   715 AM EST   SUNSET   516 PM EST


-  INDICATES NEGATIVE NUMBERS.
R  INDICATES RECORD WAS SET OR TIED.
MM INDICATES DATA IS MISSING.
T  INDICATES TRACE AMOUNT.




$$
