000
CDUS41 KPHI 070635
CLIILG


CLIMATE REPORT
NATIONAL WEATHER SERVICE MOUNT HOLLY NJ
133 AM EST WED DEC 7 2016


...................................

...THE WILMINGTON DE CLIMATE SUMMARY FOR DECEMBER 6 2016...

CLIMATE NORMAL PERIOD 1981 TO 2010
CLIMATE RECORD PERIOD 1894 TO 2016


WEATHER ITEM   OBSERVED TIME   RECORD YEAR NORMAL DEPARTURE LAST
                VALUE   (LST)  VALUE       VALUE  FROM      YEAR
                                                  NORMAL
..................................................................
TEMPERATURE (F)
 YESTERDAY
  MAXIMUM         44   1004 PM  72    2001  48     -4       53
  MINIMUM         35    557 AM  15    1940  31      4       28
                                      1926
  AVERAGE         40                        40      0       41

PRECIPITATION (IN)
  YESTERDAY        0.63          2.20 1908   0.13   0.50     0.00
  MONTH TO DATE    0.78                      0.75   0.03     1.26
  SINCE DEC 1      0.78                      0.75   0.03     1.26
  SINCE JAN 1     38.97                     40.35  -1.38    44.79

SNOWFALL (IN)
  YESTERDAY        0.0           6.0  1910   0.1   -0.1      0.0
  MONTH TO DATE    0.0                       0.5   -0.5      0.0
  SINCE DEC 1      0.0                       0.5   -0.5      0.0
  SINCE JUL 1      0.0                       0.9   -0.9      0.0
  SNOW DEPTH       0

DEGREE DAYS
 HEATING
  YESTERDAY       25                        26     -1       24
  MONTH TO DATE  119                       148    -29      116
  SINCE DEC 1    119                       148    -29      116
  SINCE JUL 1    843                      1046   -203      820

 COOLING
  YESTERDAY        0                         0      0        0
  MONTH TO DATE    0                         0      0        0
  SINCE DEC 1      0                         0      0        0
  SINCE JAN 1   1489                      1145    344     1388
..................................................................


WIND (MPH)
  HIGHEST WIND SPEED    21   HIGHEST WIND DIRECTION    NE (60)
  HIGHEST GUST SPEED    26   HIGHEST GUST DIRECTION    NE (50)
  AVERAGE WIND SPEED    10.2


SKY COVER
  POSSIBLE SUNSHINE  MM
  AVERAGE SKY COVER 0.5


WEATHER CONDITIONS
 THE FOLLOWING WEATHER WAS RECORDED YESTERDAY.
  RAIN
  LIGHT RAIN
  FOG


RELATIVE HUMIDITY (PERCENT)
 HIGHEST   100           700 PM
 LOWEST     58          1100 AM
 AVERAGE    79

..........................................................


THE WILMINGTON DE CLIMATE NORMALS FOR TODAY
                         NORMAL    RECORD    YEAR
 MAXIMUM TEMPERATURE (F)   47        72      1998
 MINIMUM TEMPERATURE (F)   31         7      1926


SUNRISE AND SUNSET
DECEMBER  7 2016......SUNRISE   710 AM EST   SUNSET   438 PM EST
DECEMBER  8 2016......SUNRISE   711 AM EST   SUNSET   438 PM EST


-  INDICATES NEGATIVE NUMBERS.
R  INDICATES RECORD WAS SET OR TIED.
MM INDICATES DATA IS MISSING.
T  INDICATES TRACE AMOUNT.




$$
