000
CDUS41 KPHI 232127
CLIILG


CLIMATE REPORT
NATIONAL WEATHER SERVICE MOUNT HOLLY NJ
426 PM EST THU FEB 23 2017


...................................

...THE WILMINGTON DE CLIMATE SUMMARY FOR FEBRUARY 23 2017...
VALID TODAY AS OF 0400 PM LOCAL TIME.

CLIMATE NORMAL PERIOD 1981 TO 2010
CLIMATE RECORD PERIOD 1894 TO 2017


WEATHER ITEM   OBSERVED TIME   RECORD YEAR NORMAL DEPARTURE LAST
                VALUE   (LST)  VALUE       VALUE  FROM      YEAR
                                                  NORMAL
..................................................................
TEMPERATURE (F)
 TODAY
  MAXIMUM         73R   359 PM  72    1985  46     27       43
  MINIMUM         43   1229 AM   7    1963  28     15       35
  AVERAGE         58                        37     21       39

PRECIPITATION (IN)
  TODAY            0.00          2.00 1902   0.10  -0.10     0.27
  MONTH TO DATE    0.86                      2.19  -1.33     3.04
  SINCE DEC 1      6.12                      8.68  -2.56    10.55
  SINCE JAN 1      3.53                      5.20  -1.67     5.34

SNOWFALL (IN)
  TODAY            0.0          12.4  1987   0.2   -0.2      0.0
  MONTH TO DATE    1.1                       7.2   -6.1      5.8
  SINCE DEC 1      5.6                      16.5  -10.9     22.7
  SINCE JUL 1      5.6                      16.9  -11.3     22.7
  SNOW DEPTH       0

DEGREE DAYS
 HEATING
  TODAY            7                        28    -21       26
  MONTH TO DATE  533                       699   -166      698
  SINCE DEC 1   2205                      2588   -383     2184
  SINCE JUL 1   2929                      3486   -557     2888

 COOLING
  TODAY            0                         0      0        0
  MONTH TO DATE    0                         0      0        0
  SINCE DEC 1      0                         0      0        1
  SINCE JAN 1      0                         0      0        0
..................................................................


WIND (MPH)
  HIGHEST WIND SPEED    15   HIGHEST WIND DIRECTION    SE (150)
  HIGHEST GUST SPEED    18   HIGHEST GUST DIRECTION    SE (150)
  AVERAGE WIND SPEED     4.3


SKY COVER
  POSSIBLE SUNSHINE  MM
  AVERAGE SKY COVER 0.6


WEATHER CONDITIONS
 THE FOLLOWING WEATHER WAS RECORDED TODAY.
  FOG
  FOG W/VISIBILITY <= 1/4 MILE


RELATIVE HUMIDITY (PERCENT)
 HIGHEST   100           100 AM
 LOWEST     53           400 PM
 AVERAGE    77

..........................................................


THE WILMINGTON DE CLIMATE NORMALS FOR TOMORROW
                         NORMAL    RECORD    YEAR
 MAXIMUM TEMPERATURE (F)   46        78      1985
 MINIMUM TEMPERATURE (F)   28         6      2015
                                             1923


SUNRISE AND SUNSET
FEBRUARY 23 2017......SUNRISE   644 AM EST   SUNSET   548 PM EST
FEBRUARY 24 2017......SUNRISE   642 AM EST   SUNSET   549 PM EST


-  INDICATES NEGATIVE NUMBERS.
R  INDICATES RECORD WAS SET OR TIED.
MM INDICATES DATA IS MISSING.
T  INDICATES TRACE AMOUNT.




$$
