914
CDUS41 KPHI 290634
CLIILG


CLIMATE REPORT
NATIONAL WEATHER SERVICE MOUNT HOLLY NJ
233 AM EDT WED JUN 29 2016


...................................

...THE WILMINGTON DE CLIMATE SUMMARY FOR JUNE 28 2016...

CLIMATE NORMAL PERIOD 1981 TO 2010
CLIMATE RECORD PERIOD 1894 TO 2016


WEATHER ITEM   OBSERVED TIME   RECORD YEAR NORMAL DEPARTURE LAST
                VALUE   (LST)  VALUE       VALUE  FROM      YEAR
                                                  NORMAL
..................................................................
TEMPERATURE (F)
 YESTERDAY
  MAXIMUM         82    406 PM  97    1898  85     -3       77
  MINIMUM         71   1019 PM  53    1970  66      5       65
  AVERAGE         77                        76      1       71

PRECIPITATION (IN)
  YESTERDAY        T             1.85 2006   0.12  -0.12     0.09
  MONTH TO DATE    3.69                      3.62   0.07    12.51
  SINCE JUN 1      3.69                      3.62   0.07    12.51
  SINCE JAN 1     21.36                     20.68   0.68    31.19

SNOWFALL (IN)
  YESTERDAY        0.0           0.0  1894   0.0    0.0      0.0
  MONTH TO DATE    0.0                       0.0    0.0      0.0
  SINCE JUN 1      0.0                       0.0    0.0      0.0
  SINCE JUL 1     25.4                      20.2    5.2     23.4
  SNOW DEPTH       0

DEGREE DAYS
 HEATING
  YESTERDAY        0                         0      0        0
  MONTH TO DATE    5                        13     -8       18
  SINCE JUN 1      5                        13     -8       18
  SINCE JUL 1   4065                      4817   -752     5075

 COOLING
  YESTERDAY       12                        10      2        6
  MONTH TO DATE  210                       209      1      252
  SINCE JUN 1    210                       209      1      252
  SINCE JAN 1    302                       288     14      420
..................................................................


WIND (MPH)
  HIGHEST WIND SPEED    18   HIGHEST WIND DIRECTION     S (170)
  HIGHEST GUST SPEED    23   HIGHEST GUST DIRECTION     S (160)
  AVERAGE WIND SPEED     7.0


SKY COVER
  POSSIBLE SUNSHINE  MM
  AVERAGE SKY COVER 0.6


WEATHER CONDITIONS
 THE FOLLOWING WEATHER WAS RECORDED YESTERDAY.
  LIGHT RAIN
  FOG


RELATIVE HUMIDITY (PERCENT)
 HIGHEST    93           300 AM
 LOWEST     74           400 PM
 AVERAGE    84

..........................................................


THE WILMINGTON DE CLIMATE NORMALS FOR TODAY
                         NORMAL    RECORD    YEAR
 MAXIMUM TEMPERATURE (F)   85        98      1959
                                             1894
 MINIMUM TEMPERATURE (F)   66        50      1937


SUNRISE AND SUNSET
JUNE 29 2016..........SUNRISE   538 AM EDT   SUNSET   834 PM EDT
JUNE 30 2016..........SUNRISE   538 AM EDT   SUNSET   834 PM EDT


-  INDICATES NEGATIVE NUMBERS.
R  INDICATES RECORD WAS SET OR TIED.
MM INDICATES DATA IS MISSING.
T  INDICATES TRACE AMOUNT.




$$
