000
CDUS41 KPHI 270629
CLIILG


CLIMATE REPORT
NATIONAL WEATHER SERVICE MOUNT HOLLY NJ
227 AM EDT WED MAY 27 2015


...................................

...THE WILMINGTON DE CLIMATE SUMMARY FOR MAY 26 2015...

CLIMATE NORMAL PERIOD 1981 TO 2010
CLIMATE RECORD PERIOD 1894 TO 2015


WEATHER ITEM   OBSERVED TIME   RECORD YEAR NORMAL DEPARTURE LAST
                VALUE   (LST)  VALUE       VALUE  FROM      YEAR
                                                  NORMAL
..................................................................
TEMPERATURE (F)
 YESTERDAY
  MAXIMUM         86    134 PM  92    2010  76     10       85
  MINIMUM         63    500 AM  40    1925  56      7       59
  AVERAGE         75                        66      9       72

PRECIPITATION (IN)
  YESTERDAY        0.00          2.34 2001   0.13  -0.13     0.00
  MONTH TO DATE    1.84                      3.28  -1.44     2.63
  SINCE MAR 1     11.52                     10.70   0.82    13.29
  SINCE JAN 1     18.13                     16.39   1.74    21.87

SNOWFALL (IN)
  YESTERDAY        0.0           0.0  1894   0.0    0.0      0.0
  MONTH TO DATE    0.0                       0.0    0.0      0.0
  SINCE MAR 1      8.6                       2.2    6.4      7.7
  SINCE JUL 1     23.4                      20.2    3.2     56.1
  SNOW DEPTH       0

DEGREE DAYS
 HEATING
  YESTERDAY        0                         3     -3        0
  MONTH TO DATE   56                       124    -68       67
  SINCE MAR 1   1218                      1170     48     1261
  SINCE JUL 1   5057                      4793    264     5116

 COOLING
  YESTERDAY       10                         3      7        7
  MONTH TO DATE  102                        47     55       46
  SINCE MAR 1    106                        59     47       53
  SINCE JAN 1    106                        59     47       53
..................................................................


WIND (MPH)
  HIGHEST WIND SPEED    21   HIGHEST WIND DIRECTION     W (250)
  HIGHEST GUST SPEED    24   HIGHEST GUST DIRECTION     W (250)
  AVERAGE WIND SPEED     9.3


SKY COVER
  POSSIBLE SUNSHINE  MM
  AVERAGE SKY COVER 0.1


WEATHER CONDITIONS
 THE FOLLOWING WEATHER WAS RECORDED YESTERDAY.
  NO SIGNIFICANT WEATHER WAS OBSERVED.


RELATIVE HUMIDITY (PERCENT)
 HIGHEST    90           500 AM
 LOWEST     48           100 PM
 AVERAGE    69

..........................................................


THE WILMINGTON DE CLIMATE NORMALS FOR TODAY
                         NORMAL    RECORD    YEAR
 MAXIMUM TEMPERATURE (F)   76        93      1965
 MINIMUM TEMPERATURE (F)   56        39      1925


SUNRISE AND SUNSET
MAY 27 2015...........SUNRISE   539 AM EDT   SUNSET   820 PM EDT
MAY 28 2015...........SUNRISE   539 AM EDT   SUNSET   821 PM EDT


-  INDICATES NEGATIVE NUMBERS.
R  INDICATES RECORD WAS SET OR TIED.
MM INDICATES DATA IS MISSING.
T  INDICATES TRACE AMOUNT.




$$
