000
CDUS41 KPHI 280633
CLIILG


CLIMATE REPORT
NATIONAL WEATHER SERVICE MOUNT HOLLY NJ
232 AM EDT SUN AUG 28 2016


...................................

...THE WILMINGTON DE CLIMATE SUMMARY FOR AUGUST 27 2016...

CLIMATE NORMAL PERIOD 1981 TO 2010
CLIMATE RECORD PERIOD 1894 TO 2016


WEATHER ITEM   OBSERVED TIME   RECORD YEAR NORMAL DEPARTURE LAST
                VALUE   (LST)  VALUE       VALUE  FROM      YEAR
                                                  NORMAL
..................................................................
TEMPERATURE (F)
 YESTERDAY
  MAXIMUM         92    203 PM  98    1948  83      9       82
  MINIMUM         68    551 AM  49    1944  65      3       58
  AVERAGE         80                        74      6       70

PRECIPITATION (IN)
  YESTERDAY        0.00          5.38 2011   0.09  -0.09     0.00
  MONTH TO DATE    1.44                      2.87  -1.43     1.52
  SINCE JUN 1     11.48                     11.32   0.16    16.36
  SINCE JAN 1     29.15                     28.38   0.77    35.04

SNOWFALL (IN)
  YESTERDAY        0.0           T    1895   0.0    0.0      0.0
  MONTH TO DATE    0.0                       0.0    0.0      0.0
  SINCE JUN 1      0.0                       0.0    0.0      0.0
  SINCE JUL 1      0.0                       0.0    0.0      0.0
  SNOW DEPTH       0

DEGREE DAYS
 HEATING
  YESTERDAY        0                         0      0        0
  MONTH TO DATE    0                         0      0        0
  SINCE JUN 1      5                        15    -10       18
  SINCE JUL 1      0                         0      0        0

 COOLING
  YESTERDAY       15                         9      6        5
  MONTH TO DATE  395                       282    113      295
  SINCE JUN 1   1076                       880    196      936
  SINCE JAN 1   1168                       959    209     1104
..................................................................


WIND (MPH)
  HIGHEST WIND SPEED    13   HIGHEST WIND DIRECTION    SE (150)
  HIGHEST GUST SPEED    16   HIGHEST GUST DIRECTION    NE (40)
  AVERAGE WIND SPEED     5.8


SKY COVER
  POSSIBLE SUNSHINE  MM
  AVERAGE SKY COVER 0.0


WEATHER CONDITIONS
 THE FOLLOWING WEATHER WAS RECORDED YESTERDAY.
  NO SIGNIFICANT WEATHER WAS OBSERVED.


RELATIVE HUMIDITY (PERCENT)
 HIGHEST    87           600 AM
 LOWEST     28           200 PM
 AVERAGE    58

..........................................................


THE WILMINGTON DE CLIMATE NORMALS FOR TODAY
                         NORMAL    RECORD    YEAR
 MAXIMUM TEMPERATURE (F)   83       100      1973
 MINIMUM TEMPERATURE (F)   64        46      1986


SUNRISE AND SUNSET
AUGUST 28 2016........SUNRISE   627 AM EDT   SUNSET   739 PM EDT
AUGUST 29 2016........SUNRISE   628 AM EDT   SUNSET   737 PM EDT


-  INDICATES NEGATIVE NUMBERS.
R  INDICATES RECORD WAS SET OR TIED.
MM INDICATES DATA IS MISSING.
T  INDICATES TRACE AMOUNT.




$$
