000
CDUS41 KPHI 292129
CLIILG


CLIMATE REPORT
NATIONAL WEATHER SERVICE MOUNT HOLLY NJ
529 PM EDT THU SEP 29 2016


...................................

...THE WILMINGTON DE CLIMATE SUMMARY FOR SEPTEMBER 29 2016...
VALID TODAY AS OF 0500 PM LOCAL TIME.

CLIMATE NORMAL PERIOD 1981 TO 2010
CLIMATE RECORD PERIOD 1894 TO 2016


WEATHER ITEM   OBSERVED TIME   RECORD YEAR NORMAL DEPARTURE LAST
                VALUE   (LST)  VALUE       VALUE  FROM      YEAR
                                                  NORMAL
..................................................................
TEMPERATURE (F)
 TODAY
  MAXIMUM         67   1237 PM  88    1945  72     -5       82
  MINIMUM         61    322 AM  34    1942  53      8       67
  AVERAGE         64                        62      2       75

PRECIPITATION (IN)
  TODAY            0.69          1.97 1963   0.16   0.53     1.33
  MONTH TO DATE    2.22                      4.16  -1.94     2.28
  SINCE SEP 1      2.22                      4.16  -1.94     2.28
  SINCE JAN 1     31.48                     32.92  -1.44    37.32

SNOWFALL (IN)
  TODAY            0.0           0.0  1894   0.0    0.0      0.0
  MONTH TO DATE    0.0                       0.0    0.0      0.0
  SINCE SEP 1      0.0                       0.0    0.0      0.0
  SINCE JUL 1      0.0                       0.0    0.0      0.0
  SNOW DEPTH       0

DEGREE DAYS
 HEATING
  TODAY            1                         4     -3        0
  MONTH TO DATE   15                        45    -30        0
  SINCE SEP 1     15                        45    -30        0
  SINCE JUL 1     15                        47    -32        0

 COOLING
  TODAY            0                         2     -2       10
  MONTH TO DATE  235                       132    103      225
  SINCE SEP 1    235                       132    103      225
  SINCE JAN 1   1456                      1125    331     1372
..................................................................


WIND (MPH)
  HIGHEST WIND SPEED    29   HIGHEST WIND DIRECTION     E (80)
  HIGHEST GUST SPEED    36   HIGHEST GUST DIRECTION     E (70)
  AVERAGE WIND SPEED    17.3


SKY COVER
  POSSIBLE SUNSHINE  MM
  AVERAGE SKY COVER 0.9


WEATHER CONDITIONS
 THE FOLLOWING WEATHER WAS RECORDED TODAY.
  HEAVY RAIN
  RAIN
  LIGHT RAIN
  FOG


RELATIVE HUMIDITY (PERCENT)
 HIGHEST    97           300 AM
 LOWEST     81          1200 PM
 AVERAGE    89

..........................................................


THE WILMINGTON DE CLIMATE NORMALS FOR TOMORROW
                         NORMAL    RECORD    YEAR
 MAXIMUM TEMPERATURE (F)   72        88      1953
 MINIMUM TEMPERATURE (F)   52        34      1942


SUNRISE AND SUNSET
SEPTEMBER 29 2016.....SUNRISE   657 AM EDT   SUNSET   647 PM EDT
SEPTEMBER 30 2016.....SUNRISE   658 AM EDT   SUNSET   646 PM EDT


-  INDICATES NEGATIVE NUMBERS.
R  INDICATES RECORD WAS SET OR TIED.
MM INDICATES DATA IS MISSING.
T  INDICATES TRACE AMOUNT.




$$
