000
CXUS52 KILM 291000
CF6ILM
PRELIMINARY LOCAL CLIMATOLOGICAL DATA (WS FORM: F-6)

                                          STATION:   WILMINGTON NORTH CAROLINA
                                          MONTH:     JUNE
                                          YEAR:      2016
                                          LATITUDE:   34 16 N
                                          LONGITUDE:  77 55 W

  TEMPERATURE IN F:       :PCPN:    SNOW:  WIND      :SUNSHINE: SKY     :PK WND
================================================================================
1   2   3   4   5  6A  6B    7    8   9   10  11  12  13   14  15   16   17  18
                                     12Z  AVG MX 2MIN
DY MAX MIN AVG DEP HDD CDD  WTR  SNW DPTH SPD SPD DIR MIN PSBL S-S WX    SPD DR
================================================================================

 1  83  71  77   3   0  12 0.32  0.0    0  7.5 15  30   M    M   7 13     19  30
 2  88  69  79   4   0  14 0.00  0.0    0  5.4 12 190   M    M   5 1      14 140
 3  89  72  81   6   0  16 0.00  0.0    0  6.1 15 180   M    M   1 13     20 200
 4  93  75  84   9   0  19 0.02  0.0    0  9.0 15 200   M    M   1 3      19 220
 5  89  76  83   7   0  18 0.01  0.0    0 10.8 21 220   M    M   4        27 210
 6  84  71  78   2   0  13 1.25  0.0    0  9.0 18 220   M    M   6 13     24 220
 7  90  71  81   5   0  16 0.50  0.0    0  8.8 22 320   M    M   5 1      29 290
 8  85  64  75  -1   0  10 0.00  0.0    0  7.1 18 310   M    M   1        25 340
 9  83  58  71  -5   0   6 0.00  0.0    0  4.6 12 160   M    M   0        16 160
10  85  65  75  -2   0  10 0.00  0.0    0  5.0 17  20   M    M   0        21  30
11  88  66  77   0   0  12    T  0.0    0  8.5 21 220   M    M   1 3      25 220
12  96  74  85   8   0  20 0.00  0.0    0 10.7 18 240   M    M   0        23 280
13  85  64  75  -2   0  10 0.00  0.0    0  7.5 18  20   M    M   0        25  30
14  91  62  77  -1   0  12 0.03  0.0    0  6.4 20 280   M    M   4 13     23 280
15  90  73  82   4   0  17 1.46  0.0    0  5.5 32  20   M    M   3 138    48  10
16  92  76  84   6   0  19 0.00  0.0    0  9.9 17 290   M    M   2        22 260
17  91  70  81   3   0  16 0.79  0.0    0  8.4 29 330   M    M   3 13     37 330
18  84  68  76  -2   0  11    T  0.0    0 12.7 22  30   M    M   4        29  40
19  81  63  72  -7   0   7 0.00  0.0    0  9.4 21  50   M    M   2        26  60
20  86  58  72  -7   0   7 0.00  0.0    0  5.3 17 170   M    M   0        23 160
21  87  69  78  -1   0  13 0.00  0.0    0 13.5 22 230   M    M   0        30 210
22  93  75  84   5   0  19 0.00  0.0    0 10.4 20 250   M    M   1        25 260
23  94  78  86   6   0  21 0.00  0.0    0 12.5 20 220   M    M   0        28 210
24  89  73  81   1   0  16    T  0.0    0  6.9 18 230   M    M   2 3      24 210
25  87  70  79  -1   0  14 1.06  0.0    0  6.1 21  10   M    M   5 13     26  20
26  85  69  77  -3   0  12 0.00  0.0    0  7.2 14  90   M    M   5        18  10
27  86  72  79  -1   0  14 0.00  0.0    0  5.7 14 170   M    M   4        20 150
28  85  71  78  -2   0  13 1.18  0.0    0  2.7 20 260   M    M   3 1238   26 260
================================================================================
SM 2459 1943         0 387  6.62     0.0 222.6          M       69
================================================================================
AV 87.8 69.4                               7.9 FASTST   M    M   2    MAX(MPH)
                                 MISC ---->  # 32  20               # 48   10
================================================================================
NOTES:
# LAST OF SEVERAL OCCURRENCES

COLUMN 17 PEAK WIND IN M.P.H.

PRELIMINARY LOCAL CLIMATOLOGICAL DATA (WS FORM: F-6) , PAGE 2

                                          STATION:  WILMINGTON NORTH CAROLINA
                                          MONTH:    JUNE
                                          YEAR:     2016
                                          LATITUDE:   34 16 N
                                          LONGITUDE:  77 55 W

[TEMPERATURE DATA]      [PRECIPITATION DATA]       SYMBOLS USED IN COLUMN 16

AVERAGE MONTHLY: 78.6   TOTAL FOR MONTH:   6.62    1 = FOG OR MIST
DPTR FM NORMAL:   1.0   DPTR FM NORMAL:    1.84    2 = FOG REDUCING VISIBILITY
HIGHEST:    96 ON 12    GRTST 24HR  1.75 ON  6- 7      TO 1/4 MILE OR LESS
LOWEST:     58 ON 20, 9                            3 = THUNDER
                        SNOW, ICE PELLETS, HAIL    4 = ICE PELLETS
                        TOTAL MONTH:   0.0 INCH    5 = HAIL
                        GRTST 24HR     0.0         6 = FREEZING RAIN OR DRIZZLE
                        GRTST DEPTH:   0           7 = DUSTSTORM OR SANDSTORM:
                                                       VSBY 1/2 MILE OR LESS
                                                   8 = SMOKE OR HAZE
[NO. OF DAYS WITH]      [WEATHER - DAYS WITH]      9 = BLOWING SNOW
                                                   X = TORNADO
MAX 32 OR BELOW:   0    0.01 INCH OR MORE:  10
MAX 90 OR ABOVE:   9    0.10 INCH OR MORE:   7
MIN 32 OR BELOW:   0    0.50 INCH OR MORE:   6
MIN  0 OR BELOW:   0    1.00 INCH OR MORE:   4

[HDD (BASE 65) ]
TOTAL THIS MO.     0    CLEAR  (SCALE 0-3)  17
DPTR FM NORMAL     0    PTCLDY (SCALE 4-7)  11
TOTAL FM JUL 1  1806    CLOUDY (SCALE 8-10)  0
DPTR FM NORMAL  -603

[CDD (BASE 65) ]
TOTAL THIS MO.   387
DPTR FM NORMAL    32    [PRESSURE DATA]
TOTAL FM JAN 1   722    HIGHEST SLP M ON M
DPTR FM NORMAL    86    LOWEST  SLP 29.58 ON  7

[REMARKS]
