000
CXUS52 KILM 241000
CF6ILM
PRELIMINARY LOCAL CLIMATOLOGICAL DATA (WS FORM: F-6)

                                          STATION:   WILMINGTON NC
                                          MONTH:     OCTOBER
                                          YEAR:      2014
                                          LATITUDE:   34 16 N
                                          LONGITUDE:  77 55 W

  TEMPERATURE IN F:       :PCPN:    SNOW:  WIND      :SUNSHINE: SKY     :PK WND
================================================================================
1   2   3   4   5  6A  6B    7    8   9   10  11  12  13   14  15   16   17  18
                                     12Z  AVG MX 2MIN
DY MAX MIN AVG DEP HDD CDD  WTR  SNW DPTH SPD SPD DIR MIN PSBL S-S WX    SPD DR
================================================================================

 1  83  60  72   2   0   7 0.00  0.0    0  3.5 13  10   M    M   2 12     15  40
 2  83  61  72   2   0   7 0.00  0.0    0  3.0 12 150   M    M   3 12     15 140
 3  84  65  75   6   0  10    T  0.0    0  7.7 16 190   M    M   5 12     23 190
 4  81  56  69   0   0   4 0.01  0.0    0 12.0 18 290   M    M   2        24 250
 5  68  45  57 -12   8   0 0.00  0.0    0  4.4 12 340   M    M   1 1      16 350
 6  74  46  60  -8   5   0 0.00  0.0    0  3.9 14 170   M    M   0 1      20 170
 7  80  58  69   1   0   4 0.00  0.0    0  5.0 14 190   M    M   1        19 180
 8  88  69  79  11   0  14 0.00  0.0    0  9.6 17 240   M    M   0        22 210
 9  79  59  69   2   0   4 0.00  0.0    0  5.2 15  20   M    M   0        19  30
10  81  57  69   2   0   4 0.00  0.0    0  3.7 12 160   M    M   0        16 160
11  88  66  77  10   0  12 0.17  0.0    0  7.4 16 250   M    M   1 13     20 240
12  72  63  68   2   0   3 0.02  0.0    0  8.1 15  30   M    M  10 1      18  20
13  82  62  72   6   0   7 0.00  0.0    0  7.1 14 120   M    M   2        19 120
14  83  75  79  13   0  14 0.31  0.0    0  9.7 18 160   M    M   6 1      26 170
15  77  58  68   3   0   3 0.85  0.0    0  6.3 18 180   M    M   4 13     26 190
16  75  55  65   0   0   0 0.00  0.0    0  4.9 17 240   M    M   3        21 240
17  76  52  64  -1   1   0 0.00  0.0    0  6.4 13 210   M    M   0        17 240
18  81  59  70   6   0   5 0.00  0.0    0  8.6 21 320   M    M   1        26 320
19  68  47  58  -6   7   0 0.00  0.0    0  7.3 17 320   M    M   1        27 330
20  74  44  59  -5   6   0 0.00  0.0    0  2.6 13 130   M    M   1        17 140
21  78  53  66   2   0   1 0.00  0.0    0  4.6 14 260   M    M   1        18 230
22  69  50  60  -3   5   0 0.00  0.0    0 10.3 20 330   M    M   2        26 330
23  70  47  59  -4   6   0 0.00  0.0    0  8.8 17 270   M    M   0        22 310
================================================================================
SM 1794 1307        38  99  1.36     0.0 150.1          M       46
================================================================================
AV 78.0 56.8                               6.5 FASTST   M    M   2    MAX(MPH)
                                 MISC ---->  # 21 320               # 27  330
================================================================================
NOTES:
# LAST OF SEVERAL OCCURRENCES

COLUMN 17 PEAK WIND IN M.P.H.

PRELIMINARY LOCAL CLIMATOLOGICAL DATA (WS FORM: F-6) , PAGE 2

                                          STATION:  WILMINGTON NC
                                          MONTH:    OCTOBER
                                          YEAR:     2014
                                          LATITUDE:   34 16 N
                                          LONGITUDE:  77 55 W

[TEMPERATURE DATA]      [PRECIPITATION DATA]       SYMBOLS USED IN COLUMN 16

AVERAGE MONTHLY: 67.4   TOTAL FOR MONTH:   1.36    1 = FOG OR MIST
DPTR FM NORMAL:   1.0   DPTR FM NORMAL:   -1.80    2 = FOG REDUCING VISIBILITY
HIGHEST:    88 ON 11, 8 GRTST 24HR  1.15 ON 14-15      TO 1/4 MILE OR LESS
LOWEST:     44 ON 20                               3 = THUNDER
                        SNOW, ICE PELLETS, HAIL    4 = ICE PELLETS
                        TOTAL MONTH:   0.0 INCH    5 = HAIL
                        GRTST 24HR     0.0         6 = FREEZING RAIN OR DRIZZLE
                        GRTST DEPTH:   0           7 = DUSTSTORM OR SANDSTORM:
                                                       VSBY 1/2 MILE OR LESS
                                                   8 = SMOKE OR HAZE
[NO. OF DAYS WITH]      [WEATHER - DAYS WITH]      9 = BLOWING SNOW
                                                   X = TORNADO
MAX 32 OR BELOW:   0    0.01 INCH OR MORE:   5
MAX 90 OR ABOVE:   0    0.10 INCH OR MORE:   3
MIN 32 OR BELOW:   0    0.50 INCH OR MORE:   1
MIN  0 OR BELOW:   0    1.00 INCH OR MORE:   0

[HDD (BASE 65) ]
TOTAL THIS MO.    38    CLEAR  (SCALE 0-3)  19
DPTR FM NORMAL   -15    PTCLDY (SCALE 4-7)   3
TOTAL FM JUL 1    40    CLOUDY (SCALE 8-10)  1
DPTR FM NORMAL   -18

[CDD (BASE 65) ]
TOTAL THIS MO.    99
DPTR FM NORMAL    16    [PRESSURE DATA]
TOTAL FM JAN 1  2166    HIGHEST SLP M ON M
DPTR FM NORMAL   166    LOWEST  SLP 29.67 ON  4

[REMARKS]
