000
CDUS42 KILM 200844
CLIILM


CLIMATE REPORT
NATIONAL WEATHER SERVICE WILMINGTON NC
443 AM EDT MON OCT 20 2014


...................................

...THE WILMINGTON NC CLIMATE SUMMARY FOR OCTOBER 19 2014...

CLIMATE NORMAL PERIOD 1981 TO 2010
CLIMATE RECORD PERIOD 1871 TO 2014


WEATHER ITEM   OBSERVED TIME   RECORD YEAR NORMAL DEPARTURE LAST
                VALUE   (LST)  VALUE       VALUE  FROM      YEAR
                                                  NORMAL
..................................................................
TEMPERATURE (F)
 YESTERDAY
  MAXIMUM         68    408 PM  88    1899  75     -7       77
  MINIMUM         47   1159 PM  35    1992  53     -6       67
  AVERAGE         58                        64     -6       72

PRECIPITATION (IN)
  YESTERDAY        0.00          2.87 1944   0.12  -0.12     0.34
  MONTH TO DATE    1.36                      2.72  -1.36     2.05
  SINCE SEP 1      7.36                     10.56  -3.20     3.03
  SINCE JAN 1     49.87                     49.53   0.34    45.52

DEGREE DAYS
 HEATING
  YESTERDAY        7                         3      4        0
  MONTH TO DATE   21                        37    -16        7
  SINCE SEP 1     23                        42    -19        7
  SINCE JUL 1     23                        42    -19        7

 COOLING
  YESTERDAY        0                         2     -2        7
  MONTH TO DATE   98                        75     23       99
  SINCE SEP 1    408                       369     39      377
  SINCE JAN 1   2165                      1992    173     1867
..................................................................


WIND (MPH)
  HIGHEST WIND SPEED    17   HIGHEST WIND DIRECTION    NW (320)
  HIGHEST GUST SPEED    27   HIGHEST GUST DIRECTION    NW (330)
  AVERAGE WIND SPEED     7.3


SKY COVER
  POSSIBLE SUNSHINE  MM
  AVERAGE SKY COVER 0.1


WEATHER CONDITIONS
 THE FOLLOWING WEATHER WAS RECORDED YESTERDAY.
  NO SIGNIFICANT WEATHER WAS OBSERVED.


RELATIVE HUMIDITY (PERCENT)
 HIGHEST    93           900 PM
 LOWEST     39           200 PM
 AVERAGE    66

..........................................................


THE WILMINGTON NC CLIMATE NORMALS FOR TODAY
                         NORMAL    RECORD    YEAR
 MAXIMUM TEMPERATURE (F)   75        87      1969
 MINIMUM TEMPERATURE (F)   53        35      1992
                                             1981
                                             1972


SUNRISE AND SUNSET
OCTOBER 20 2014.......SUNRISE   721 AM EDT   SUNSET   631 PM EDT
OCTOBER 21 2014.......SUNRISE   722 AM EDT   SUNSET   630 PM EDT


-  INDICATES NEGATIVE NUMBERS.
R  INDICATES RECORD WAS SET OR TIED.
MM INDICATES DATA IS MISSING.
T  INDICATES TRACE AMOUNT.




$$
