000
CDUS42 KILM 252040
CLIILM


CLIMATE REPORT
NATIONAL WEATHER SERVICE WILMINGTON NC
440 PM EDT SAT JUN 25 2016


...................................

...THE WILMINGTON NC CLIMATE SUMMARY FOR JUNE 25 2016...
VALID TODAY AS OF 0400 PM LOCAL TIME.

CLIMATE NORMAL PERIOD 1981 TO 2010
CLIMATE RECORD PERIOD 1871 TO 2016


WEATHER ITEM   OBSERVED TIME   RECORD YEAR NORMAL DEPARTURE LAST
                VALUE   (LST)  VALUE       VALUE  FROM      YEAR
                                                  NORMAL
..................................................................
TEMPERATURE (F)
 TODAY
  MAXIMUM         87    117 PM 101    1952  89     -2       90
  MINIMUM         70    534 AM  61    1979  71     -1       74
                                      1936
  AVERAGE         79                        80     -1       82

PRECIPITATION (IN)
  TODAY            0.00          7.69 1945   0.18  -0.18     0.00
  MONTH TO DATE    4.38                      4.24   0.14     6.48
  SINCE JUN 1      4.38                      4.24   0.14     6.48
  SINCE JAN 1     27.07                     23.14   3.93    27.05

DEGREE DAYS
 HEATING
  TODAY            0                         0      0        0
  MONTH TO DATE    0                         0      0        0
  SINCE JUN 1      0                         0      0        0
  SINCE JUL 1   1806                      2409   -603     2597

 COOLING
  TODAY           14                        15     -1       17
  MONTH TO DATE  348                       310     38      408
  SINCE JUN 1    348                       310     38      408
  SINCE JAN 1    683                       591     92      701
..................................................................


WIND (MPH)
  HIGHEST WIND SPEED    12   HIGHEST WIND DIRECTION     E (100)
  HIGHEST GUST SPEED    15   HIGHEST GUST DIRECTION    SE (120)
  AVERAGE WIND SPEED     4.2


SKY COVER
  POSSIBLE SUNSHINE  MM
  AVERAGE SKY COVER 0.2


WEATHER CONDITIONS
 THE FOLLOWING WEATHER WAS RECORDED TODAY.
  NO SIGNIFICANT WEATHER WAS OBSERVED.


RELATIVE HUMIDITY (PERCENT)
 HIGHEST   100           500 AM
 LOWEST     65          1000 AM
 AVERAGE    83

..........................................................


THE WILMINGTON NC CLIMATE NORMALS FOR TOMORROW
                         NORMAL    RECORD    YEAR
 MAXIMUM TEMPERATURE (F)   89       102      1952
 MINIMUM TEMPERATURE (F)   71        60      1979


SUNRISE AND SUNSET
JUNE 25 2016..........SUNRISE   601 AM EDT   SUNSET   828 PM EDT
JUNE 26 2016..........SUNRISE   602 AM EDT   SUNSET   828 PM EDT


-  INDICATES NEGATIVE NUMBERS.
R  INDICATES RECORD WAS SET OR TIED.
MM INDICATES DATA IS MISSING.
T  INDICATES TRACE AMOUNT.




$$
