000
CDUS42 KILM 210941
CLIILM


CLIMATE REPORT
NATIONAL WEATHER SERVICE WILMINGTON NC
440 AM EST SUN DEC 21 2014


...................................

...THE WILMINGTON NC CLIMATE SUMMARY FOR DECEMBER 20 2014...

CLIMATE NORMAL PERIOD 1981 TO 2010
CLIMATE RECORD PERIOD 1871 TO 2014


WEATHER ITEM   OBSERVED TIME   RECORD YEAR NORMAL DEPARTURE LAST
                VALUE   (LST)  VALUE       VALUE  FROM      YEAR
                                                  NORMAL
..................................................................
TEMPERATURE (F)
 YESTERDAY
  MAXIMUM         45    306 PM  80    1931  58    -13       75
  MINIMUM         38   1159 PM  17    2004  37      1       40
                                      1981
                                      1884
  AVERAGE         42                        47     -5       58

PRECIPITATION (IN)
  YESTERDAY        0.08          1.77 1946   0.12  -0.04     0.01
  MONTH TO DATE    0.42                      2.34  -1.92     1.21
  SINCE DEC 1      0.42                      2.34  -1.92     1.21
  SINCE JAN 1     55.20                     56.33  -1.13    50.62

SNOWFALL (IN)
  YESTERDAY        0.0           1.0  1915   0.0    0.0      0.0
  MONTH TO DATE    0.0                       0.4   -0.4      0.0
  SINCE DEC 1      0.0                       0.4   -0.4      0.0
  SINCE JUL 1      0.0                       0.4   -0.4       T
  SNOW DEPTH       0

DEGREE DAYS
 HEATING
  YESTERDAY       23                        18      5        7
  MONTH TO DATE  302                       309     -7      258
  SINCE DEC 1    302                       309     -7      258
  SINCE JUL 1    755                       678     77      660

 COOLING
  YESTERDAY        0                         0      0        0
  MONTH TO DATE    0                         0      0        9
  SINCE DEC 1      0                         0      0        9
  SINCE JAN 1   2190                      2037    153     1901
..................................................................


WIND (MPH)
  HIGHEST WIND SPEED    12   HIGHEST WIND DIRECTION    NE (30)
  HIGHEST GUST SPEED    14   HIGHEST GUST DIRECTION    NE (30)
  AVERAGE WIND SPEED     7.1


SKY COVER
  POSSIBLE SUNSHINE  MM
  AVERAGE SKY COVER 0.8


WEATHER CONDITIONS
 THE FOLLOWING WEATHER WAS RECORDED YESTERDAY.
  LIGHT RAIN
  FOG


RELATIVE HUMIDITY (PERCENT)
 HIGHEST    96          1000 AM
 LOWEST     70          1200 AM
 AVERAGE    83

..........................................................


THE WILMINGTON NC CLIMATE NORMALS FOR TODAY
                         NORMAL    RECORD    YEAR
 MAXIMUM TEMPERATURE (F)   58        78      2013
 MINIMUM TEMPERATURE (F)   37        13      1981


SUNRISE AND SUNSET
DECEMBER 21 2014......SUNRISE   714 AM EST   SUNSET   506 PM EST
DECEMBER 22 2014......SUNRISE   714 AM EST   SUNSET   506 PM EST


-  INDICATES NEGATIVE NUMBERS.
R  INDICATES RECORD WAS SET OR TIED.
MM INDICATES DATA IS MISSING.
T  INDICATES TRACE AMOUNT.




$$
