000
CDUS42 KILM 210846
CLIILM


CLIMATE REPORT
NATIONAL WEATHER SERVICE WILMINGTON NC
446 AM EDT TUE APR 21 2015


...................................

...THE WILMINGTON NC CLIMATE SUMMARY FOR APRIL 20 2015...

CLIMATE NORMAL PERIOD 1981 TO 2010
CLIMATE RECORD PERIOD 1871 TO 2015


WEATHER ITEM   OBSERVED TIME   RECORD YEAR NORMAL DEPARTURE LAST
                VALUE   (LST)  VALUE       VALUE  FROM      YEAR
                                                  NORMAL
..................................................................
TEMPERATURE (F)
 YESTERDAY
  MAXIMUM         80    102 PM  91    1995  75      5       59
  MINIMUM         66    635 AM  30    1983  53     13       52
  AVERAGE         73                        64      9       56

PRECIPITATION (IN)
  YESTERDAY        T             1.30 1918   0.09  -0.09     0.16
  MONTH TO DATE    1.76                      1.87  -0.11     4.44
  SINCE MAR 1      5.19                      6.08  -0.89    10.83
  SINCE JAN 1     14.51                     13.46   1.05    16.29

SNOWFALL (IN)
  YESTERDAY        0.0          MM      MM   0.0    0.0      0.0
  MONTH TO DATE    0.0                       0.0    0.0      0.0
  SINCE MAR 1      0.0                       0.2   -0.2      0.0
  SINCE JUL 1      0.3                       1.7   -1.4      1.0
  SNOW DEPTH       0

DEGREE DAYS
 HEATING
  YESTERDAY        0                         3     -3        9
  MONTH TO DATE   51                       104    -53       77
  SINCE MAR 1    364                       427    -63      490
  SINCE JUL 1   2547                      2356    191     2424

 COOLING
  YESTERDAY        8                         3      5        0
  MONTH TO DATE   58                        35     23       58
  SINCE MAR 1     78                        51     27       60
  SINCE JAN 1     84                        56     28       65
..................................................................


WIND (MPH)
  HIGHEST WIND SPEED    21   HIGHEST WIND DIRECTION     S (190)
  HIGHEST GUST SPEED    27   HIGHEST GUST DIRECTION    SW (220)
  AVERAGE WIND SPEED    12.1


SKY COVER
  POSSIBLE SUNSHINE  MM
  AVERAGE SKY COVER 0.2


WEATHER CONDITIONS
 THE FOLLOWING WEATHER WAS RECORDED YESTERDAY.
  LIGHT RAIN


RELATIVE HUMIDITY (PERCENT)
 HIGHEST    93           500 AM
 LOWEST     58          1200 PM
 AVERAGE    76

..........................................................


THE WILMINGTON NC CLIMATE NORMALS FOR TODAY
                         NORMAL    RECORD    YEAR
 MAXIMUM TEMPERATURE (F)   76        93      2002
 MINIMUM TEMPERATURE (F)   53        32      1983


SUNRISE AND SUNSET
APRIL 21 2015.........SUNRISE   633 AM EDT   SUNSET   748 PM EDT
APRIL 22 2015.........SUNRISE   632 AM EDT   SUNSET   749 PM EDT


-  INDICATES NEGATIVE NUMBERS.
R  INDICATES RECORD WAS SET OR TIED.
MM INDICATES DATA IS MISSING.
T  INDICATES TRACE AMOUNT.




$$
