000
CDUS42 KILM 310848
CLIILM


CLIMATE REPORT
NATIONAL WEATHER SERVICE WILMINGTON NC
448 AM EDT FRI OCT 31 2014


...................................

...THE WILMINGTON NC CLIMATE SUMMARY FOR OCTOBER 30 2014...

CLIMATE NORMAL PERIOD 1981 TO 2010
CLIMATE RECORD PERIOD 1871 TO 2014


WEATHER ITEM   OBSERVED TIME   RECORD YEAR NORMAL DEPARTURE LAST
                VALUE   (LST)  VALUE       VALUE  FROM      YEAR
                                                  NORMAL
..................................................................
TEMPERATURE (F)
 YESTERDAY
  MAXIMUM         71    251 PM  87    1996  72     -1       78
  MINIMUM         53   1029 PM  30    1952  50      3       51
  AVERAGE         62                        61      1       65

PRECIPITATION (IN)
  YESTERDAY        0.23          1.82 1921   0.10   0.13     0.00
  MONTH TO DATE    1.59                      3.80  -2.21     2.27
  SINCE SEP 1      7.59                     11.64  -4.05     3.25
  SINCE JAN 1     50.10                     50.61  -0.51    45.74

DEGREE DAYS
 HEATING
  YESTERDAY        3                         5     -2        0
  MONTH TO DATE   50                        86    -36       72
  SINCE SEP 1     52                        91    -39       72
  SINCE JUL 1     52                        91    -39       72

 COOLING
  YESTERDAY        0                         1     -1        0
  MONTH TO DATE  113                        96     17       99
  SINCE SEP 1    423                       390     33      377
  SINCE JAN 1   2180                      2013    167     1867
..................................................................


WIND (MPH)
  HIGHEST WIND SPEED    16   HIGHEST WIND DIRECTION     N (360)
  HIGHEST GUST SPEED    20   HIGHEST GUST DIRECTION    NE (30)
  AVERAGE WIND SPEED     8.2


SKY COVER
  POSSIBLE SUNSHINE  MM
  AVERAGE SKY COVER 0.6


WEATHER CONDITIONS
 THE FOLLOWING WEATHER WAS RECORDED YESTERDAY.
  RAIN
  LIGHT RAIN
  FOG


RELATIVE HUMIDITY (PERCENT)
 HIGHEST    93           300 AM
 LOWEST     53           200 PM
 AVERAGE    73

..........................................................


THE WILMINGTON NC CLIMATE NORMALS FOR TODAY
                         NORMAL    RECORD    YEAR
 MAXIMUM TEMPERATURE (F)   72        85      2004
                                             1961
 MINIMUM TEMPERATURE (F)   50        32      2008


SUNRISE AND SUNSET
OCTOBER 31 2014.......SUNRISE   731 AM EDT   SUNSET   619 PM EDT
NOVEMBER  1 2014......SUNRISE   732 AM EDT   SUNSET   619 PM EDT


-  INDICATES NEGATIVE NUMBERS.
R  INDICATES RECORD WAS SET OR TIED.
MM INDICATES DATA IS MISSING.
T  INDICATES TRACE AMOUNT.




$$
