000
CDUS42 KILM 250840
CLIILM


CLIMATE REPORT
NATIONAL WEATHER SERVICE WILMINGTON NC
440 AM EDT THU MAY 25 2017


...................................

...THE WILMINGTON NC CLIMATE SUMMARY FOR MAY 24 2017...

CLIMATE NORMAL PERIOD 1981 TO 2010
CLIMATE RECORD PERIOD 1871 TO 2017


WEATHER ITEM   OBSERVED TIME   RECORD YEAR NORMAL DEPARTURE LAST
                VALUE   (LST)  VALUE       VALUE  FROM      YEAR
                                                  NORMAL
..................................................................
TEMPERATURE (F)
 YESTERDAY
  MAXIMUM         81    258 PM  97    2011  82     -1       82
  MINIMUM         69    626 AM  48    1931  62      7       52
                                      1879
  AVERAGE         75                        72      3       67

PRECIPITATION (IN)
  YESTERDAY        0.06          2.55 1977   0.16  -0.10     0.00
  MONTH TO DATE    4.17                      3.31   0.86     4.50
  SINCE MAR 1     13.93                     10.34   3.59     9.24
  SINCE JAN 1     19.48                     17.72   1.76    21.31

DEGREE DAYS
 HEATING
  YESTERDAY        0                         0      0        0
  MONTH TO DATE   12                        25    -13       19
  SINCE MAR 1    429                       478    -49      319
  SINCE JUL 1   1944                      2407   -463     1806

 COOLING
  YESTERDAY       10                         8      2        2
  MONTH TO DATE  182                       133     49      124
  SINCE MAR 1    346                       216    130      267
  SINCE JAN 1    352                       221    131      270
..................................................................


WIND (MPH)
  HIGHEST WIND SPEED    24   HIGHEST WIND DIRECTION     S (190)
  HIGHEST GUST SPEED    32   HIGHEST GUST DIRECTION     S (200)
  AVERAGE WIND SPEED    10.6


SKY COVER
  POSSIBLE SUNSHINE  MM
  AVERAGE SKY COVER 0.8


WEATHER CONDITIONS
 THE FOLLOWING WEATHER WAS RECORDED YESTERDAY.
  LIGHT RAIN
  FOG


RELATIVE HUMIDITY (PERCENT)
 HIGHEST   100          1200 AM
 LOWEST     69          1200 PM
 AVERAGE    85

..........................................................


THE WILMINGTON NC CLIMATE NORMALS FOR TODAY
                         NORMAL    RECORD    YEAR
 MAXIMUM TEMPERATURE (F)   83        97      2011
 MINIMUM TEMPERATURE (F)   63        49      2013


SUNRISE AND SUNSET
MAY 25 2017...........SUNRISE   603 AM EDT   SUNSET   814 PM EDT
MAY 26 2017...........SUNRISE   603 AM EDT   SUNSET   815 PM EDT


-  INDICATES NEGATIVE NUMBERS.
R  INDICATES RECORD WAS SET OR TIED.
MM INDICATES DATA IS MISSING.
T  INDICATES TRACE AMOUNT.




$$
