000
CDUS42 KILM 282040
CLIILM


CLIMATE REPORT
NATIONAL WEATHER SERVICE WILMINGTON NC
440 PM EDT WED SEP 28 2016


...................................

...THE WILMINGTON NC CLIMATE SUMMARY FOR SEPTEMBER 28 2016...
VALID TODAY AS OF 0400 PM LOCAL TIME.

CLIMATE NORMAL PERIOD 1981 TO 2010
CLIMATE RECORD PERIOD 1871 TO 2016


WEATHER ITEM   OBSERVED TIME   RECORD YEAR NORMAL DEPARTURE LAST
                VALUE   (LST)  VALUE       VALUE  FROM      YEAR
                                                  NORMAL
..................................................................
TEMPERATURE (F)
 TODAY
  MAXIMUM         86    148 PM  91    1998  81      5       84
                                      1911
  MINIMUM         67    609 AM  50    1947  61      6       72
                                      1899
                                      1889
  AVERAGE         77                        71      6       78

PRECIPITATION (IN)
  TODAY            0.00          2.83 1877   0.23  -0.23     0.09
  MONTH TO DATE   14.34                      7.39   6.95     4.88
  SINCE SEP 1     14.34                      7.39   6.95     4.88
  SINCE JAN 1     55.88                     46.36   9.52    44.82

DEGREE DAYS
 HEATING
  TODAY            0                         1     -1        0
  MONTH TO DATE    0                         1     -1        0
  SINCE SEP 1      0                         1     -1        0
  SINCE JUL 1      0                         1     -1        0

 COOLING
  TODAY           12                         7      5       13
  MONTH TO DATE  357                       283     74      328
  SINCE SEP 1    357                       283     74      328
  SINCE JAN 1   2227                      1906    321     2113
..................................................................


WIND (MPH)
  HIGHEST WIND SPEED    14   HIGHEST WIND DIRECTION     S (170)
  HIGHEST GUST SPEED    18   HIGHEST GUST DIRECTION     S (180)
  AVERAGE WIND SPEED     4.2


SKY COVER
  POSSIBLE SUNSHINE  MM
  AVERAGE SKY COVER 0.1


WEATHER CONDITIONS
 THE FOLLOWING WEATHER WAS RECORDED TODAY.
  NO SIGNIFICANT WEATHER WAS OBSERVED.


RELATIVE HUMIDITY (PERCENT)
 HIGHEST   100           500 AM
 LOWEST     61          1100 AM
 AVERAGE    81

..........................................................


THE WILMINGTON NC CLIMATE NORMALS FOR TOMORROW
                         NORMAL    RECORD    YEAR
 MAXIMUM TEMPERATURE (F)   80        91      1941
 MINIMUM TEMPERATURE (F)   61        46      1942


SUNRISE AND SUNSET
SEPTEMBER 28 2016.....SUNRISE   704 AM EDT   SUNSET   659 PM EDT
SEPTEMBER 29 2016.....SUNRISE   705 AM EDT   SUNSET   658 PM EDT


-  INDICATES NEGATIVE NUMBERS.
R  INDICATES RECORD WAS SET OR TIED.
MM INDICATES DATA IS MISSING.
T  INDICATES TRACE AMOUNT.




$$
