000
CDUS42 KILM 240948
CLIILM


CLIMATE REPORT
NATIONAL WEATHER SERVICE WILMINGTON NC
446 AM EST SAT FEB 24 2018


...................................

...THE WILMINGTON NORTH CAROLINA CLIMATE SUMMARY FOR FEBRUARY 23 2018...

CLIMATE NORMAL PERIOD 1981 TO 2010
CLIMATE RECORD PERIOD 1871 TO 2018


WEATHER ITEM   OBSERVED TIME   RECORD YEAR NORMAL DEPARTURE LAST
                VALUE   (LST)  VALUE       VALUE  FROM      YEAR
                                                  NORMAL
..................................................................
TEMPERATURE (F)
 YESTERDAY
  MAXIMUM         76   1121 AM  80    1975  61     15       73
  MINIMUM         53    628 AM  20    1963  39     14       52
  AVERAGE         65                        50     15       63

PRECIPITATION (IN)
  YESTERDAY        0.00          1.75 1992   0.13  -0.13     0.00
  MONTH TO DATE    1.70                      2.96  -1.26     1.32
  SINCE DEC 1     12.38                     10.34   2.04    10.90
  SINCE JAN 1      8.52                      6.72   1.80     5.54

SNOWFALL (IN)
  YESTERDAY        0.0           9.0  1901   0.0    0.0      0.0
  MONTH TO DATE    0.0                       0.3   -0.3      0.0
  SINCE DEC 1      3.8                       1.5    2.3       T
  SINCE JUL 1      3.8                       1.5    2.3       T
  SNOW DEPTH       0

DEGREE DAYS
 HEATING
  YESTERDAY        0                        15    -15        2
  MONTH TO DATE  212                       382   -170      238
  SINCE DEC 1   1436                      1488    -52     1125
  SINCE JUL 1   1774                      1857    -83     1484

 COOLING
  YESTERDAY        0                         0      0        0
  MONTH TO DATE   26                         0     26        5
  SINCE DEC 1     27                         7     20        8
  SINCE JAN 1     27                         2     25        5
..................................................................


WIND (MPH)
  RESULTANT WIND SPEED   3   RESULTANT WIND DIRECTION  SE (140)
  HIGHEST WIND SPEED    13   HIGHEST WIND DIRECTION    SE (120)
  HIGHEST GUST SPEED    17   HIGHEST GUST DIRECTION    SE (130)
  AVERAGE WIND SPEED     3.9


SKY COVER
  POSSIBLE SUNSHINE  MM
  AVERAGE SKY COVER 0.5


WEATHER CONDITIONS
 THE FOLLOWING WEATHER WAS RECORDED YESTERDAY.
  FOG
  FOG W/VISIBILITY <= 1/4 MILE


RELATIVE HUMIDITY (PERCENT)
 HIGHEST   100          1200 AM
 LOWEST     64          1100 AM
 AVERAGE    82

..........................................................


THE WILMINGTON NORTH CAROLINA CLIMATE NORMALS FOR TODAY
                         NORMAL    RECORD    YEAR
 MAXIMUM TEMPERATURE (F)   62        81      1982
 MINIMUM TEMPERATURE (F)   39        18      1901


SUNRISE AND SUNSET
FEBRUARY 24 2018......SUNRISE   647 AM EST   SUNSET   604 PM EST
FEBRUARY 25 2018......SUNRISE   645 AM EST   SUNSET   604 PM EST


-  INDICATES NEGATIVE NUMBERS.
R  INDICATES RECORD WAS SET OR TIED.
MM INDICATES DATA IS MISSING.
T  INDICATES TRACE AMOUNT.




$$
