000
CDUS42 KILM 202041
CLIILM


CLIMATE REPORT
NATIONAL WEATHER SERVICE WILMINGTON NC
441 PM EDT SAT SEP 20 2014


...................................

...THE WILMINGTON NC CLIMATE SUMMARY FOR SEPTEMBER 20 2014...
VALID TODAY AS OF 0400 PM LOCAL TIME.

CLIMATE NORMAL PERIOD 1981 TO 2010
CLIMATE RECORD PERIOD 1871 TO 2014


WEATHER ITEM   OBSERVED TIME   RECORD YEAR NORMAL DEPARTURE LAST
                VALUE   (LST)  VALUE       VALUE  FROM      YEAR
                                                  NORMAL
..................................................................
TEMPERATURE (F)
 TODAY
  MAXIMUM         76    259 PM  95    1942  83     -7       75
                                      1893
  MINIMUM         65    637 AM  51    1981  64      1       61
                                      1929
                                      1889
  AVERAGE         71                        74     -3       68

PRECIPITATION (IN)
  TODAY            0.00          4.20 1892   0.25  -0.25     0.02
  MONTH TO DATE    5.23                      5.41  -0.18     0.25
  SINCE SEP 1      5.23                      5.41  -0.18     0.25
  SINCE JAN 1     47.74                     44.38   3.36    42.74

DEGREE DAYS
 HEATING
  TODAY            0                         0      0        0
  MONTH TO DATE    0                         0      0        0
  SINCE SEP 1      0                         0      0        0
  SINCE JUL 1      0                         0      0        0

 COOLING
  TODAY            6                         9     -3        3
  MONTH TO DATE  249                       223     26      233
  SINCE SEP 1    249                       223     26      233
  SINCE JAN 1   2006                      1846    160     1723
..................................................................


WIND (MPH)
  HIGHEST WIND SPEED    18   HIGHEST WIND DIRECTION     N (20)
  HIGHEST GUST SPEED    24   HIGHEST GUST DIRECTION     N (10)
  AVERAGE WIND SPEED    11.9


SKY COVER
  POSSIBLE SUNSHINE  MM
  AVERAGE SKY COVER 0.3


WEATHER CONDITIONS
 THE FOLLOWING WEATHER WAS RECORDED TODAY.
  NO SIGNIFICANT WEATHER WAS OBSERVED.


RELATIVE HUMIDITY (PERCENT)
 HIGHEST    87           100 AM
 LOWEST     73          1000 AM
 AVERAGE    80

..........................................................


THE WILMINGTON NC CLIMATE NORMALS FOR TOMORROW
                         NORMAL    RECORD    YEAR
 MAXIMUM TEMPERATURE (F)   83        95      1895
 MINIMUM TEMPERATURE (F)   64        46      1962


SUNRISE AND SUNSET
SEPTEMBER 20 2014.....SUNRISE   658 AM EDT   SUNSET   711 PM EDT
SEPTEMBER 21 2014.....SUNRISE   659 AM EDT   SUNSET   710 PM EDT


-  INDICATES NEGATIVE NUMBERS.
R  INDICATES RECORD WAS SET OR TIED.
MM INDICATES DATA IS MISSING.
T  INDICATES TRACE AMOUNT.




$$
