000
CDUS42 KILM 050840
CLIILM


CLIMATE REPORT
NATIONAL WEATHER SERVICE WILMINGTON NC
440 AM EDT THU MAY 5 2016


...................................

...THE WILMINGTON NC CLIMATE SUMMARY FOR MAY 4 2016...

CLIMATE NORMAL PERIOD 1981 TO 2010
CLIMATE RECORD PERIOD 1871 TO 2016


WEATHER ITEM   OBSERVED TIME   RECORD YEAR NORMAL DEPARTURE LAST
                VALUE   (LST)  VALUE       VALUE  FROM      YEAR
                                                  NORMAL
..................................................................
TEMPERATURE (F)
 YESTERDAY
  MAXIMUM         81    318 PM  92    1913  78      3       80
  MINIMUM         63   1159 PM  42    1986  56      7       51
                                      1971
                                      1876
  AVERAGE         72                        67      5       66

PRECIPITATION (IN)
  YESTERDAY        0.39          1.51 1910   0.12   0.27     0.00
  MONTH TO DATE    2.05                      0.46   1.59     0.18
  SINCE MAR 1      6.79                      7.49  -0.70     5.77
  SINCE JAN 1     18.86                     14.87   3.99    15.09

DEGREE DAYS
 HEATING
  YESTERDAY        0                         2     -2        0
  MONTH TO DATE    0                         8     -8       10
  SINCE MAR 1    300                       461   -161      414
  SINCE JUL 1   1787                      2390   -603     2597

 COOLING
  YESTERDAY        7                         4      3        1
  MONTH TO DATE   31                        16     15        1
  SINCE MAR 1    174                        99     75       84
  SINCE JAN 1    177                       104     73       90
..................................................................


WIND (MPH)
  HIGHEST WIND SPEED    17   HIGHEST WIND DIRECTION    SW (240)
  HIGHEST GUST SPEED    23   HIGHEST GUST DIRECTION    SW (210)
  AVERAGE WIND SPEED     7.9


SKY COVER
  POSSIBLE SUNSHINE  MM
  AVERAGE SKY COVER 0.5


WEATHER CONDITIONS
 THE FOLLOWING WEATHER WAS RECORDED YESTERDAY.
  THUNDERSTORM
  HEAVY RAIN
  LIGHT RAIN
  FOG


RELATIVE HUMIDITY (PERCENT)
 HIGHEST    93          1200 AM
 LOWEST     43           600 PM
 AVERAGE    68

..........................................................


THE WILMINGTON NC CLIMATE NORMALS FOR TODAY
                         NORMAL    RECORD    YEAR
 MAXIMUM TEMPERATURE (F)   79        92      2012
                                             1952
 MINIMUM TEMPERATURE (F)   57        44      1997
                                             1940


SUNRISE AND SUNSET
MAY  5 2016...........SUNRISE   618 AM EDT   SUNSET   759 PM EDT
MAY  6 2016...........SUNRISE   617 AM EDT   SUNSET   800 PM EDT


-  INDICATES NEGATIVE NUMBERS.
R  INDICATES RECORD WAS SET OR TIED.
MM INDICATES DATA IS MISSING.
T  INDICATES TRACE AMOUNT.




$$
