000
CDUS42 KILM 242041
CLIILM


CLIMATE REPORT
NATIONAL WEATHER SERVICE WILMINGTON NC
441 PM EDT FRI OCT 24 2014


...................................

...THE WILMINGTON NC CLIMATE SUMMARY FOR OCTOBER 24 2014...
VALID TODAY AS OF 0400 PM LOCAL TIME.

CLIMATE NORMAL PERIOD 1981 TO 2010
CLIMATE RECORD PERIOD 1871 TO 2014


WEATHER ITEM   OBSERVED TIME   RECORD YEAR NORMAL DEPARTURE LAST
                VALUE   (LST)  VALUE       VALUE  FROM      YEAR
                                                  NORMAL
..................................................................
TEMPERATURE (F)
 TODAY
  MAXIMUM         72    222 PM  87    2001  74     -2       63
  MINIMUM         47    616 AM  35    1969  52     -5       42
  AVERAGE         60                        63     -3       53

PRECIPITATION (IN)
  TODAY            0.00          1.35 1872   0.10  -0.10     0.00
  MONTH TO DATE    1.36                      3.26  -1.90     2.27
  SINCE SEP 1      7.36                     11.10  -3.74     3.25
  SINCE JAN 1     49.87                     50.07  -0.20    45.74

DEGREE DAYS
 HEATING
  TODAY            5                         4      1       12
  MONTH TO DATE   43                        57    -14       27
  SINCE SEP 1     45                        62    -17       27
  SINCE JUL 1     45                        62    -17       27

 COOLING
  TODAY            0                         2     -2        0
  MONTH TO DATE   99                        85     14       99
  SINCE SEP 1    409                       379     30      377
  SINCE JAN 1   2166                      2002    164     1867
..................................................................


WIND (MPH)
  HIGHEST WIND SPEED     8   HIGHEST WIND DIRECTION     W (270)
  HIGHEST GUST SPEED    11   HIGHEST GUST DIRECTION     W (290)
  AVERAGE WIND SPEED     3.2


SKY COVER
  POSSIBLE SUNSHINE  MM
  AVERAGE SKY COVER 0.0


WEATHER CONDITIONS
 THE FOLLOWING WEATHER WAS RECORDED TODAY.
  NO SIGNIFICANT WEATHER WAS OBSERVED.


RELATIVE HUMIDITY (PERCENT)
 HIGHEST    93           200 AM
 LOWEST     41           300 PM
 AVERAGE    67

..........................................................


THE WILMINGTON NC CLIMATE NORMALS FOR TOMORROW
                         NORMAL    RECORD    YEAR
 MAXIMUM TEMPERATURE (F)   73        87      2001
 MINIMUM TEMPERATURE (F)   51        34      2006


SUNRISE AND SUNSET
OCTOBER 24 2014.......SUNRISE   724 AM EDT   SUNSET   627 PM EDT
OCTOBER 25 2014.......SUNRISE   725 AM EDT   SUNSET   626 PM EDT


-  INDICATES NEGATIVE NUMBERS.
R  INDICATES RECORD WAS SET OR TIED.
MM INDICATES DATA IS MISSING.
T  INDICATES TRACE AMOUNT.




$$
